000
CXUS54 KMAF 261100
CF6BPG
PRELIMINARY LOCAL CLIMATOLOGICAL DATA (WS FORM: F-6)

                                          STATION:   Big Spring McMahon-Wrinkle Fi
                                          MONTH:     JANUARY
                                          YEAR:      2015
                                          LATITUDE:   32 12 N
                                          LONGITUDE: 101 31 W

  TEMPERATURE IN F:       :PCPN:    SNOW:  WIND      :SUNSHINE: SKY     :PK WND
================================================================================
1   2   3   4   5  6A  6B    7    8   9   10  11  12  13   14  15   16   17  18
                                     12Z  AVG MX 2MIN
DY MAX MIN AVG DEP HDD CDD  WTR  SNW DPTH SPD SPD DIR MIN PSBL S-S WX    SPD DR
================================================================================

 1   M   M   M   M   M   M    M    M    M   M   M   M   M    M   M         M  M
 2  33  31  32   M  33   0 0.23    M    M  5.1  9  70   M    M   9         M  M
 3  51  29  40   M  25   0 0.00  0.0    0 10.2 28 240   M    M   3        37 230
 4  41  30  36   M  29   0 0.00  0.0    0  7.0 17 360   M    M   2        24 360
 5  59  25  42   M  23   0 0.00  0.0    0 10.1 16 190   M    M   0        21 180
 6  59  33  46   M  19   0 0.00  0.0    0  5.6 10  50   M    M   0         M  M
 7  40  23  32   M  33   0 0.00  0.0    0 13.5 27  20   M    M   3        35  10
 8  41  19  30   M  35   0 0.00  0.0    0  8.4 17 190   M    M   0         M  M
 9  37  29  33   M  32   0 0.06    M    0 11.5 25  40   M    M  10        35  40
10  38  28  33   M  32   0 0.00  0.0    0  8.6 14 170   M    M   9        18 170
11  66  33  50   M  15   0 0.00  0.0    0 10.8 17 160   M    M   4        20 240
12  45  31  38   M  27   0 0.00  0.0    0 11.8 21  30   M    M   8        28  30
13  37  28  33   M  32   0 0.00  0.0    0  7.4 13  20   M    M  10         M  M
14  38  32  35   M  30   0 0.00  0.0    0  2.9  7  60   M    M  10         M  M
15  59  36  48   M  17   0 0.00  0.0    0  4.2 10 290   M    M   3         M  M
16  64  27  46   M  19   0 0.00  0.0    0  7.3 15 210   M    M   0        22 200
17  67  33  50   M  15   0 0.00  0.0    0 10.2 24 360   M    M   0        29  20
18  69  27  48   M  17   0 0.00  0.0    0  9.0 17 200   M    M   0        22 210
19  74  37  56   M   9   0 0.00  0.0    0  6.3 14 170   M    M   0         M  M
20  69  34  52   M  13   0 0.00  0.0    0  9.9 22  40   M    M   0        30  40
21  46  38  42   M  23   0 0.08    M    0 11.8 18  50   M    M   6        28  50
22  42  33  38   M  27   0 0.02    M    0 18.1 25  30   M    M  10        36  30
23  46  33  40   M  25   0 0.00  0.0    0  7.8 15 240   M    M   6        18 360
24  59  31  45   M  20   0 0.00  0.0    0  5.6 10 180   M    M   0         M  M
25  64  33  49   M  16   0 0.00  0.0    0  4.6 14  10   M    M   0        18 340
================================================================================
SM 1244  733       566   0  0.39     0.0 207.7          M       93
================================================================================
AV 51.8 30.5                               8.7 FASTST   M    M   4    MAX(MPH)
                                 MISC ---->    28   M                 37    M
================================================================================
NOTES:
# LAST OF SEVERAL OCCURRENCES

COLUMN 17 PEAK WIND IN M.P.H.

PRELIMINARY LOCAL CLIMATOLOGICAL DATA (WS FORM: F-6) , PAGE 2

                                          STATION:  Big Spring McMahon-Wrinkle Fi
                                          MONTH:    JANUARY
                                          YEAR:     2015
                                          LATITUDE:   32 12 N
                                          LONGITUDE: 101 31 W

[TEMPERATURE DATA]      [PRECIPITATION DATA]       SYMBOLS USED IN COLUMN 16

AVERAGE MONTHLY: 41.2   TOTAL FOR MONTH:   0.39    1 = FOG OR MIST
DPTR FM NORMAL:     M   DPTR FM NORMAL:       M    2 = FOG REDUCING VISIBILITY
HIGHEST:    74 ON 19    GRTST 24HR  0.23 ON  2- 2      TO 1/4 MILE OR LESS
LOWEST:     19 ON  8                               3 = THUNDER
                        SNOW, ICE PELLETS, HAIL    4 = ICE PELLETS
                        TOTAL MONTH:   0.0 INCH    5 = HAIL
                        GRTST 24HR     0.0         6 = FREEZING RAIN OR DRIZZLE
                        GRTST DEPTH:   0           7 = DUSTSTORM OR SANDSTORM:
                                                       VSBY 1/2 MILE OR LESS
                                                   8 = SMOKE OR HAZE
[NO. OF DAYS WITH]      [WEATHER - DAYS WITH]      9 = BLOWING SNOW
                                                   X = TORNADO
MAX 32 OR BELOW:   0    0.01 INCH OR MORE:   4
MAX 90 OR ABOVE:   0    0.10 INCH OR MORE:   1
MIN 32 OR BELOW:  14    0.50 INCH OR MORE:   0
MIN  0 OR BELOW:   0    1.00 INCH OR MORE:   0

[HDD (BASE 65) ]
TOTAL THIS MO.   566    CLEAR  (SCALE 0-3)  13
DPTR FM NORMAL     M    PTCLDY (SCALE 4-7)   5
TOTAL FM JUL 1  1401    CLOUDY (SCALE 8-10)  6
DPTR FM NORMAL     M

[CDD (BASE 65) ]
TOTAL THIS MO.     0
DPTR FM NORMAL     M    [PRESSURE DATA]
TOTAL FM JAN 1     0    HIGHEST SLP M ON M
DPTR FM NORMAL     M    LOWEST  SLP M ON M

[REMARKS]
