000
CXUS54 KMAF 241100
CF6BPG
PRELIMINARY LOCAL CLIMATOLOGICAL DATA (WS FORM: F-6)

                                          STATION:   Big Spring McMahon-Wrinkle Fi
                                          MONTH:     MAY
                                          YEAR:      2016
                                          LATITUDE:   32 12 N
                                          LONGITUDE: 101 31 W

  TEMPERATURE IN F:       :PCPN:    SNOW:  WIND      :SUNSHINE: SKY     :PK WND
================================================================================
1   2   3   4   5  6A  6B    7    8   9   10  11  12  13   14  15   16   17  18
                                     12Z  AVG MX 2MIN
DY MAX MIN AVG DEP HDD CDD  WTR  SNW DPTH SPD SPD DIR MIN PSBL S-S WX    SPD DR
================================================================================

 1  60  50  55   M  10   0 0.01  0.0    0 17.6 30  30   M    M   7        40  30
 2  70  43  57   M   8   0 0.00  0.0    0 10.1 18 360   M    M   4        24 360
 3  78  42  60   M   5   0 0.00  0.0    0  7.4 16  40   M    M   1        21  60
 4  81  47  64   M   1   0 0.00  0.0    0  4.7 14 340   M    M   0        16 320
 5  84  49  67   M   0   2 0.00  0.0    0  6.8 14 130   M    M   0        17 130
 6  88  60  74   M   0   9 0.01  0.0    0 17.1 27 150   M    M   0        35 120
 7  90  61  76   M   0  11 0.00  0.0    0 21.9 28 130   M    M   0        36 150
 8  90  63  77   M   0  12 0.00  0.0    0 18.9 27 140   M    M   1        35 220
 9  84  57  71   M   0   6 0.00  0.0    0 16.5 31 240   M    M   1 3      40 220
10  93  55  74   M   0   9 0.00  0.0    0 10.9 17 200   M    M   0        28 190
11  91  63  77   M   0  12 0.00  0.0    0 14.2 21 140   M    M   1        24  70
12  75  60  68   M   0   3 0.01  0.0    0 13.6 24  40   M    M   6        32  40
13  90  55  73   M   0   8 0.00  0.0    0 10.4 28  80   M    M   6 3      55  80
14  70  55  63   M   2   0 0.01  0.0    0 14.4 32  50   M    M   7 3      38  50
15  70  53  62   M   3   0 0.00  0.0    0 10.7 17 110   M    M   8 3      22 110
16  90  57  74   M   0   9 0.01  0.0    0 10.9 23 150   M    M   2        29 150
17  72  52  62   M   3   0 0.01  0.0    0 17.4 27  30   M    M   7        33 160
18  55  50  53   M  12   0 0.00  0.0    0 11.2 17  50   M    M  10        21  10
19  63  50  57   M   8   0 0.00  0.0    0  4.5 10  60   M    M   8         M  M
20  88  53  71   M   0   6 0.09  0.0    0  9.0 14 120   M    M   4        17 190
21  88  65  77   M   0  12 0.02  0.0    0 13.7 20 150   M    M   4        24 160
22  90  64  77   M   0  12 0.02  0.0    0 16.5 27  40   M    M   6 3      32  40
23  87  70  79   M   0  14 0.01  0.0    0 14.5 27 140   M    M   4 3      32 170
================================================================================
SM 1847 1274        52 125  0.20     0.0 292.9          M       87
================================================================================
AV 80.3 55.4                              12.7 FASTST   M    M   4    MAX(MPH)
                                 MISC ---->    32   M                 55    M
================================================================================
NOTES:
# LAST OF SEVERAL OCCURRENCES

COLUMN 17 PEAK WIND IN M.P.H.

PRELIMINARY LOCAL CLIMATOLOGICAL DATA (WS FORM: F-6) , PAGE 2

                                          STATION:  Big Spring McMahon-Wrinkle Fi
                                          MONTH:    MAY
                                          YEAR:     2016
                                          LATITUDE:   32 12 N
                                          LONGITUDE: 101 31 W

[TEMPERATURE DATA]      [PRECIPITATION DATA]       SYMBOLS USED IN COLUMN 16

AVERAGE MONTHLY: 67.8   TOTAL FOR MONTH:   0.20    1 = FOG OR MIST
DPTR FM NORMAL:     M   DPTR FM NORMAL:       M    2 = FOG REDUCING VISIBILITY
HIGHEST:    93 ON 10    GRTST 24HR  0.09 ON 20-20      TO 1/4 MILE OR LESS
LOWEST:     42 ON  3                               3 = THUNDER
                        SNOW, ICE PELLETS, HAIL    4 = ICE PELLETS
                        TOTAL MONTH:   0.0 INCH    5 = HAIL
                        GRTST 24HR     0.0         6 = FREEZING RAIN OR DRIZZLE
                        GRTST DEPTH:   0           7 = DUSTSTORM OR SANDSTORM:
                                                       VSBY 1/2 MILE OR LESS
                                                   8 = SMOKE OR HAZE
[NO. OF DAYS WITH]      [WEATHER - DAYS WITH]      9 = BLOWING SNOW
                                                   X = TORNADO
MAX 32 OR BELOW:   0    0.01 INCH OR MORE:  10
MAX 90 OR ABOVE:   7    0.10 INCH OR MORE:   0
MIN 32 OR BELOW:   0    0.50 INCH OR MORE:   0
MIN  0 OR BELOW:   0    1.00 INCH OR MORE:   0

[HDD (BASE 65) ]
TOTAL THIS MO.    52    CLEAR  (SCALE 0-3)  10
DPTR FM NORMAL     M    PTCLDY (SCALE 4-7)  11
TOTAL FM JUL 1  2494    CLOUDY (SCALE 8-10)  2
DPTR FM NORMAL     M

[CDD (BASE 65) ]
TOTAL THIS MO.   125
DPTR FM NORMAL     M    [PRESSURE DATA]
TOTAL FM JAN 1   195    HIGHEST SLP M ON M
DPTR FM NORMAL     M    LOWEST  SLP M ON M

[REMARKS]
