000
CXUS54 KMAF 231100
CF6BPG
PRELIMINARY LOCAL CLIMATOLOGICAL DATA (WS FORM: F-6)

                                          STATION:   Big Spring McMahon-Wrinkle Fi
                                          MONTH:     OCTOBER
                                          YEAR:      2014
                                          LATITUDE:   32 12 N
                                          LONGITUDE: 101 31 W

  TEMPERATURE IN F:       :PCPN:    SNOW:  WIND      :SUNSHINE: SKY     :PK WND
================================================================================
1   2   3   4   5  6A  6B    7    8   9   10  11  12  13   14  15   16   17  18
                                     12Z  AVG MX 2MIN
DY MAX MIN AVG DEP HDD CDD  WTR  SNW DPTH SPD SPD DIR MIN PSBL S-S WX    SPD DR
================================================================================

 1  94  66  80   M   0  15 0.00  0.0    0  9.2 16 160   M    M   0        17 220
 2  82  61  72   M   0   7 0.00  0.0    0 10.2 17 310   M    M   0        21 330
 3  82  51  67   M   0   2 0.00  0.0    0  5.2 20  30   M    M   0        24  30
 4  84  52  68   M   0   3 0.00  0.0    0  9.6 18 170   M    M   0        24 160
 5  88  59  74   M   0   9 0.00  0.0    0  7.5 13 230   M    M   0         M  M
 6  90  54  72   M   0   7 0.00  0.0    0  2.5  7 140   M    M   0         M  M
 7  94  61  78   M   0  13 0.00  0.0    0  9.3 13 190   M    M   0        18 180
 8  94  69  82   M   0  17 0.00  0.0    0 13.6 20 160   M    M   0        25 170
 9  92  67  80   M   0  15 0.00  0.0    0 15.1 23 170   M    M   0        27 160
10  84  61  73   M   0   8 0.00  0.0    0 11.9 25 360   M    M   7 3      29 360
11  66  54  60   M   5   0 0.00  0.0    0  8.7 16  10   M    M   6        21  10
12  87  51  69   M   0   4 0.14  0.0    0 12.9 22 170   M    M   1 3      30 200
13  72  49  61   M   4   0 0.01    M    0 15.6 29 310   M    M   1        37 310
14  77  41  59   M   6   0 0.00  0.0    0  3.4  8 120   M    M   0         M  M
15  84  46  65   M   0   0 0.00  0.0    0  5.3 10 150   M    M   0         M  M
16  94  54  74   M   0   9 0.00  0.0    0  7.7 13 220   M    M   0        17 220
17  84  54  69   M   0   4 0.00  0.0    0  9.6 18  40   M    M   0        21  50
18  79  59  69   M   0   4 0.00  0.0    0 14.8 23  40   M    M   1        28  40
19  80  59  70   M   0   5 0.07  0.0    0  5.0 12 110   M    M   3 3      17  70
20  80  58  69   M   0   4 0.00  0.0    0  5.6 12  80   M    M   1        17  80
21  79  59  69   M   0   4 0.00  0.0    0  5.4  9 130   M    M   3         M  M
22  72  59  66   M   0   1 0.23  0.0    0  7.5 14 160   M    M   8        20 160
================================================================================
SM 1838 1244        15 131  0.45     0.0 195.6          M       31
================================================================================
AV 83.5 56.5                               8.9 FASTST   M    M   1    MAX(MPH)
                                 MISC ---->    29   M                 37    M
================================================================================
NOTES:
# LAST OF SEVERAL OCCURRENCES

COLUMN 17 PEAK WIND IN M.P.H.

PRELIMINARY LOCAL CLIMATOLOGICAL DATA (WS FORM: F-6) , PAGE 2

                                          STATION:  Big Spring McMahon-Wrinkle Fi
                                          MONTH:    OCTOBER
                                          YEAR:     2014
                                          LATITUDE:   32 12 N
                                          LONGITUDE: 101 31 W

[TEMPERATURE DATA]      [PRECIPITATION DATA]       SYMBOLS USED IN COLUMN 16

AVERAGE MONTHLY: 70.0   TOTAL FOR MONTH:   0.45    1 = FOG OR MIST
DPTR FM NORMAL:     M   DPTR FM NORMAL:       M    2 = FOG REDUCING VISIBILITY
HIGHEST:    94 ON 16, 8 GRTST 24HR  0.23 ON 22-22      TO 1/4 MILE OR LESS
LOWEST:     41 ON 14                               3 = THUNDER
                        SNOW, ICE PELLETS, HAIL    4 = ICE PELLETS
                        TOTAL MONTH:   0.0 INCH    5 = HAIL
                        GRTST 24HR     0.0         6 = FREEZING RAIN OR DRIZZLE
                        GRTST DEPTH:   0           7 = DUSTSTORM OR SANDSTORM:
                                                       VSBY 1/2 MILE OR LESS
                                                   8 = SMOKE OR HAZE
[NO. OF DAYS WITH]      [WEATHER - DAYS WITH]      9 = BLOWING SNOW
                                                   X = TORNADO
MAX 32 OR BELOW:   0    0.01 INCH OR MORE:   4
MAX 90 OR ABOVE:   6    0.10 INCH OR MORE:   2
MIN 32 OR BELOW:   0    0.50 INCH OR MORE:   0
MIN  0 OR BELOW:   0    1.00 INCH OR MORE:   0

[HDD (BASE 65) ]
TOTAL THIS MO.    15    CLEAR  (SCALE 0-3)  18
DPTR FM NORMAL     M    PTCLDY (SCALE 4-7)   3
TOTAL FM JUL 1    22    CLOUDY (SCALE 8-10)  1
DPTR FM NORMAL     M

[CDD (BASE 65) ]
TOTAL THIS MO.   131
DPTR FM NORMAL     M    [PRESSURE DATA]
TOTAL FM JAN 1  2795    HIGHEST SLP M ON M
DPTR FM NORMAL     M    LOWEST  SLP M ON M

[REMARKS]
