000
CXUS55 KRIW 270945
CF6BPI
PRELIMINARY LOCAL CLIMATOLOGICAL DATA (WS FORM: F-6)

                                          STATION:   BIG PINEY  WY
                                          MONTH:     APRIL
                                          YEAR:      2017
                                          LATITUDE:   42 34 N
                                          LONGITUDE: 110  6 W

  TEMPERATURE IN F:       :PCPN:    SNOW:  WIND      :SUNSHINE: SKY     :PK WND
================================================================================
1   2   3   4   5  6A  6B    7    8   9   10  11  12  13   14  15   16   17  18
                                     12Z  AVG MX 2MIN
DY MAX MIN AVG DEP HDD CDD  WTR  SNW DPTH SPD SPD DIR MIN PSBL S-S WX    SPD DR
================================================================================

 1  53  23  38   5  27   0 0.00    M    M  7.6 17 340   M    M   1        21 340
 2  46  24  35   1  30   0 0.08    M    M  8.4 35 330   M    M   5 18     43 330
 3  41  20  31  -3  34   0 0.00    M    M  9.2 18 330   M    M   2        24 360
 4  40  16  28  -6  37   0 0.00  0.0    M  7.9 20  10   M    M   4        25  10
 5  50  13  32  -2  33   0 0.00  0.0    M  7.3 20 360   M    M   1        25 360
 6  59  20  40   5  25   0 0.00  0.0    M  5.9 17 200   M    M   2        21 210
 7  55  31  43   8  22   0    T    M    M 10.2 31 250   M    M   5        43 230
 8  49  29  39   4  26   0 0.21    M    M 11.1 28 210   M    M  10 12     35 210
 9  37  21  29  -7  36   0    T    M    M 14.1 30 330   M    M   4 1      44 290
10  47  12  30  -6  35   0 0.00  0.0    M  6.9 24 270   M    M   3        31 280
11  52  20  36   0  29   0 0.00  0.0    M  6.8 21 250   M    M   4        27 240
12  61  22  42   6  23   0 0.00  0.0    M  5.4 18 230   M    M   1        23 230
13  70  22  46  10  19   0 0.00  0.0    M 13.6 35 220   M    M   2        43 210
14  49  27  38   1  27   0 0.00    M    M 11.9 28 270   M    M   6        36 290
15  47  17  32  -5  33   0 0.00    M    M  6.0 13 260   M    M   1        26 280
16  60  15  38   1  27   0 0.00    M    M  5.4 23 290   M    M   1        29 280
17  57  27  42   4  23   0 0.00    M    M  8.9 33 260   M    M   8        42 270
18  55  31  43   5  22   0 0.54    M    M  6.8 17  10   M    M   9 1      22 360
19  51  26  39   1  26   0 0.00    M    M 11.2 22 340   M    M   4        27 330
20  52  22  37  -1  28   0 0.01    M    M  7.8 24 270   M    M   4 1      30 280
21  48  28  38   0  27   0 0.00  0.0    M 17.8 30 320   M    M   2        37 330
22  54  20  37  -2  28   0 0.00  0.0    M  6.8 17 210   M    M   1        22 200
23  61  22  42   3  23   0 0.00  0.0    M  7.7 29 280   M    M   3        35 280
24  41  25  33  -6  32   0 0.28    M    M  5.9 16 230   M    M   6 1      21 230
25  48  25  37  -3  28   0    T    M    M  9.8 26 330   M    M   6        32  20
26  49  29  39  -1  26   0 0.04    M    M  7.4 20 260   M    M   8 1      27 290
================================================================================
SM 1332  587       726   0  1.16     0.0 227.8          M      103
================================================================================
AV 51.2 22.6                               8.8 FASTST   M    M   4    MAX(MPH)
                                 MISC ---->  # 35 330               # 44  290
================================================================================
NOTES:
# LAST OF SEVERAL OCCURRENCES

COLUMN 17 PEAK WIND IN M.P.H.

PRELIMINARY LOCAL CLIMATOLOGICAL DATA (WS FORM: F-6) , PAGE 2

                                          STATION:  BIG PINEY  WY
                                          MONTH:    APRIL
                                          YEAR:     2017
                                          LATITUDE:   42 34 N
                                          LONGITUDE: 110  6 W

[TEMPERATURE DATA]      [PRECIPITATION DATA]       SYMBOLS USED IN COLUMN 16

AVERAGE MONTHLY: 36.9   TOTAL FOR MONTH:   1.16    1 = FOG OR MIST
DPTR FM NORMAL:   0.3   DPTR FM NORMAL:    0.73    2 = FOG REDUCING VISIBILITY
HIGHEST:    70 ON 13    GRTST 24HR  0.54 ON 18-18      TO 1/4 MILE OR LESS
LOWEST:     12 ON 10                               3 = THUNDER
                        SNOW, ICE PELLETS, HAIL    4 = ICE PELLETS
                        TOTAL MONTH:   0.0 INCH    5 = HAIL
                        GRTST 24HR     0.0         6 = FREEZING RAIN OR DRIZZLE
                        GRTST DEPTH:  M  ON   M    7 = DUSTSTORM OR SANDSTORM:
                                                       VSBY 1/2 MILE OR LESS
                                                   8 = SMOKE OR HAZE
[NO. OF DAYS WITH]      [WEATHER - DAYS WITH]      9 = BLOWING SNOW
                                                   X = TORNADO
MAX 32 OR BELOW:   0    0.01 INCH OR MORE:   6
MAX 90 OR ABOVE:   0    0.10 INCH OR MORE:   3
MIN 32 OR BELOW:  26    0.50 INCH OR MORE:   1
MIN  0 OR BELOW:   0    1.00 INCH OR MORE:   0

[HDD (BASE 65) ]
TOTAL THIS MO.   726    CLEAR  (SCALE 0-3)  12
DPTR FM NORMAL   -12    PTCLDY (SCALE 4-7)  12
TOTAL FM JUL 1  9267    CLOUDY (SCALE 8-10)  2
DPTR FM NORMAL  -166

[CDD (BASE 65) ]
TOTAL THIS MO.     0
DPTR FM NORMAL     0    [PRESSURE DATA]
TOTAL FM JAN 1     0    HIGHEST SLP M ON M
DPTR FM NORMAL     0    LOWEST  SLP 29.48 ON 13

[REMARKS]
