000
CXUS54 KLCH 020311
CF6BPT
PRELIMINARY LOCAL CLIMATOLOGICAL DATA (WS FORM: F-6)

                                          STATION:   BEAUMONT PORT ARTHUR
                                          MONTH:     MAY
                                          YEAR:      2015
                                          LATITUDE:   29 57 N
                                          LONGITUDE:  94  1 W

  TEMPERATURE IN F:       :PCPN:    SNOW:  WIND      :SUNSHINE: SKY     :PK WND
================================================================================
1   2   3   4   5  6A  6B    7    8   9   10  11  12  13   14  15   16   17  18
                                     12Z  AVG MX 2MIN
DY MAX MIN AVG DEP HDD CDD  WTR  SNW DPTH SPD SPD DIR MIN PSBL S-S WX    SPD DR
================================================================================

 1  85  59  72   0   0   7 0.00  0.0    0  5.2 12 290   M    M   5        16 300
 2  85  59  72  -1   0   7 0.00  0.0    0  6.8  M   M   M    M   2         M  M
 3  84  59  72  -1   0   7    T  0.0    0  9.3 33 210   M    M   1 12     35 210
 4  84  61  73   0   0   8    T  0.0    0  8.2 17 130   M    M   1        24 120
 5  84  73  79   6   0  14    T  0.0    0 16.8 26 130   M    M   6        33 140
 6  84  73  79   5   0  14 0.00  0.0    0 13.5 20 130   M    M   7        27 120
 7  86  74  80   6   0  15 0.06  0.0    0 14.5 22 140   M    M   8 1      30 140
 8  85  76  81   7   0  16 0.00  0.0    0 12.7 23 140   M    M   9        29 140
 9  87  77  82   8   0  17 0.00  0.0    0 14.9 23 140   M    M   9 18     30 140
10  85  77  81   6   0  16 0.00  0.0    0 17.9 28 140   M    M  10        35 160
11  85  68  77   2   0  12 0.45  0.0    0 10.1 23 360   M    M   7 138    28 360
12  83  69  76   1   0  11 0.13  0.0    0  9.4 18  50   M    M   5 13     23  50
13  81  70  76   1   0  11 0.06  0.0    0  8.6 15 110   M    M   6 13     19 110
14  88  70  79   3   0  14 0.00  0.0    0  7.3 15 130   M    M   3 12     20 150
15  88  76  82   6   0  17    T  0.0    0 10.2 18 180   M    M   3        23 180
16  88  77  83   7   0  18    T  0.0    0 14.2 23 170   M    M   7 1      29 160
17  86  73  80   4   0  15 0.04  0.0    0 12.5 24 150   M    M   9 138    30 150
18  85  72  79   3   0  14    T  0.0    0  9.8 26  50   M    M   7 3      35  50
19  88  72  80   3   0  15 0.01  0.0    0  8.2 16 160   M    M   6 1      25 350
20  90  72  81   4   0  16 0.00  0.0    0  6.5 14 170   M    M   2 1      17 160
21  88  70  79   2   0  14 1.61  0.0    0  6.4 32 330   M    M   5 123    39 330
22  81  63  72  -5   0   7    T  0.0    0  8.7 17  40   M    M   8 1      23  40
23  89  72  81   3   0  16 0.00  0.0    0 11.8 20 160   M    M   5 1      26 150
24  80  70  75  -3   0  10 1.12  0.0    0  8.0 20 170   M    M   M 13     28 170
25  88  66  77  -1   0  12 2.32  0.0    0 12.5 24 350   M    M   5 13     33 140
26  86  66  76  -2   0  11 0.27  0.0    0 11.0 17 140   M    M   7 13     24 150
27  88  66  77  -1   0  12 1.38  0.0    0  6.4 28 320   M    M   5 13     39 310
28  90  71  81   2   0  16 0.00  0.0    0  6.2 10 160   M    M   1 1      17 130
29  88  73  81   2   0  16 0.00  0.0    0  9.9 22 150   M    M   3 13     28 150
30  88  71  80   1   0  15 0.32  0.0    0  5.1 26 120   M    M   3 138    30 120
31  87  69  78  -1   0  13    T  0.0    0  4.9 13 360   M    M   3 3      22  10
================================================================================
SM 2664 2164         0 406  7.77     0.0 307.5          M      158
================================================================================
AV 85.9 69.8                               9.9 FASTST   M    M   5    MAX(MPH)
                                 MISC ---->  # 33 210               # 39  330
================================================================================
NOTES:
# LAST OF SEVERAL OCCURRENCES

COLUMN 17 PEAK WIND IN M.P.H.

PRELIMINARY LOCAL CLIMATOLOGICAL DATA (WS FORM: F-6) , PAGE 2

                                          STATION:  BEAUMONT PORT ARTHUR
                                          MONTH:    MAY
                                          YEAR:     2015
                                          LATITUDE:   29 57 N
                                          LONGITUDE:  94  1 W

[TEMPERATURE DATA]      [PRECIPITATION DATA]       SYMBOLS USED IN COLUMN 16

AVERAGE MONTHLY: 77.9   TOTAL FOR MONTH:   7.77    1 = FOG OR MIST
DPTR FM NORMAL:   2.0   DPTR FM NORMAL:    2.54    2 = FOG REDUCING VISIBILITY
HIGHEST:    90 ON 28,20 GRTST 24HR  2.59 ON 25-26      TO 1/4 MILE OR LESS
LOWEST:     59 ON  3, 2                            3 = THUNDER
                        SNOW, ICE PELLETS, HAIL    4 = ICE PELLETS
                        TOTAL MONTH:   0.0 INCH    5 = HAIL
                        GRTST 24HR     0.0         6 = FREEZING RAIN OR DRIZZLE
                        GRTST DEPTH:   0           7 = DUSTSTORM OR SANDSTORM:
                                                       VSBY 1/2 MILE OR LESS
                                                   8 = SMOKE OR HAZE
[NO. OF DAYS WITH]      [WEATHER - DAYS WITH]      9 = BLOWING SNOW
                                                   X = TORNADO
MAX 32 OR BELOW:   0    0.01 INCH OR MORE:  12
MAX 90 OR ABOVE:   2    0.10 INCH OR MORE:   8
MIN 32 OR BELOW:   0    0.50 INCH OR MORE:   4
MIN  0 OR BELOW:   0    1.00 INCH OR MORE:   4

[HDD (BASE 65) ]
TOTAL THIS MO.     0    CLEAR  (SCALE 0-3)   9
DPTR FM NORMAL    -1    PTCLDY (SCALE 4-7)  15
TOTAL FM JUL 1  1362    CLOUDY (SCALE 8-10)  6
DPTR FM NORMAL   -39

[CDD (BASE 65) ]
TOTAL THIS MO.   406
DPTR FM NORMAL    67    [PRESSURE DATA]
TOTAL FM JAN 1   725    HIGHEST SLP 30.17 ON 27
DPTR FM NORMAL   159    LOWEST  SLP 29.84 ON 25

[REMARKS]
#FINAL-05-15#
