000
CXUS55 KDVN 191000
CF6BRL
PRELIMINARY LOCAL CLIMATOLOGICAL DATA (WS FORM: F-6)
STATION: BURLINGTON IA
MONTH: APRIL
YEAR: 2024
LATITUDE: 40 46 N
LONGITUDE: 91 7 W
TEMPERATURE IN F: :PCPN: SNOW: WIND :SUNSHINE: SKY :PK WND
================================================================================
1 2 3 4 5 6A 6B 7 8 9 10 11 12 13 14 15 16 17 18
12Z AVG MX 2MIN
DY MAX MIN AVG DEP HDD CDD WTR SNW DPTH SPD SPD DIR MIN PSBL S-S WX SPD DR
================================================================================
1 55 44 50 3 15 0 0.42 M M 10.7 18 60 M M 10 13 27 70
2 48 35 42 -6 23 0 0.50 M M 13.6 23 340 M M 10 12 38 350
3 39 33 36 -12 29 0 0.09 M M 14.7 25 330 M M 10 1 35 330
4 44 34 39 -9 26 0 0.00 M M 10.5 20 340 M M 9 29 330
5 51 30 41 -8 24 0 0.00 M M 6.8 14 50 M M 4 20 40
6 57 33 45 -4 20 0 0.00 M M 11.1 21 120 M M 0 30 150
7 69 43 56 7 9 0 0.28 M M 14.8 24 140 M M 5 13 35 130
8 72 46 59 9 6 0 0.00 M M 9.8 22 210 M M 1 29 220
9 63 42 53 3 12 0 0.00 M M 6.5 15 320 M M 0 24 260
10 69 40 55 5 10 0 0.00 M M 3.1 14 30 M M 0 18 10
11 66 48 57 6 8 0 0.04 M M 12.2 24 320 M M 4 40 310
12 65 45 55 4 10 0 T M M 12.6 26 290 M M 1 41 320
13 79 39 59 7 6 0 0.00 M M 9.6 22 190 M M 0 33 180
14 85 61 73 21 0 8 0.00 M M 9.0 20 240 M M 0 8 26 240
15 79 51 65 13 0 0 0.00 M M 10.1 16 100 M M 0 24 110
16 74 60 67 14 0 2 1.80 M M 17.0 41 220 M M 4 123 58 230
17 68 47 58 5 7 0 0.00 M M 11.5 26 230 M M 5 39 250
18 55 44 50 -3 15 0 0.78 M M 9.7 23 340 M M 7 13 32 350
================================================================================
SM 1138 775 220 10 3.91 M 193.3 M 70
================================================================================
AV 63.2 43.1 10.7 FASTST M M 4 MAX(MPH)
MISC ----> 41 220 58 230
================================================================================
NOTES:
# LAST OF SEVERAL OCCURRENCES
COLUMN 17 PEAK WIND IN M.P.H.
PRELIMINARY LOCAL CLIMATOLOGICAL DATA (WS FORM: F-6) , PAGE 2
STATION: BURLINGTON IA
MONTH: APRIL
YEAR: 2024
LATITUDE: 40 46 N
LONGITUDE: 91 7 W
[TEMPERATURE DATA] [PRECIPITATION DATA] SYMBOLS USED IN COLUMN 16
AVERAGE MONTHLY: 53.1 TOTAL FOR MONTH: 3.91 1 = FOG OR MIST
DPTR FM NORMAL: 2.9 DPTR FM NORMAL: 1.82 2 = FOG REDUCING VISIBILITY
HIGHEST: 85 ON 14 GRTST 24HR 1.80 ON 16-16 TO 1/4 MILE OR LESS
LOWEST: 30 ON 5 3 = THUNDER
SNOW, ICE PELLETS, HAIL 4 = ICE PELLETS
TOTAL MONTH: M 5 = HAIL
GRTST 24HR M ON M 6 = FREEZING RAIN OR DRIZZLE
GRTST DEPTH: M ON M 7 = DUSTSTORM OR SANDSTORM:
VSBY 1/2 MILE OR LESS
8 = SMOKE OR HAZE
[NO. OF DAYS WITH] [WEATHER - DAYS WITH] 9 = BLOWING SNOW
X = TORNADO
MAX 32 OR BELOW: 0 0.01 INCH OR MORE: 7
MAX 90 OR ABOVE: 0 0.10 INCH OR MORE: 5
MIN 32 OR BELOW: 1 0.50 INCH OR MORE: 3
MIN 0 OR BELOW: 0 1.00 INCH OR MORE: 1
[HDD (BASE 65) ]
TOTAL THIS MO. 220 CLEAR (SCALE 0-3) 8
DPTR FM NORMAL -51 PTCLDY (SCALE 4-7) 6
TOTAL FM JUL 1 4663 CLOUDY (SCALE 8-10) 4
DPTR FM NORMAL -881
[CDD (BASE 65) ]
TOTAL THIS MO. 10
DPTR FM NORMAL 10 [PRESSURE DATA]
TOTAL FM JAN 1 10 HIGHEST SLP M ON M
DPTR FM NORMAL 8 LOWEST SLP 29.43 ON 2
[REMARKS]