000
CXAK56 PABR 310903
CF6BRW

PRELIMINARY LOCAL CLIMATOLOGICAL DATA (WS FORM: F-6)

                                          STATION:   BARROW
                                          MONTH:     07
                                          YEAR:      2015
                                          LATITUDE:   71 17 N
                                          LONGITUDE: 156 46 W

  TEMPERATURE IN F:       :PCPN:    SNOW:  WIND      :SUNSHINE: SKY     :PK WND
================================================================================
1   2   3   4   5  6A  6B    7     8   9   10  11  12  13   14  15   16  17  18
                                      12Z  AVG MX 2MIN
DY MAX MIN AVG DEP HDD CDD  WTR   SNW DPTH SPD SPD DIR MIN PSBL S-S WX   SPD DR
================================================================================

 1  53  40  47   7  18   0  0.01  0.0   0  8.7 16  220   M    M   M 1     21 210
 2  51  38  45   5  20   0  0.05  0.0   0  8.8 18  260   M    M   M 1     22 260
 3  42  34  38  -2  27   0  0.00  0.0   9  8.8 18  270   M    M   M 12    22 250
 4  62  39  51  10  14   0  0.00  0.0   0  6.9 12  150   M    M   M       14 160
 5  64  48  56  15   9   0  0.00  0.0   0 11.3 18  110   M    M   M       23 100
 6  62  47  55  14  10   0  0.00  0.0   0 12.7 16   80   M    M   M       20  90
 7  48  34  41   0  24   0  0.00  0.0   0 23.0 31   80   M    M   M 18    36  80
 8  41  33  37  -4  28   0  0.00  0.0   0 18.9 25   80   M    M   M 1     31  80
 9  45  33  39  -2  26   0  0.00  0.0   0 14.1 22   70   M    M   M 2     25  70
10  44  33  39  -2  26   0  0.00  0.0   0 12.4 17   60   M    M   M 2     20  10
11  40  33  37  -4  28   0  0.00  0.0   0 13.7 18   80   M    M   M 12    21  70
12  41  34  38  -3  27   0     T  0.0   0 14.5 18   70   M    M   M 2     22  70
13  44  34  39  -2  26   0     T  0.0   0 14.2 18   40   M    M   M 2     22  40
14  42  37  40  -1  25   0  0.00  0.0   0  9.2 16   20   M    M   M 1     19  20
15  41  35  38  -3  27   0     T  0.0   0  9.7 15   40   M    M   M 2     17  30
16  40  36  38  -3  27   0     T  0.0   0 19.0 25   80   M    M   M 2     31  80
17  39  35  37  -4  28   0     T  0.0   0 17.0 23   80   M    M   M 2     27  80
18  44  35  40  -1  25   0     T  0.0   0 10.5 15   70   M    M   M 2     18  60
19  42  36  39  -2  26   0  0.03  0.0   0  8.1 13  290   M    M   M 2     15 280
20  47  38  43   2  22   0  0.00  0.0   0  6.8 10  240   M    M   M 2     13 270
21  50  39  45   4  20   0  0.00  0.0   0  9.4 21   80   M    M   M 12    23 100
22  48  33  41   0  24   0     T  0.0   0 20.3 29   90   M    M   M 1     35 100
23  41  33  37  -4  28   0     T  0.0   0 14.3 21   60   M    M   M 1     23  60
24  39  32  36  -5  29   0  0.00  0.0   0 10.5 14   40   M    M   M 2     17  30
25  40  34  37  -4  28   0     T  0.0   0  9.6 14   50   M    M   M 2     16  60
26  39  34  37  -4  28   0  0.00  0.0   0 10.7 15   40   M    M   M 2     19  10
27  37  34  36  -5  29   0     T  0.0   0 10.5 14   10   M    M   M 2     16  40
28  37  31  34  -7  31   0  0.01    T   0  8.6 12  350   M    M   M 2     14 340
29  41  32  37  -4  28   0     T  0.0   0  8.3 12   20   M    M   M 2     15  40
30  53  31  42   1  23   0  0.00  0.0   0  7.1 12  150   M    M   M 1     15 140
================================================================================
SM 1357 1065       731   0  0.10     T    357.6           M        M
================================================================================
AV 45.2 35.5                             11.9 FASTST  PSBL  %   M    MAX(MPH)
                                 MISC ---->     31   80                 36  80
================================================================================
NOTES:
# LAST OF SEVERAL OCCURRENCES

COLUMN 17 PEAK WIND IN M.P.H.

PRELIMINARY LOCAL CLIMATOLOGICAL DATA (WS FORM: F-6) , PAGE 2

                                          STATION:   BARROW
                                          MONTH:     07
                                          YEAR:      2015
                                          LATITUDE:  71 17 N
                                          LONGITUDE: 156 46 W

[TEMPERATURE DATA]      [PRECIPITATION DATA]       SYMBOLS USED IN COLUMN 16

AVERAGE MONTHLY:40.4   TOTAL FOR MONTH: 0.10       1 = FOG
DPTR FM NORMAL: -0.5   DPTR FM NORMAL: -0.84       2 = FOG REDUCING VISIBILITY
HIGHEST:    64 ON  5    GRTST 24HR   0.05 ON  2        TO 1/4 MILE OR LESS
LOWEST:     31 ON 30                               3 = THUNDER
                        SNOW, ICE PELLETS, HAIL    4 = ICE PELLETS
                        TOTAL MONTH:     T         5 = HAIL
                        GRTST 24HR     T ON 28     6 = GLAZE OR RIME
                        GRTST DEPTH:    9 ON  3    7 = BLOWING DUST OR SAND:
                                                       VSBY 1/2 MILE OR LESS
                                                   8 = SMOKE OR HAZE
[NO. OF DAYS WITH]      [WEATHER - DAYS WITH]      9 = BLOWING SNOW
                                                   X = TORNADO
MAX 32 OR BELOW:   0    0.01 INCH OR MORE:   4
MAX 70 OR ABOVE:   0    0.10 INCH OR MORE:   0
MIN 32 OR BELOW:   4    0.50 INCH OR MORE:   0
MIN  0 OR BELOW:   0    1.00 INCH OR MORE:   0

[HDD (BASE 65) ]
TOTAL THIS MO.   731    CLEAR  (SCALE 0-3)   M
DPTR FM NORMAL     8    PTCLDY (SCALE 4-7)   M
SEASONAL TOTAL   731    CLOUDY (SCALE 8-10)  M
DPTR FM NORMAL     8

[CDD (BASE 65) ]
TOTAL THIS MO.     0
DPTR FM NORMAL     0    [PRESSURE DATA]
SEASONAL TOTAL     0    HIGHEST SLP     M
DPTR FM NORMAL     0    LOWEST  SLP     M

[REMARKS]
