000
CXUS53 KGRR 281017
CF6BTL
PRELIMINARY LOCAL CLIMATOLOGICAL DATA (WS FORM: F-6)

                                          STATION:   BATTLE CREEK MI
                                          MONTH:     APRIL
                                          YEAR:      2016
                                          LATITUDE:   42 17 N
                                          LONGITUDE:  85 14 W

  TEMPERATURE IN F:       :PCPN:    SNOW:  WIND      :SUNSHINE: SKY     :PK WND
================================================================================
1   2   3   4   5  6A  6B    7    8   9   10  11  12  13   14  15   16   17  18
                                     12Z  AVG MX 2MIN
DY MAX MIN AVG DEP HDD CDD  WTR  SNW DPTH SPD SPD DIR MIN PSBL S-S WX    SPD DR
================================================================================

 1  50  36  43   1  22   0 0.03    M    M 11.7 23 270   M    M   8 1      29 280
 2  38  27  33 -10  32   0 0.15    M    M 13.9 28 330   M    M   7 128    40 360
 3  58  22  40  -3  25   0    T    M    M 13.7 30 220   M    M   7        38 210
 4  58  25  42  -2  23   0 0.02    M    M 11.1 22  20   M    M  10 1      26  20
 5  42  19  31 -13  34   0    T    M    M  7.8 22 130   M    M   3        27 140
 6  48  35  42  -2  23   0 0.65    M    M 12.4 20 220   M    M  10 1      26 220
 7  41  30  36  -9  29   0 0.02    M    M 13.2 24 320   M    M  10 18     29 310
 8  37  26  32 -13  33   0 0.13    M    M  6.8 22 350   M    M   8 1      29 350
 9  35  21  28 -18  37   0    T    M    M  9.3 22 360   M    M   6 18     31  10
10  48  29  39  -7  26   0 0.39    M    M 12.7 23 160   M    M  10 1      29 150
11  52  31  42  -4  23   0 0.03    M    M 12.5 24 280   M    M   4 18     31 290
12  48  28  38  -9  27   0 0.00    M    M  7.1 16 290   M    M   1        21 320
13  53  32  43  -4  22   0 0.00    M    M  5.7 14 130   M    M   6        18 150
14  62  33  48   0  17   0 0.00    M    M  7.6 15 100   M    M   0        19 100
15  71  37  54   6  11   0 0.00    M    M  6.6 14 130   M    M   0        19 110
16  77  46  62  14   3   0 0.00    M    M  6.1 14 130   M    M   0        18 120
17  79  42  61  12   4   0 0.00    M    M  2.6  9 240   M    M   0        12 280
18  82  51  67  18   0   2 0.00    M    M  4.3 14 330   M    M   0        18 210
19  63  50  57   7   8   0 0.00    M    M 10.0 16  80   M    M   2        21  70
20  68  50  59   9   6   0    T    M    M  9.7 20 130   M    M   4        26 130
21  62  50  56   6   9   0 0.28    M    M  4.6 12 120   M    M   9 128    15 120
22  59  46  53   2  12   0 0.00    M    M  7.0 15  30   M    M   8 128    18  40
23  61  37  49  -2  16   0 0.00    M    M  6.1 12  80   M    M   1        15  80
24  70  41  56   5   9   0 0.00    M    M  7.5 16 170   M    M   0        21 180
25  78  51  65  13   0   0 0.14    M    M 12.2 24 210   M    M   4 1      31 210
26  62  42  52   0  13   0    T    M    M 10.1 17  50   M    M   9 12     20  50
27  61  40  51  -1  14   0 0.00    M    M  9.9 17  90   M    M   5        24 120
================================================================================
SM 1563  977       478   2  1.84    M    242.2          M      132
================================================================================
AV 57.9 36.2                               9.0 FASTST   M    M   5    MAX(MPH)
                                 MISC ---->  # 30 220               # 40  360
================================================================================
NOTES:
# LAST OF SEVERAL OCCURRENCES

COLUMN 17 PEAK WIND IN M.P.H.

PRELIMINARY LOCAL CLIMATOLOGICAL DATA (WS FORM: F-6) , PAGE 2

                                          STATION:  BATTLE CREEK MI
                                          MONTH:    APRIL
                                          YEAR:     2016
                                          LATITUDE:   42 17 N
                                          LONGITUDE:  85 14 W

[TEMPERATURE DATA]      [PRECIPITATION DATA]       SYMBOLS USED IN COLUMN 16

AVERAGE MONTHLY: 47.0   TOTAL FOR MONTH:   1.84    1 = FOG OR MIST
DPTR FM NORMAL:  -0.5   DPTR FM NORMAL:   -0.67    2 = FOG REDUCING VISIBILITY
HIGHEST:    82 ON 18    GRTST 24HR  0.65 ON  5- 6      TO 1/4 MILE OR LESS
LOWEST:     19 ON  5                               3 = THUNDER
                        SNOW, ICE PELLETS, HAIL    4 = ICE PELLETS
                        TOTAL MONTH:    M          5 = HAIL
                        GRTST 24HR    M  ON   M    6 = FREEZING RAIN OR DRIZZLE
                        GRTST DEPTH:  M  ON   M    7 = DUSTSTORM OR SANDSTORM:
                                                       VSBY 1/2 MILE OR LESS
                                                   8 = SMOKE OR HAZE
[NO. OF DAYS WITH]      [WEATHER - DAYS WITH]      9 = BLOWING SNOW
                                                   X = TORNADO
MAX 32 OR BELOW:   0    0.01 INCH OR MORE:  10
MAX 90 OR ABOVE:   0    0.10 INCH OR MORE:   6
MIN 32 OR BELOW:  11    0.50 INCH OR MORE:   1
MIN  0 OR BELOW:   0    1.00 INCH OR MORE:   0

[HDD (BASE 65) ]
TOTAL THIS MO.   478    CLEAR  (SCALE 0-3)  10
DPTR FM NORMAL     2    PTCLDY (SCALE 4-7)  10
TOTAL FM JUL 1  5120    CLOUDY (SCALE 8-10)  7
DPTR FM NORMAL -1231

[CDD (BASE 65) ]
TOTAL THIS MO.     2
DPTR FM NORMAL     2    [PRESSURE DATA]
TOTAL FM JAN 1     2    HIGHEST SLP M ON M
DPTR FM NORMAL     2    LOWEST  SLP 29.44 ON  2

[REMARKS]
