364
CXUS55 KMSO 300900
CF6BTM
PRELIMINARY LOCAL CLIMATOLOGICAL DATA (WS FORM: F-6)

                                          STATION:   BUTTE MT
                                          MONTH:     JULY
                                          YEAR:      2016
                                          LATITUDE:   45 57 N
                                          LONGITUDE: 112 30 W

  TEMPERATURE IN F:       :PCPN:    SNOW:  WIND      :SUNSHINE: SKY     :PK WND
================================================================================
1   2   3   4   5  6A  6B    7    8   9   10  11  12  13   14  15   16   17  18
                                     12Z  AVG MX 2MIN
DY MAX MIN AVG DEP HDD CDD  WTR  SNW DPTH SPD SPD DIR MIN PSBL S-S WX    SPD DR
================================================================================

 1  87  47  67   7   0   2 0.00    M    M  4.5 16 300   M    M   0 3      20 280
 2  84  50  67   7   0   2 0.00    M    M  6.7 29 310   M    M   2        36 300
 3  79  43  61   0   4   0    T    M    M  8.1 20 320   M    M   3 3      31 240
 4  78  43  61   0   4   0 0.00    M    M  9.7 30 330   M    M   0        35 320
 5  71  37  54  -7  11   0 0.00    M    M  7.8 21 300   M    M   1        27 330
 6  65  42  54  -8  11   0 0.09    M    M  8.2 23 330   M    M   4        30 330
 7  76  32  54  -8  11   0 0.00    M    M  5.9 18 190   M    M   0        24 280
 8  83  42  63   1   2   0 0.04    M    M  7.2 28 140   M    M   3 3      36 130
 9  75  49  62   0   3   0    T    M    M  9.1 25 320   M    M   4 3      31 310
10  54  43  49 -13  16   0 0.72    M    M  6.0 22 270   M    M   9 13     29 260
11  61  41  51 -12  14   0 0.07    M    M  6.2 16 280   M    M   8 1      22 290
12  68  34  51 -12  14   0    T    M    M  5.7 24 290   M    M   1 3      34 290
13  69  41  55  -8  10   0 0.00    M    M  5.5 14 320   M    M   3        18 320
14  77  38  58  -5   7   0 0.00    M    M  5.6 16 310   M    M   0        19 310
15  80  43  62  -2   3   0    T    M    M  5.4 25 340   M    M   2 3      32 290
16  72  44  58  -6   7   0    T    M    M  7.4 16 330   M    M   3 3      22 270
17  77  41  59  -5   6   0    T    M    M  5.3 24 180   M    M   1 3      29 190
18  88  43  66   2   0   1 0.00    M    M  7.5 29 150   M    M   0        35 140
19  90  45  68   4   0   3 0.00    M    M  6.0 35 170   M    M   0        51 200
20  84  49  67   3   0   2 0.00    M    M  6.0 16 330   M    M   0        22 340
21  89  44  67   3   0   2 0.00    M    M  5.4 17 200   M    M   0        21 200
22  89  50  70   6   0   5 0.00    M    M 10.0 28 340   M    M   0        41 220
23  77  44  61  -3   4   0 0.00    M    M  8.8 20 330   M    M   0        24 320
24  84  40  62  -2   3   0 0.00    M    M  3.7 12 310   M    M   0        16 300
25  85  45  65   0   0   0    T    M  999  4.9 20 330   M    M   1 3      25 310
26  83  43  63  -2   2   0 0.02    M    M  5.9 22 210   M    M   1 3      33 210
27  86  41  64  -1   1   0 0.00    M    M  4.6 17  20   M    M   1        20  20
28  84  46  65   0   0   0 0.00    M    M  6.1 16 330   M    M   0        22 310
29  87  47  67   2   0   2 0.00    M    M  4.2 15  40   M    M   1        20  40
================================================================================
SM 2282 1247       133  19  0.94    M    187.4          M       48
================================================================================
AV 78.7 43.0                               6.5 FASTST   M    M   2    MAX(MPH)
                                 MISC ---->  # 35 170               # 51  200
================================================================================
NOTES:
# LAST OF SEVERAL OCCURRENCES

COLUMN 17 PEAK WIND IN M.P.H.

PRELIMINARY LOCAL CLIMATOLOGICAL DATA (WS FORM: F-6) , PAGE 2

                                          STATION:  BUTTE MT
                                          MONTH:    JULY
                                          YEAR:     2016
                                          LATITUDE:   45 57 N
                                          LONGITUDE: 112 30 W

[TEMPERATURE DATA]      [PRECIPITATION DATA]       SYMBOLS USED IN COLUMN 16

AVERAGE MONTHLY: 60.8   TOTAL FOR MONTH:   0.94    1 = FOG OR MIST
DPTR FM NORMAL:  -2.3   DPTR FM NORMAL:   -0.33    2 = FOG REDUCING VISIBILITY
HIGHEST:    90 ON 19    GRTST 24HR  0.78 ON 10-11      TO 1/4 MILE OR LESS
LOWEST:     32 ON  7                               3 = THUNDER
                        SNOW, ICE PELLETS, HAIL    4 = ICE PELLETS
                        TOTAL MONTH:    M          5 = HAIL
                        GRTST 24HR    M  ON   M    6 = FREEZING RAIN OR DRIZZLE
                        GRTST DEPTH: 999 ON 25     7 = DUSTSTORM OR SANDSTORM:
                                                       VSBY 1/2 MILE OR LESS
                                                   8 = SMOKE OR HAZE
[NO. OF DAYS WITH]      [WEATHER - DAYS WITH]      9 = BLOWING SNOW
                                                   X = TORNADO
MAX 32 OR BELOW:   0    0.01 INCH OR MORE:   5
MAX 90 OR ABOVE:   1    0.10 INCH OR MORE:   1
MIN 32 OR BELOW:   1    0.50 INCH OR MORE:   1
MIN  0 OR BELOW:   0    1.00 INCH OR MORE:   0

[HDD (BASE 65) ]
TOTAL THIS MO.   133    CLEAR  (SCALE 0-3)  25
DPTR FM NORMAL    38    PTCLDY (SCALE 4-7)   3
TOTAL FM JUL 1   133    CLOUDY (SCALE 8-10)  1
DPTR FM NORMAL    38

[CDD (BASE 65) ]
TOTAL THIS MO.    19
DPTR FM NORMAL   -26    [PRESSURE DATA]
TOTAL FM JAN 1    42    HIGHEST SLP M ON M
DPTR FM NORMAL   -10    LOWEST  SLP 29.76 ON 18

[REMARKS]
