000
CXUS51 KBUF 011205
CF6BUF
PRELIMINARY LOCAL CLIMATOLOGICAL DATA (WS FORM: F-6)

                                          STATION:   BUFFALO NY
                                          MONTH:     FEBRUARY
                                          YEAR:      2017
                                          LATITUDE:   42 55 N
                                          LONGITUDE:  78 44 W

  TEMPERATURE IN F:       :PCPN:    SNOW:  WIND      :SUNSHINE: SKY     :PK WND
================================================================================
1   2   3   4   5  6A  6B    7    8   9   10  11  12  13   14  15   16   17  18
                                     12Z  AVG MX 2MIN
DY MAX MIN AVG DEP HDD CDD  WTR  SNW DPTH SPD SPD DIR MIN PSBL S-S WX    SPD DR
================================================================================

 1  34  29  32   7  33   0    T  0.4    4 15.9 25 230   M    M   7 139    33 250
 2  31  19  25   0  40   0    T    T    3 12.9 24 260   M    M   7        32 280
 3  21  14  18  -7  47   0    T    T    2 15.6 22 260   M    M   5        28 260
 4  27  16  22  -3  43   0    T    T    2 15.3 31 250   M    M   6        42 230
 5  33  25  29   4  36   0 0.08  0.8    2 15.3 28 250   M    M   9 9      40 240
 6  36  21  29   4  36   0    T    T    2  7.7 18 220   M    M   7        22 220
 7  55  30  43  18  22   0 0.58    T    1 14.3 35 230   M    M  10 168    49 220
 8  52  21  37  12  28   0 0.03  0.2    0 14.3 33 240   M    M   8 1      49 240
 9  23  17  20  -5  45   0    T    T    T 11.4 24 270   M    M   6 18     29 270
10  31  18  25   0  40   0 0.10  1.2    T 13.6 22 260   M    M   8 1      29 270
11  40  30  35   9  30   0 0.00  0.0    1  6.3 13 210   M    M   9        15 260
12  35  30  33   7  32   0 0.49  0.7    0 11.7 31 290   M    M  10 1468   42 290
13  30  25  28   2  37   0    T    T    T 14.5 26 270   M    M   9        37 280
14  41  23  32   6  33   0 0.01  0.0    0 13.6 33 240   M    M   5        46 250
15  36  23  30   4  35   0 0.07  1.1    0 11.5 24 300   M    M   9 1      30 290
16  27  19  23  -3  42   0    T  0.2    1 12.0 21 300   M    M   8 1      24 310
17  38  20  29   3  36   0 0.00  0.0    T  4.4 13 310   M    M   6        18 310
18  56  34  45  18  20   0 0.00  0.0    0 16.2 36 250   M    M   3        52 240
19  49  32  41  14  24   0 0.00  0.0    0 10.4 25 240   M    M   3 1      32 240
20  46  28  37  10  28   0 0.00  0.0    0  6.8 14 100   M    M   3 1      17 100
21  59  30  45  18  20   0 0.08  0.0    0  8.1 20 200   M    M   9 1      26 190
22  58  41  50  23  15   0 0.00  0.0    0  6.7 14 250   M    M   9 18     22 250
23  60  43  52  24  13   0    T  0.0    0 12.8 29 260   M    M   8 18     36 260
24  71  41  56  28   9   0 0.25  0.0    0  9.6 22 220   M    M   8 13     30 230
25  65  29  47  19  18   0 0.57  0.3    0 16.6 33 240   M    M  10 1      44 260
26  36  27  32   4  33   0    T  0.1    T 16.9 26 240   M    M   8        36 240
27  46  35  41  12  24   0 0.00  0.0    0 13.8 28 230   M    M   3        38 230
28  59  35  47  18  18   0    T  0.0    0 10.2 22 210   M    M   9        27 210
================================================================================
SM 1195  755       837   0  2.26     5.0 338.4          M      202
================================================================================
AV 42.7 27.0                              12.1 FASTST   M    M   7    MAX(MPH)
                                 MISC ---->  # 36 250               # 52  240
================================================================================
NOTES:
# LAST OF SEVERAL OCCURRENCES

COLUMN 17 PEAK WIND IN M.P.H.

PRELIMINARY LOCAL CLIMATOLOGICAL DATA (WS FORM: F-6) , PAGE 2

                                          STATION:  BUFFALO NY
                                          MONTH:    FEBRUARY
                                          YEAR:     2017
                                          LATITUDE:   42 55 N
                                          LONGITUDE:  78 44 W

[TEMPERATURE DATA]      [PRECIPITATION DATA]       SYMBOLS USED IN COLUMN 16

AVERAGE MONTHLY: 34.8   TOTAL FOR MONTH:   2.26    1 = FOG OR MIST
DPTR FM NORMAL:   8.5   DPTR FM NORMAL:   -0.23    2 = FOG REDUCING VISIBILITY
HIGHEST:    71 ON 24    GRTST 24HR  0.65 ON  7- 8      TO 1/4 MILE OR LESS
LOWEST:     14 ON  3                               3 = THUNDER
                        SNOW, ICE PELLETS, HAIL    4 = ICE PELLETS
                        TOTAL MONTH:   5.0 INCHES  5 = HAIL
                        GRTST 24HR   1.2 ON   M    6 = FREEZING RAIN OR DRIZZLE
                        GRTST DEPTH:   4 ON  1     7 = DUSTSTORM OR SANDSTORM:
                                                       VSBY 1/2 MILE OR LESS
                                                   8 = SMOKE OR HAZE
[NO. OF DAYS WITH]      [WEATHER - DAYS WITH]      9 = BLOWING SNOW
                                                   X = TORNADO
MAX 32 OR BELOW:   7    0.01 INCH OR MORE:  10
MAX 90 OR ABOVE:   0    0.10 INCH OR MORE:   5
MIN 32 OR BELOW:  22    0.50 INCH OR MORE:   2
MIN  0 OR BELOW:   0    1.00 INCH OR MORE:   0

[HDD (BASE 65) ]
TOTAL THIS MO.   837    CLEAR  (SCALE 0-3)   2
DPTR FM NORMAL  -248    PTCLDY (SCALE 4-7)  14
TOTAL FM JUL 1  3892    CLOUDY (SCALE 8-10) 12
DPTR FM NORMAL  -852

[CDD (BASE 65) ]
TOTAL THIS MO.     0
DPTR FM NORMAL     0    [PRESSURE DATA]
TOTAL FM JAN 1     0    HIGHEST SLP 30.38 ON 20
DPTR FM NORMAL     0    LOWEST  SLP 29.28 ON  7

[REMARKS]
#FINAL-02-17#
