730
CXUS54 KTSA 210840
CF6BVO
PRELIMINARY LOCAL CLIMATOLOGICAL DATA (WS FORM: F-6)

                                          STATION:   BARTLESVILLE OKLAHOMA
                                          MONTH:     SEPTEMBER
                                          YEAR:      2017
                                          LATITUDE:   36 45 N
                                          LONGITUDE:  96  0 W

  TEMPERATURE IN F:       :PCPN:    SNOW:  WIND      :SUNSHINE: SKY     :PK WND
================================================================================
1   2   3   4   5  6A  6B    7    8   9   10  11  12  13   14  15   16   17  18
                                     12Z  AVG MX 2MIN
DY MAX MIN AVG DEP HDD CDD  WTR  SNW DPTH SPD SPD DIR MIN PSBL S-S WX    SPD DR
================================================================================

 1  84  55  70  -7   0   5 0.00  0.0    0  1.3  9 110   M    M   0 1      12 150
 2  88  63  76  -1   0  11 0.00  0.0    0  1.3  8 170   M    M   1        12 200
 3  94  60  77   1   0  12 0.00  0.0    0  1.7  9 210   M    M   0 1      13 200
 4  97  65  81   5   0  16 0.00  0.0    0  5.1 17  10   M    M   0 1      25  10
 5  80  54  67  -9   0   2 0.00  0.0    0  8.6 23  20   M    M   2        29  10
 6  80  44  62 -13   3   0 0.00  0.0    0  1.8 12  70   M    M   1        16  10
 7  86  46  66  -9   0   1 0.00  0.0    0  2.3 10 200   M    M   0        14 210
 8  86  51  69  -6   0   4 0.00  0.0    0  3.3 13 160   M    M   0        18 150
 9  86  51  69  -5   0   4 0.00  0.0    0  2.1 12 120   M    M   0 1      18 140
10  84  54  69  -5   0   4 0.00  0.0    0  3.0 12  80   M    M   0 1      17 110
11  85  50  68  -5   0   3 0.00  0.0    0  1.9 12  20   M    M   0 18     17  20
12  82  48  65  -8   0   0 0.00  0.0    0  2.8 15  20   M    M   0 1      21  20
13  86  50  68  -4   0   3 0.00  0.0    0  1.0  8  90   M    M   0 8      11  80
14  92  51  72   0   0   7 0.00  0.0    0  3.7 14 150   M    M   0 1      19 140
15  92  61  77   5   0  12 0.00  0.0    0  8.3 22 140   M    M   0        29 150
16  95  70  83  12   0  18 0.01  0.0    0  7.5 20 150   M    M   1 3      26 160
17  76  65  71   0   0   6 0.24  0.0    0  4.2 17  90   M    M   5 13     23 100
18  86  63  75   5   0  10 0.01  0.0    0  2.3 10 150   M    M   5 1      14 150
19  91  63  77   7   0  12 0.00  0.0    0  7.2 21 160   M    M   2 13     30 150
20  79  74  77   8   0  12 0.00  0.0    0  7.2  9 180   M    M   0         M  M
================================================================================
SM 1729 1138         3 142  0.26     0.0  76.6          M       17
================================================================================
AV 86.5 56.9                               3.8 FASTST   M    M   1    MAX(MPH)
                                 MISC ---->  # 23  20               # 30  150
================================================================================
NOTES:
# LAST OF SEVERAL OCCURRENCES

COLUMN 17 PEAK WIND IN M.P.H.

PRELIMINARY LOCAL CLIMATOLOGICAL DATA (WS FORM: F-6) , PAGE 2

                                          STATION:  BARTLESVILLE OKLAHOMA
                                          MONTH:    SEPTEMBER
                                          YEAR:     2017
                                          LATITUDE:   36 45 N
                                          LONGITUDE:  96  0 W

[TEMPERATURE DATA]      [PRECIPITATION DATA]       SYMBOLS USED IN COLUMN 16

AVERAGE MONTHLY: 71.7   TOTAL FOR MONTH:   0.26    1 = FOG OR MIST
DPTR FM NORMAL:  -1.7   DPTR FM NORMAL:   -2.17    2 = FOG REDUCING VISIBILITY
HIGHEST:    97 ON  4    GRTST 24HR  0.24 ON 17-17      TO 1/4 MILE OR LESS
LOWEST:     44 ON  6                               3 = THUNDER
                        SNOW, ICE PELLETS, HAIL    4 = ICE PELLETS
                        TOTAL MONTH:   0.0 INCH    5 = HAIL
                        GRTST 24HR     0.0         6 = FREEZING RAIN OR DRIZZLE
                        GRTST DEPTH:   0           7 = DUSTSTORM OR SANDSTORM:
                                                       VSBY 1/2 MILE OR LESS
                                                   8 = SMOKE OR HAZE
[NO. OF DAYS WITH]      [WEATHER - DAYS WITH]      9 = BLOWING SNOW
                                                   X = TORNADO
MAX 32 OR BELOW:   0    0.01 INCH OR MORE:   3
MAX 90 OR ABOVE:   6    0.10 INCH OR MORE:   1
MIN 32 OR BELOW:   0    0.50 INCH OR MORE:   0
MIN  0 OR BELOW:   0    1.00 INCH OR MORE:   0

[HDD (BASE 65) ]
TOTAL THIS MO.     3    CLEAR  (SCALE 0-3)  18
DPTR FM NORMAL    -6    PTCLDY (SCALE 4-7)   2
TOTAL FM JUL 1     3    CLOUDY (SCALE 8-10)  0
DPTR FM NORMAL    -6

[CDD (BASE 65) ]
TOTAL THIS MO.   142
DPTR FM NORMAL   -37    [PRESSURE DATA]
TOTAL FM JAN 1  1501    HIGHEST SLP M ON M
DPTR FM NORMAL  -168    LOWEST  SLP 29.69 ON 19

[REMARKS]
