000
CXUS54 KLZK 011430
CF6BVX
PRELIMINARY LOCAL CLIMATOLOGICAL DATA (WS FORM: F-6)

                                          STATION:   Batesville Regional Airport
                                          MONTH:     JANUARY
                                          YEAR:      2015
                                          LATITUDE:   35 43 N
                                          LONGITUDE:  91 39 W

  TEMPERATURE IN F:       :PCPN:    SNOW:  WIND      :SUNSHINE: SKY     :PK WND
================================================================================
1   2   3   4   5  6A  6B    7    8   9   10  11  12  13   14  15   16   17  18
                                     12Z  AVG MX 2MIN
DY MAX MIN AVG DEP HDD CDD  WTR  SNW DPTH SPD SPD DIR MIN PSBL S-S WX    SPD DR
================================================================================

 1  39  34  37   0  28   0    M  0.0    0  2.7  6 190   M    M  10         M  M
 2  39  36  38   1  27   0    M  0.0    0  3.3 14  90   M    M  10 3       M  M
 3  52  39  46   9  19   0 1.90  0.0    0  5.4 16 240   M    M  10 3      24 240
 4  46  23  35  -2  30   0 0.00  0.0    0  8.5 16 270   M    M   3        25 270
 5  34  18  26 -11  39   0 0.00  0.0    0  5.7 13 120   M    M   0         M  M
 6  48  27  38   2  27   0 0.00  0.0    0  5.2 18 230   M    M   0        24 230
 7  32  10  21 -15  44   0 0.00  0.0    0  7.4 13 300   M    M   4        25 290
 8  30   5  18 -18  47   0 0.00  0.0    0  6.3 16 190   M    M   1        22 190
 9  34  21  28  -8  37   0 0.00  0.0    0  5.0 10 270   M    M   2         M  M
10  37  10  24 -12  41   0 0.00  0.0    0  3.5  8 170   M    M   4         M  M
11  36  30  33  -3  32   0 0.36  0.0    0  4.5  8  90   M    M  10 6       M  M
12  39  30  35  -1  30   0 0.12    M    0  4.6  9 330   M    M   8        17 330
13  36  19  28  -8  37   0 0.00  0.0    0  5.6  9  40   M    M   2         M  M
14  41  18  30  -7  35   0 0.00  0.0    0  1.9  7 110   M    M   2         M  M
15  46  28  37   0  28   0 0.00  0.0    0  1.6  6 320   M    M   6         M  M
16  59  25  42   5  23   0 0.00  0.0    0  3.8  9 220   M    M   0         M  M
17  63  34  49  12  16   0 0.00  0.0    0  8.1 17 230   M    M   0        23 230
18  63  37  50  13  15   0 0.00  0.0    0  8.0 16 240   M    M   0        21 240
19  68  46  57  20   8   0 0.00  0.0    0  6.6 13 210   M    M   0        27 210
20  59  39  49  12  16   0 0.00  0.0    0  4.6 12 350   M    M   3        17 350
21  59  37  48  11  17   0 0.00  0.0    0  4.3  7 360   M    M   2         M  M
22  46  37  42   5  23   0 0.00  0.0    0  4.3  7  50   M    M   7         M  M
23  48  34  41   4  24   0 0.00  0.0    0  5.2  9  30   M    M   3         M  M
24  61  27  44   7  21   0 0.00  0.0    0  4.2 10 260   M    M   0         M  M
25  55  41  48  11  17   0 0.01    M    0 11.7 18 260   M    M   8        28 290
26  57  30  44   7  21   0 0.00  0.0    0  5.9 13 240   M    M   2        18 290
27  63  41  52  15  13   0 0.00  0.0    0  4.5  9 100   M    M   0         M  M
28  59  32  46   8  19   0 0.00  0.0    0  6.7 12 150   M    M   0        17 150
29  59  37  48  10  17   0 0.00  0.0    0  9.8 15 290   M    M   3        27 300
30  50  30  40   2  25   0 0.00  0.0    0  3.9  7 350   M    M   0         M  M
31  46  36  41   3  24   0 0.00  0.0    0  4.0 10 100   M    M   5         M  M
================================================================================
SM 1504  911       800   0  2.39     0.0 166.8          M      105
================================================================================
AV 48.5 29.4                               5.4 FASTST   M    M   3    MAX(MPH)
                                 MISC ---->    18   M                 28    M
================================================================================
NOTES:
# LAST OF SEVERAL OCCURRENCES

COLUMN 17 PEAK WIND IN M.P.H.

PRELIMINARY LOCAL CLIMATOLOGICAL DATA (WS FORM: F-6) , PAGE 2

                                          STATION:  Batesville Regional Airport
                                          MONTH:    JANUARY
                                          YEAR:     2015
                                          LATITUDE:   35 43 N
                                          LONGITUDE:  91 39 W

[TEMPERATURE DATA]      [PRECIPITATION DATA]       SYMBOLS USED IN COLUMN 16

AVERAGE MONTHLY: 39.0   TOTAL FOR MONTH:   2.39    1 = FOG OR MIST
DPTR FM NORMAL:   2.1   DPTR FM NORMAL:   -1.01    2 = FOG REDUCING VISIBILITY
HIGHEST:    68 ON 19    GRTST 24HR  1.90 ON  3- 3      TO 1/4 MILE OR LESS
LOWEST:      5 ON  8                               3 = THUNDER
                        SNOW, ICE PELLETS, HAIL    4 = ICE PELLETS
                        TOTAL MONTH:   0.0 INCH    5 = HAIL
                        GRTST 24HR     0.0         6 = FREEZING RAIN OR DRIZZLE
                        GRTST DEPTH:   0           7 = DUSTSTORM OR SANDSTORM:
                                                       VSBY 1/2 MILE OR LESS
                                                   8 = SMOKE OR HAZE
[NO. OF DAYS WITH]      [WEATHER - DAYS WITH]      9 = BLOWING SNOW
                                                   X = TORNADO
MAX 32 OR BELOW:   2    0.01 INCH OR MORE:   4
MAX 90 OR ABOVE:   0    0.10 INCH OR MORE:   3
MIN 32 OR BELOW:  17    0.50 INCH OR MORE:   1
MIN  0 OR BELOW:   0    1.00 INCH OR MORE:   1

[HDD (BASE 65) ]
TOTAL THIS MO.   800    CLEAR  (SCALE 0-3)  18
DPTR FM NORMAL   -73    PTCLDY (SCALE 4-7)   8
TOTAL FM JUL 1  2206    CLOUDY (SCALE 8-10)  5
DPTR FM NORMAL  -169

[CDD (BASE 65) ]
TOTAL THIS MO.     0
DPTR FM NORMAL     0    [PRESSURE DATA]
TOTAL FM JAN 1     0    HIGHEST SLP M ON M
DPTR FM NORMAL     0    LOWEST  SLP M ON M

[REMARKS]
#FINAL-01-15#
