000
CXUS53 KLMK 250800
CF6BWG
PRELIMINARY LOCAL CLIMATOLOGICAL DATA (WS FORM: F-6)

                                          STATION:   BOWLING GREEN KY
                                          MONTH:     FEBRUARY
                                          YEAR:      2017
                                          LATITUDE:   36 58 N
                                          LONGITUDE:  86 26 W

  TEMPERATURE IN F:       :PCPN:    SNOW:  WIND      :SUNSHINE: SKY     :PK WND
================================================================================
1   2   3   4   5  6A  6B    7    8   9   10  11  12  13   14  15   16   17  18
                                     12Z  AVG MX 2MIN
DY MAX MIN AVG DEP HDD CDD  WTR  SNW DPTH SPD SPD DIR MIN PSBL S-S WX    SPD DR
================================================================================

 1  56  36  46   9  19   0 0.00  0.0    0  4.6 12  50   M    M   0        16  40
 2  44  29  37   0  28   0 0.00  0.0    0  5.1 12  20   M    M   5        16  30
 3  39  21  30  -7  35   0 0.00  0.0    0  6.2 15 310   M    M   4        22 310
 4  47  15  31  -6  34   0 0.00  0.0    0  4.9 15 100   M    M   3        20 100
 5  59  42  51  13  14   0 0.00  0.0    0  8.4 20 230   M    M   4        26 220
 6  62  35  49  11  16   0 0.02  0.0    0  9.0 20 190   M    M   8 12     26 190
 7  61  52  57  19   8   0 1.49  0.0    0 11.0 21 190   M    M   9 13     27 190
 8  55  35  45   7  20   0 0.17  0.0    0  6.9 18 300   M    M   7 138    29 330
 9  35  24  30  -8  35   0 0.00  0.0    0  7.4 17 310   M    M   5        25 330
10  66  23  45   7  20   0 0.00  0.0    0 10.0 23 220   M    M   0        30 220
11  69  51  60  21   5   0 0.00  0.0    0 11.2 20 180   M    M  10        25 190
12  67  42  55  16  10   0    T  0.0    0  9.6 18 310   M    M   3        27 300
13  53  30  42   3  23   0 0.00  0.0    0  2.5 10  50   M    M   1        15  70
14  47  31  39  -1  26   0 0.36  0.0    0  3.5 13 200   M    M   9 1      14 200
15  50  34  42   2  23   0 0.00  0.0    0  6.9 16 310   M    M   2 1      23 300
16  56  28  42   2  23   0 0.00  0.0    0  5.5 15 220   M    M   0        19 240
17  69  33  51  11  14   0 0.00  0.0    0  7.2 18 210   M    M   0        31 100
18  55  42  49   9  16   0 0.06  0.0    0  4.6 13 200   M    M   8 1      14 200
19  66  42  54  13  11   0 0.00  0.0    0  1.8  8 200   M    M   6 128    13 225
20  76  39  58  17   7   0 0.00  0.0    0  3.3 12 170   M    M   3 12     15 160
21  71  49  60  19   5   0 0.08  0.0    0  5.5 18 160   M    M   5 1      37 200
22  73  54  64  22   1   0 0.03  0.0    0  5.6 14 200   M    M   6 1      18 200
23  74  51  63  21   2   0 0.00  0.0    0  7.2 20 200   M    M   4 12     23 210
24  81  56  69  27   0   4    T  0.0    0 15.8 29 190   M    M   3 3      38 210
================================================================================
SM 1431  894       395   4  2.21     0.0 163.7          M      105
================================================================================
AV 59.6 37.3                               6.8 FASTST   M    M   4    MAX(MPH)
                                 MISC ---->  # 29 190               # 38  210
================================================================================
NOTES:
# LAST OF SEVERAL OCCURRENCES

COLUMN 17 PEAK WIND IN M.P.H.

PRELIMINARY LOCAL CLIMATOLOGICAL DATA (WS FORM: F-6) , PAGE 2

                                          STATION:  BOWLING GREEN KY
                                          MONTH:    FEBRUARY
                                          YEAR:     2017
                                          LATITUDE:   36 58 N
                                          LONGITUDE:  86 26 W

[TEMPERATURE DATA]      [PRECIPITATION DATA]       SYMBOLS USED IN COLUMN 16

AVERAGE MONTHLY: 48.4   TOTAL FOR MONTH:   2.21    1 = FOG OR MIST
DPTR FM NORMAL:   9.2   DPTR FM NORMAL:   -1.21    2 = FOG REDUCING VISIBILITY
HIGHEST:    81 ON 24    GRTST 24HR  1.49 ON  7- 7      TO 1/4 MILE OR LESS
LOWEST:     15 ON  4                               3 = THUNDER
                        SNOW, ICE PELLETS, HAIL    4 = ICE PELLETS
                        TOTAL MONTH:   0.0 INCH    5 = HAIL
                        GRTST 24HR     0.0         6 = FREEZING RAIN OR DRIZZLE
                        GRTST DEPTH:   0           7 = DUSTSTORM OR SANDSTORM:
                                                       VSBY 1/2 MILE OR LESS
                                                   8 = SMOKE OR HAZE
[NO. OF DAYS WITH]      [WEATHER - DAYS WITH]      9 = BLOWING SNOW
                                                   X = TORNADO
MAX 32 OR BELOW:   0    0.01 INCH OR MORE:   7
MAX 90 OR ABOVE:   0    0.10 INCH OR MORE:   3
MIN 32 OR BELOW:   8    0.50 INCH OR MORE:   1
MIN  0 OR BELOW:   0    1.00 INCH OR MORE:   1

[HDD (BASE 65) ]
TOTAL THIS MO.   395    CLEAR  (SCALE 0-3)   7
DPTR FM NORMAL  -222    PTCLDY (SCALE 4-7)  13
TOTAL FM JUL 1  2316    CLOUDY (SCALE 8-10)  4
DPTR FM NORMAL  -793

[CDD (BASE 65) ]
TOTAL THIS MO.     4
DPTR FM NORMAL     4    [PRESSURE DATA]
TOTAL FM JAN 1     4    HIGHEST SLP M ON M
DPTR FM NORMAL     4    LOWEST  SLP 29.55 ON 24

[REMARKS]
