000
CXUS55 KRIW 280901
CF6BYG
PRELIMINARY LOCAL CLIMATOLOGICAL DATA (WS FORM: F-6)

                                          STATION:   BUFFALO WY
                                          MONTH:     MARCH
                                          YEAR:      2015
                                          LATITUDE:   44 22 N
                                          LONGITUDE: 106 43 W

  TEMPERATURE IN F:       :PCPN:    SNOW:  WIND      :SUNSHINE: SKY     :PK WND
================================================================================
1   2   3   4   5  6A  6B    7    8   9   10  11  12  13   14  15   16   17  18
                                     12Z  AVG MX 2MIN
DY MAX MIN AVG DEP HDD CDD  WTR  SNW DPTH SPD SPD DIR MIN PSBL S-S WX    SPD DR
================================================================================

 1  24   3  14 -16  51   0 0.00  0.0    M  8.6 20 160   M    M   0        24 340
 2  41   9  25  -6  40   0    T    M    M  9.2 35 330   M    M   3 18     44 320
 3  18   0   9 -22  56   0    T    M    M 17.4 37 330   M    M   7 189    47 340
 4  18   0   9 -22  56   0 0.00  0.0    M  5.2 18 320   M    M   1        23 310
 5  42  11  27  -5  38   0 0.00  0.0    M  4.7 12 210   M    M   1        15 210
 6  51  28  40   8  25   0 0.00  0.0    M  4.3 15 360   M    M   0        21  10
 7  54  31  43  11  22   0 0.00  0.0    M  9.0 28 330   M    M   2        35 330
 8  53  30  42  10  23   0 0.00  0.0    M  6.1 10 250   M    M   1        11 350
 9  54  31  43  11  22   0 0.00  0.0    M  7.0 14 330   M    M   0        17 330
10  61  33  47  14  18   0 0.00  0.0    M  8.5 18 140   M    M   0        24 150
11  63  40  52  19  13   0 0.00  0.0    M  5.9 13 250   M    M   0        15 260
12  60  42  51  18  14   0 0.00  0.0    M 13.8 29 330   M    M   3        39 340
13  58  36  47  13  18   0 0.00  0.0    M  7.3 18 330   M    M   0        27 330
14  73  35  54  20  11   0 0.00  0.0    M  7.9 24 210   M    M   1        32 210
15  74  50  62  28   3   0 0.00  0.0    M  8.4 35 200   M    M   1        43 210
16  61  30  46  12  19   0 0.02    M    M 13.5 39 340   M    M   5        51 320
17  49  30  40   5  25   0    T    M    M 14.3 26 160   M    M   6        31 170
18  52  33  43   8  22   0 0.00  0.0    M 12.7 28 350   M    M   3 8      39 340
19  53  30  42   7  23   0 0.00  0.0    M  6.4 22 350   M    M   0        28 330
20  63  36  50  15  15   0 0.00  0.0    M  6.5 20 360   M    M   0 8      26 340
21  69  40  55  19  10   0 0.00  0.0    M  6.2 20 350   M    M   1        26 340
22  58  37  48  12  17   0    T    M    M  8.9 30 350   M    M   3 8      39 340
23  64  38  51  15  14   0 0.01    M    M 14.0 35 360   M    M   3        43 350
24  50  33  42   6  23   0    T    M    M 10.7 26 320   M    M   5 1      35 350
25  44  29  37   0  28   0 0.05    M    M  6.9 21 350   M    M   8 12     26 340
26  55  37  46   9  19   0    T    M    M 10.5 26 340   M    M  10        39 340
27  70  40  55  18  10   0 0.00  0.0    M 10.0 25 360   M    M   2        35 350
================================================================================
SM 1432  792       635   0  0.08     0.0 243.9          M       66
================================================================================
AV 53.0 29.3                               9.0 FASTST   M    M   2    MAX(MPH)
                                 MISC ---->  # 39 340               # 51  320
================================================================================
NOTES:
# LAST OF SEVERAL OCCURRENCES

COLUMN 17 PEAK WIND IN M.P.H.

PRELIMINARY LOCAL CLIMATOLOGICAL DATA (WS FORM: F-6) , PAGE 2

                                          STATION:  BUFFALO WY
                                          MONTH:    MARCH
                                          YEAR:     2015
                                          LATITUDE:   44 22 N
                                          LONGITUDE: 106 43 W

[TEMPERATURE DATA]      [PRECIPITATION DATA]       SYMBOLS USED IN COLUMN 16

AVERAGE MONTHLY: 41.2   TOTAL FOR MONTH:   0.08    1 = FOG OR MIST
DPTR FM NORMAL:   7.4   DPTR FM NORMAL:   -0.67    2 = FOG REDUCING VISIBILITY
HIGHEST:    74 ON 15    GRTST 24HR  0.05 ON 25-25      TO 1/4 MILE OR LESS
LOWEST:      0 ON  4, 3                            3 = THUNDER
                        SNOW, ICE PELLETS, HAIL    4 = ICE PELLETS
                        TOTAL MONTH:   0.0 INCH    5 = HAIL
                        GRTST 24HR     0.0         6 = FREEZING RAIN OR DRIZZLE
                        GRTST DEPTH:  M  ON   M    7 = DUSTSTORM OR SANDSTORM:
                                                       VSBY 1/2 MILE OR LESS
                                                   8 = SMOKE OR HAZE
[NO. OF DAYS WITH]      [WEATHER - DAYS WITH]      9 = BLOWING SNOW
                                                   X = TORNADO
MAX 32 OR BELOW:   3    0.01 INCH OR MORE:   3
MAX 90 OR ABOVE:   0    0.10 INCH OR MORE:   0
MIN 32 OR BELOW:  13    0.50 INCH OR MORE:   0
MIN  0 OR BELOW:   2    1.00 INCH OR MORE:   0

[HDD (BASE 65) ]
TOTAL THIS MO.   635    CLEAR  (SCALE 0-3)  19
DPTR FM NORMAL  -208    PTCLDY (SCALE 4-7)   7
TOTAL FM JUL 1  5331    CLOUDY (SCALE 8-10)  1
DPTR FM NORMAL  -752

[CDD (BASE 65) ]
TOTAL THIS MO.     0
DPTR FM NORMAL     0    [PRESSURE DATA]
TOTAL FM JAN 1     0    HIGHEST SLP M ON M
DPTR FM NORMAL     0    LOWEST  SLP 29.61 ON  2

[REMARKS]
