000
CXUS55 KPIH 211200
CF6BYI

PRELIMINARY LOCAL CLIMATOLOGICAL DATA (WS FORM: F-6)

                                          STATION:   BURLEY ID
                                          MONTH:     JANUARY
                                          YEAR:      2018
                                          LATITUDE:   42 32 N
                                          LONGITUDE: 113 46 W

  TEMPERATURE IN F:       :PCPN:    SNOW:  WIND      :SUNSHINE: SKY     :PK WND
================================================================================
1   2   3   4   5  6A  6B    7    8   9   10  11  12  13   14  15   16   17  18
                                     12Z  AVG MX 2MIN
DY MAX MIN AVG DEP HDD CDD  WTR  SNW DPTH SPD SPD DIR MIN PSBL S-S WX    SPD DR
================================================================================

 1  35  15  25  -1  40   0 0.00    M    M  4.2 10 250   M    M   2        16  60
 2  35  10  23  -3  42   0 0.00    M    M  8.4 21  60   M    M   0 18     24  80
 3  40  18  29   3  36   0 0.00    M    M 10.5 20  60   M    M   0        24  70
 4  44  20  32   6  33   0 0.00    M    M  7.0 18  50   M    M   2        23  60
 5  47  24  36  10  29   0 0.00    M    M  4.1 10  20   M    M   4        14  30
 6  40  30  35   9  30   0 0.32    M    M  8.9 18 270   M    M   7 16     30 260
 7  47  31  39  13  26   0 0.00    M    M  7.8 17 200   M    M   1        25 210
 8  45  32  39  13  26   0 0.00    M    M  8.1 21  50   M    M   5        23  60
 9  47  36  42  16  23   0 0.60    M    M 10.4 21 210   M    M  10 1      32 200
10  44  34  39  13  26   0 0.14    M    M 15.6 26 250   M    M   5 1      37 290
11  48  33  41  15  24   0 0.02    M    M 12.0 23 270   M    M   9        34 270
12  50  35  43  17  22   0    T    M    M 13.0 31 270   M    M   2        43 260
13  50  30  40  14  25   0 0.00    M    M  6.6 16 260   M    M   0        20 250
14  46  27  37  10  28   0 0.00    M    M  8.7 21  70   M    M   0        26  80
15  46  29  38  11  27   0 0.00    M    M 11.6 21  60   M    M   0        33  70
16  46  30  38  11  27   0 0.00    M    M 10.4 21  60   M    M   4        24  80
17  46  29  38  11  27   0 0.00    M    M  7.3 18  70   M    M   2 1      24  60
18  52  33  43  16  22   0    T    M    M 17.2 32 210   M    M   3        44 250
19  40  33  37  10  28   0 0.16    M    M 11.3 22 260   M    M   7 1      32 270
20  36  28  32   5  33   0 0.00    M    M  9.6 16 220   M    M   2        24 260
================================================================================
SM  884  557       574   0  1.24    M    192.7          M       65
================================================================================
AV 44.2 27.9                               9.6 FASTST   M    M   3    MAX(MPH)
                                 MISC ---->  # 32 210               # 44  250
================================================================================
NOTES:
# LAST OF SEVERAL OCCURRENCES
PRECIPITATION SUSPECT DURING FREEZING/FROZEN EVENTS

COLUMN 17 PEAK WIND IN M.P.H.

PRELIMINARY LOCAL CLIMATOLOGICAL DATA (WS FORM: F-6) , PAGE 2

                                          STATION:  BURLEY ID
                                          MONTH:    JANUARY
                                          YEAR:     2018
                                          LATITUDE:   42 32 N
                                          LONGITUDE: 113 46 W

[TEMPERATURE DATA]      [PRECIPITATION DATA]       SYMBOLS USED IN COLUMN 16

AVERAGE MONTHLY: 36.0   TOTAL FOR MONTH:   1.24    1 = FOG OR MIST
DPTR FM NORMAL:   9.7   DPTR FM NORMAL:    0.61    2 = FOG REDUCING VISIBILITY
HIGHEST:    52 ON 18    GRTST 24HR  0.60 ON  9- 9      TO 1/4 MILE OR LESS
LOWEST:     10 ON  2                               3 = THUNDER
                        SNOW, ICE PELLETS, HAIL    4 = ICE PELLETS
                        TOTAL MONTH:    M          5 = HAIL
                        GRTST 24HR    M  ON   M    6 = FREEZING RAIN OR DRIZZLE
                        GRTST DEPTH:  M  ON   M    7 = DUSTSTORM OR SANDSTORM:
                                                       VSBY 1/2 MILE OR LESS
                                                   8 = SMOKE OR HAZE
[NO. OF DAYS WITH]      [WEATHER - DAYS WITH]      9 = BLOWING SNOW
                                                   X = TORNADO
MAX 32 OR BELOW:   0    0.01 INCH OR MORE:   5
MAX 90 OR ABOVE:   0    0.10 INCH OR MORE:   4
MIN 32 OR BELOW:  14    0.50 INCH OR MORE:   1
MIN  0 OR BELOW:   0    1.00 INCH OR MORE:   0

[HDD (BASE 65) ]
TOTAL THIS MO.   574    CLEAR  (SCALE 0-3)  12
DPTR FM NORMAL  -198    PTCLDY (SCALE 4-7)   6
TOTAL FM JUL 1  3161    CLOUDY (SCALE 8-10)  2
DPTR FM NORMAL  -491

[CDD (BASE 65) ]
TOTAL THIS MO.     0
DPTR FM NORMAL     0    [PRESSURE DATA]
TOTAL FM JAN 1     0    HIGHEST SLP M ON M
DPTR FM NORMAL     0    LOWEST  SLP 29.57 ON 10

[REMARKS]
