000
CXUS55 KPIH 301200
CF6BYI

PRELIMINARY LOCAL CLIMATOLOGICAL DATA (WS FORM: F-6)

                                          STATION:   BURLEY ID
                                          MONTH:     JULY
                                          YEAR:      2014
                                          LATITUDE:   42 32 N
                                          LONGITUDE: 113 46 W

  TEMPERATURE IN F:       :PCPN:    SNOW:  WIND      :SUNSHINE: SKY     :PK WND
================================================================================
1   2   3   4   5  6A  6B    7    8   9   10  11  12  13   14  15   16   17  18
                                     12Z  AVG MX 2MIN
DY MAX MIN AVG DEP HDD CDD  WTR  SNW DPTH SPD SPD DIR MIN PSBL S-S WX    SPD DR
================================================================================

 1  87  43  65  -1   0   0 0.00    M    M  7.2 15  50   M    M   0        21  60
 2  96  51  74   7   0   9 0.00    M    M  6.4 15  60   M    M   0        19  80
 3  89  57  73   6   0   8 0.00    M    M  5.1 16 160   M    M   0        22 160
 4  95  53  74   7   0   9    T    M    M  3.5 33 250   M    M   0 8      45 250
 5  90  56  73   5   0   8 0.00    M    M  7.3 17 260   M    M   0        24 270
 6  93  53  73   5   0   8 0.00    M    M  4.4 13 250   M    M   0        15 250
 7  91  56  74   6   0   9 0.00    M    M  6.8 14 240   M    M   0        20 290
 8  90  53  72   4   0   7 0.00    M    M  7.7 15 270   M    M   0        20 250
 9  90  58  74   5   0   9 0.00    M    M  9.2 18 250   M    M   0        26 250
10  89  64  77   8   0  12 0.00    M    M  8.1 15 240   M    M   2        19 230
11  91  65  78   9   0  13 0.00    M    M 10.9 30 200   M    M   0        37 200
12  92  63  78   9   0  13 0.00    M    M  4.6 12 280   M    M   0        16 250
13  95  62  79  10   0  14 0.00    M    M  5.1 14  50   M    M   0        19  50
14  99  60  80  10   0  15 0.00    M    M  9.9 21 200   M    M   0        30 200
15  88  65  77   7   0  12 0.00    M    M 13.9 23 260   M    M   0        32 260
16  86  62  74   4   0   9 0.00    M    M  6.9 14  80   M    M   0        18  60
17  88  56  72   2   0   7 0.00    M    M  5.5 14 250   M    M   0        20 250
18  89  56  73   3   0   8 0.00    M    M  8.5 17 250   M    M   1 8      23 240
19  87  53  70   0   0   5 0.00    M    M 10.8 20 260   M    M   1 8      25 260
20  89  55  72   2   0   7 0.00    M    M  6.8 20 210   M    M   1        29 210
21  83  58  71   1   0   6 0.01    M    M  8.0 17 270   M    M   1 3      26 260
22  92  54  73   2   0   8 0.00    M    M  4.9 14  30   M    M   0        17  30
23  94  58  76   5   0  11 0.00    M    M  7.1 25 250   M    M   0        32 260
24  74  51  63  -8   2   0 0.00    M    M 12.4 23 240   M    M   0        29 260
25  82  45  64  -7   1   0 0.00    M    M  7.4 14 260   M    M   0 8      18 270
26  89  48  69  -2   0   4 0.00    M    M  4.1  9 220   M    M   0 8      12 230
27  96  51  74   3   0   9 0.00    M    M  4.4 12 360   M    M   0 8      16  40
28  89  63  76   5   0  11    T    M    M  6.4 24 120   M    M   3        32 120
29  85  61  73   2   0   8 0.00    M    M  7.4 22 340   M    M   1        31 320
================================================================================
SM 2598 1630         3 239  0.01    M    210.7          M       10
================================================================================
AV 89.6 56.2                               7.3 FASTST   M    M   0    MAX(MPH)
                                 MISC ---->  # 33 250               # 45  250
================================================================================
NOTES:
# LAST OF SEVERAL OCCURRENCES

COLUMN 17 PEAK WIND IN M.P.H.

PRELIMINARY LOCAL CLIMATOLOGICAL DATA (WS FORM: F-6) , PAGE 2

                                          STATION:  BURLEY ID
                                          MONTH:    JULY
                                          YEAR:     2014
                                          LATITUDE:   42 32 N
                                          LONGITUDE: 113 46 W

[TEMPERATURE DATA]      [PRECIPITATION DATA]       SYMBOLS USED IN COLUMN 16

AVERAGE MONTHLY: 72.9   TOTAL FOR MONTH:   0.01    1 = FOG OR MIST
DPTR FM NORMAL:   3.5   DPTR FM NORMAL:   -0.27    2 = FOG REDUCING VISIBILITY
HIGHEST:    99 ON 14    GRTST 24HR  0.01 ON 21-21      TO 1/4 MILE OR LESS
LOWEST:     43 ON  1                               3 = THUNDER
                        SNOW, ICE PELLETS, HAIL    4 = ICE PELLETS
                        TOTAL MONTH:    M          5 = HAIL
                        GRTST 24HR    M  ON   M    6 = FREEZING RAIN OR DRIZZLE
                        GRTST DEPTH:  M  ON   M    7 = DUSTSTORM OR SANDSTORM:
                                                       VSBY 1/2 MILE OR LESS
                                                   8 = SMOKE OR HAZE
[NO. OF DAYS WITH]      [WEATHER - DAYS WITH]      9 = BLOWING SNOW
                                                   X = TORNADO
MAX 32 OR BELOW:   0    0.01 INCH OR MORE:   1
MAX 90 OR ABOVE:  14    0.10 INCH OR MORE:   0
MIN 32 OR BELOW:   0    0.50 INCH OR MORE:   0
MIN  0 OR BELOW:   0    1.00 INCH OR MORE:   0

[HDD (BASE 65) ]
TOTAL THIS MO.     3    CLEAR  (SCALE 0-3)  29
DPTR FM NORMAL   -17    PTCLDY (SCALE 4-7)   0
TOTAL FM JUL 1     3    CLOUDY (SCALE 8-10)  0
DPTR FM NORMAL   -17

[CDD (BASE 65) ]
TOTAL THIS MO.   239
DPTR FM NORMAL    91    [PRESSURE DATA]
TOTAL FM JAN 1   259    HIGHEST SLP M ON M
DPTR FM NORMAL    58    LOWEST  SLP 29.73 ON 10

[REMARKS]
