000
CXUS55 KPIH 231200
CF6BYI

PRELIMINARY LOCAL CLIMATOLOGICAL DATA (WS FORM: F-6)

                                          STATION:   BURLEY ID
                                          MONTH:     JANUARY
                                          YEAR:      2017
                                          LATITUDE:   42 32 N
                                          LONGITUDE: 113 46 W

  TEMPERATURE IN F:       :PCPN:    SNOW:  WIND      :SUNSHINE: SKY     :PK WND
================================================================================
1   2   3   4   5  6A  6B    7    8   9   10  11  12  13   14  15   16   17  18
                                     12Z  AVG MX 2MIN
DY MAX MIN AVG DEP HDD CDD  WTR  SNW DPTH SPD SPD DIR MIN PSBL S-S WX    SPD DR
================================================================================

 1  24  11  18  -8  47   0    T    M    M  3.9 12  50   M    M   8 1      16  40
 2  26  13  20  -6  45   0    T    M    M  6.7 14  50   M    M   8 1      19  50
 3  22  10  16 -10  49   0 0.03    M    M  9.2 16  60   M    M  10 18     22  50
 4  22  13  18  -8  47   0 0.17    M    M 16.5 26  80   M    M  10 12     34  80
 5  13 -19  -3 -29  68   0 0.00    M    M  6.3 17 100   M    M   2        23 100
 6   8 -24  -8 -34  73   0 0.00    M    M  8.3 22  50   M    M   2 18     27  50
 7  30  -2  14 -12  51   0 0.05    M    M 15.8 33 200   M    M   5 12     43 190
 8  43  28  36  10  29   0 0.33    M    M 15.0 35 200   M    M   9 16     43 190
 9  44  30  37  11  28   0 0.14    M    M 14.1 29 200   M    M   9 1      36 190
10  41  31  36  10  29   0 0.47    M    M 14.1 36 240   M    M  10 1      44 250
11  41  31  36  10  29   0 0.10    M    M 12.8 29 210   M    M   8 1      41 210
12  32  20  26   0  39   0 0.00    M    M  7.7 15  60   M    M   1        19  60
13  26  12  19  -7  46   0 0.00    M    M  6.4 15  60   M    M   0        19  60
14  23   9  16 -11  49   0 0.00    M    M  6.9 15  60   M    M   0        19  80
15  18   5  12 -15  53   0    T    M    M  2.7  8 300   M    M   6 18     11 260
16  21   8  15 -12  50   0    T    M    M  4.3 10  50   M    M   5 18     13  50
17  23   5  14 -13  51   0 0.00    M    M 11.1 18  50   M    M   0        22  40
18  37  14  26  -1  39   0 0.28    M    M  8.7 25 200   M    M   5 168    33 190
19  38  33  36   9  29   0 0.19    M    M 14.3 30 190   M    M   9 1      38 190
20  37  27  32   5  33   0 0.01    M    M  7.2 17 190   M    M   6 1      22 190
21  37  29  33   6  32   0    T    M    M  7.9 17 200   M    M   8 1      22 200
22  39  30  35   8  30   0    T    M    M 10.2 25 200   M    M   8 1      33 220
================================================================================
SM  645  314       946   0  1.77    M    210.1          M      129
================================================================================
AV 29.3 14.3                               9.5 FASTST   M    M   6    MAX(MPH)
                                 MISC ---->  # 36 240               # 44  250
================================================================================
NOTES:
# LAST OF SEVERAL OCCURRENCES
PRECIPITATION SUSPECT DURING FREEZING/FROZEN EVENTS

COLUMN 17 PEAK WIND IN M.P.H.

PRELIMINARY LOCAL CLIMATOLOGICAL DATA (WS FORM: F-6) , PAGE 2

                                          STATION:  BURLEY ID
                                          MONTH:    JANUARY
                                          YEAR:     2017
                                          LATITUDE:   42 32 N
                                          LONGITUDE: 113 46 W

[TEMPERATURE DATA]      [PRECIPITATION DATA]       SYMBOLS USED IN COLUMN 16

AVERAGE MONTHLY: 21.8   TOTAL FOR MONTH:   1.77    1 = FOG OR MIST
DPTR FM NORMAL:  -4.6   DPTR FM NORMAL:    1.09    2 = FOG REDUCING VISIBILITY
HIGHEST:    44 ON  9    GRTST 24HR  0.48 ON 10-11      TO 1/4 MILE OR LESS
LOWEST:    -24 ON  6                               3 = THUNDER
                        SNOW, ICE PELLETS, HAIL    4 = ICE PELLETS
                        TOTAL MONTH:    M          5 = HAIL
                        GRTST 24HR    M  ON   M    6 = FREEZING RAIN OR DRIZZLE
                        GRTST DEPTH:  M  ON   M    7 = DUSTSTORM OR SANDSTORM:
                                                       VSBY 1/2 MILE OR LESS
                                                   8 = SMOKE OR HAZE
[NO. OF DAYS WITH]      [WEATHER - DAYS WITH]      9 = BLOWING SNOW
                                                   X = TORNADO
MAX 32 OR BELOW:  13    0.01 INCH OR MORE:  10
MAX 90 OR ABOVE:   0    0.10 INCH OR MORE:   7
MIN 32 OR BELOW:  21    0.50 INCH OR MORE:   0
MIN  0 OR BELOW:   3    1.00 INCH OR MORE:   0

[HDD (BASE 65) ]
TOTAL THIS MO.   946    CLEAR  (SCALE 0-3)   6
DPTR FM NORMAL    98    PTCLDY (SCALE 4-7)   9
TOTAL FM JUL 1  3591    CLOUDY (SCALE 8-10)  7
DPTR FM NORMAL  -137

[CDD (BASE 65) ]
TOTAL THIS MO.     0
DPTR FM NORMAL     0    [PRESSURE DATA]
TOTAL FM JAN 1     0    HIGHEST SLP M ON M
DPTR FM NORMAL     0    LOWEST  SLP 29.28 ON 21

[REMARKS]
