000
CXUS54 KHGX 211415
CF6BYY
PRELIMINARY LOCAL CLIMATOLOGICAL DATA (WS FORM: F-6)

                                          STATION:   Bay City
                                          MONTH:     SEPTEMBER
                                          YEAR:      2014
                                          LATITUDE:   28 58 N
                                          LONGITUDE:  95 52 W

  TEMPERATURE IN F:       :PCPN:    SNOW:  WIND      :SUNSHINE: SKY     :PK WND
================================================================================
1   2   3   4   5  6A  6B    7    8   9   10  11  12  13   14  15   16   17  18
                                     12Z  AVG MX 2MIN
DY MAX MIN AVG DEP HDD CDD  WTR  SNW DPTH SPD SPD DIR MIN PSBL S-S WX    SPD DR
================================================================================

 1  92  76  84   M   0  19 0.00  0.0    0  6.6 13 160   M    M   2 1      18 150
 2  92  78  85   M   0  20 0.00  0.0    0  8.0 16 130   M    M   3        23 150
 3  93  77  85   M   0  20 0.00  0.0    0  7.4 15 130   M    M   2        20 130
 4  91  78  85   M   0  20 0.00  0.0    0  6.6 13 140   M    M   1        17 160
 5  91  77  84   M   0  19 0.11  0.0    0  4.5 13 120   M    M   3 1       M  M
 6  91  75  83   M   0  18 0.67  0.0    0  2.3 12 150   M    M   2 1       M  M
 7  88  73  81   M   0  16 0.07  0.0    0  1.3  9 250   M    M   3 13      M  M
 8  93  71  82   M   0  17 0.00  0.0    0  1.4  8 160   M    M   1 1       M  M
 9  91  75  83   M   0  18 0.00  0.0    0  4.6 14 170   M    M   2 1       M  M
10  92  77  85   M   0  20 0.00  0.0    0  7.3 14 180   M    M   2        17 170
11  93  79  86   M   0  21 0.00  0.0    0  4.9 12 150   M    M   2         M  M
12  89  77  83   M   0  18 0.28  0.0    0  4.3  8 110   M    M   4         M  M
13  80  73  77   M   0  12 0.02  0.0    0  8.0 13  30   M    M  10 8      20  30
14  77  68  73   M   0   8 0.00  0.0    0  5.6  9  50   M    M  10 18      M  M
15  91  73  82   M   0  17 0.00  0.0    0  6.0 12  80   M    M   3 8      16  10
16  88  77  83   M   0  18 0.00  0.0    0  3.3  9 180   M    M   3 8       M  M
17  88  75  82   M   0  17 0.00  0.0    0  2.3  8 100   M    M   3 18      M  M
18  85  77  81   M   0  16 0.01  0.0    0  3.5  9  90   M    M   4        13 240
19  85  80  83   M   0  18 0.02  0.0    0  4.5 10  50   M    M   4         M  M
20  88  79  84   M   0  19 0.04  0.0    0  4.9 12  80   M    M   3        16  70
================================================================================
SM 1778 1515         0 351  1.22     0.0  97.3          M       67
================================================================================
AV 88.9 75.8                               4.9 FASTST   M    M   3    MAX(MPH)
                                 MISC ---->    16   M               # 23  150
================================================================================
NOTES:
# LAST OF SEVERAL OCCURRENCES

COLUMN 17 PEAK WIND IN M.P.H.

PRELIMINARY LOCAL CLIMATOLOGICAL DATA (WS FORM: F-6) , PAGE 2

                                          STATION:  Bay City
                                          MONTH:    SEPTEMBER
                                          YEAR:     2014
                                          LATITUDE:   28 58 N
                                          LONGITUDE:  95 52 W

[TEMPERATURE DATA]      [PRECIPITATION DATA]       SYMBOLS USED IN COLUMN 16

AVERAGE MONTHLY: 82.3   TOTAL FOR MONTH:   1.22    1 = FOG OR MIST
DPTR FM NORMAL:     M   DPTR FM NORMAL:       M    2 = FOG REDUCING VISIBILITY
HIGHEST:    93 ON 11, 8 GRTST 24HR  0.67 ON  6- 6      TO 1/4 MILE OR LESS
LOWEST:     68 ON 14                               3 = THUNDER
                        SNOW, ICE PELLETS, HAIL    4 = ICE PELLETS
                        TOTAL MONTH:   0.0 INCH    5 = HAIL
                        GRTST 24HR     0.0         6 = FREEZING RAIN OR DRIZZLE
                        GRTST DEPTH:   0           7 = DUSTSTORM OR SANDSTORM:
                                                       VSBY 1/2 MILE OR LESS
                                                   8 = SMOKE OR HAZE
[NO. OF DAYS WITH]      [WEATHER - DAYS WITH]      9 = BLOWING SNOW
                                                   X = TORNADO
MAX 32 OR BELOW:   0    0.01 INCH OR MORE:   8
MAX 90 OR ABOVE:  11    0.10 INCH OR MORE:   3
MIN 32 OR BELOW:   0    0.50 INCH OR MORE:   1
MIN  0 OR BELOW:   0    1.00 INCH OR MORE:   0

[HDD (BASE 65) ]
TOTAL THIS MO.     0    CLEAR  (SCALE 0-3)  14
DPTR FM NORMAL     M    PTCLDY (SCALE 4-7)   4
TOTAL FM JUL 1     0    CLOUDY (SCALE 8-10)  2
DPTR FM NORMAL     M

[CDD (BASE 65) ]
TOTAL THIS MO.   351
DPTR FM NORMAL     M    [PRESSURE DATA]
TOTAL FM JAN 1  2712    HIGHEST SLP M ON M
DPTR FM NORMAL     M    LOWEST  SLP M ON M

[REMARKS]
