000
CXUS51 KCLE 200800
CF6CAK
PRELIMINARY LOCAL CLIMATOLOGICAL DATA (WS FORM: F-6)

                                          STATION:   AKRON CANTON OH
                                          MONTH:     JANUARY
                                          YEAR:      2018
                                          LATITUDE:   40 55 N
                                          LONGITUDE:  81 26 W

  TEMPERATURE IN F:       :PCPN:    SNOW:  WIND      :SUNSHINE: SKY     :PK WND
================================================================================
1   2   3   4   5  6A  6B    7    8   9   10  11  12  13   14  15   16   17  18
                                     12Z  AVG MX 2MIN
DY MAX MIN AVG DEP HDD CDD  WTR  SNW DPTH SPD SPD DIR MIN PSBL S-S WX    SPD DR
================================================================================

 1  10  -2   4 -23  61   0    T    T    1  9.3 20 290   M    M   6 18     25 300
 2  13   2   8 -19  57   0 0.01  0.3    1 11.1 22 220   M    M   6        27 230
 3  21   0  11 -15  54   0 0.01  0.2    1 10.7 20 210   M    M   5        22 210
 4  16   2   9 -17  56   0 0.03  1.0    2 13.3 22 310   M    M   9 9      29 300
 5   9  -4   3 -23  62   0 0.00  0.0    2 13.2 25 290   M    M   2 9      34 280
 6  10  -2   4 -22  61   0    T    T    2  9.2 18 320   M    M   3 8      25 290
 7  28  -3  13 -13  52   0 0.00  0.0    2 11.7 20 190   M    M   7        24 180
 8  35  28  32   6  33   0 0.21  0.8    1 14.7 24 210   M    M  10 146    30 220
 9  34  27  31   5  34   0 0.00  0.0    2  5.7 12 280   M    M   7 18     15 290
10  50  25  38  12  27   0    T  0.0    1 10.4 17 170   M    M   6 18     20 170
11  61  50  56  30   9   0 0.39  0.0    0 15.0 25 190   M    M  10 18     34 180
12  58  18  38  12  27   0 0.68  1.9    0 16.1 32 320   M    M  10 146    42 310
13  18  11  15 -11  50   0 0.12  2.5    2 13.6 29 340   M    M  10 129    39 350
14  19  10  15 -11  50   0    T    T    3  4.1 10 190   M    M   7        13 180
15  26   9  18  -8  47   0 0.15  2.8    3  9.3 17 170   M    M  10 1      20 160
16  26   2  14 -12  51   0 0.01  0.2    4  6.1 14 240   M    M   7 18     14 240
17  14   0   7 -19  58   0    T  0.2    4  8.7 15 220   M    M   6 18     18 220
18  27   7  17  -9  48   0 0.00  0.0    4 15.4 20 230   M    M   1        28 230
19  35  17  26   0  39   0 0.00  0.0    3 16.4 23 210   M    M   1        29 210
================================================================================
SM  510  197       876   0  1.61     9.9 214.0          M      123
================================================================================
AV 26.8 10.4                              11.3 FASTST   M    M   6    MAX(MPH)
                                 MISC ---->  # 32 320               # 42  310
================================================================================
NOTES:
# LAST OF SEVERAL OCCURRENCES

COLUMN 17 PEAK WIND IN M.P.H.

PRELIMINARY LOCAL CLIMATOLOGICAL DATA (WS FORM: F-6) , PAGE 2

                                          STATION:  AKRON CANTON OH
                                          MONTH:    JANUARY
                                          YEAR:     2018
                                          LATITUDE:   40 55 N
                                          LONGITUDE:  81 26 W

[TEMPERATURE DATA]      [PRECIPITATION DATA]       SYMBOLS USED IN COLUMN 16

AVERAGE MONTHLY: 18.6   TOTAL FOR MONTH:   1.61    1 = FOG OR MIST
DPTR FM NORMAL:  -7.5   DPTR FM NORMAL:   -0.02    2 = FOG REDUCING VISIBILITY
HIGHEST:    61 ON 11    GRTST 24HR  0.68 ON 12-12      TO 1/4 MILE OR LESS
LOWEST:     -4 ON  5                               3 = THUNDER
                        SNOW, ICE PELLETS, HAIL    4 = ICE PELLETS
                        TOTAL MONTH:   9.9 INCHES  5 = HAIL
                        GRTST 24HR   2.8 ON 15-15  6 = FREEZING RAIN OR DRIZZLE
                        GRTST DEPTH:   4 ON 18,17  7 = DUSTSTORM OR SANDSTORM:
                                                       VSBY 1/2 MILE OR LESS
                                                   8 = SMOKE OR HAZE
[NO. OF DAYS WITH]      [WEATHER - DAYS WITH]      9 = BLOWING SNOW
                                                   X = TORNADO
MAX 32 OR BELOW:  13    0.01 INCH OR MORE:   9
MAX 90 OR ABOVE:   0    0.10 INCH OR MORE:   5
MIN 32 OR BELOW:  18    0.50 INCH OR MORE:   1
MIN  0 OR BELOW:   6    1.00 INCH OR MORE:   0

[HDD (BASE 65) ]
TOTAL THIS MO.   876    CLEAR  (SCALE 0-3)   3
DPTR FM NORMAL   137    PTCLDY (SCALE 4-7)  10
TOTAL FM JUL 1  2994    CLOUDY (SCALE 8-10)  6
DPTR FM NORMAL   -75

[CDD (BASE 65) ]
TOTAL THIS MO.     0
DPTR FM NORMAL     0    [PRESSURE DATA]
TOTAL FM JAN 1     0    HIGHEST SLP M ON M
DPTR FM NORMAL     0    LOWEST  SLP 29.62 ON 12

[REMARKS]
