000
CXUS51 KCLE 241004
CF6CAK
PRELIMINARY LOCAL CLIMATOLOGICAL DATA (WS FORM: F-6)

                                          STATION:   AKRON CANTON OH
                                          MONTH:     DECEMBER
                                          YEAR:      2014
                                          LATITUDE:   40 55 N
                                          LONGITUDE:  81 26 W

  TEMPERATURE IN F:       :PCPN:    SNOW:  WIND      :SUNSHINE: SKY     :PK WND
================================================================================
1   2   3   4   5  6A  6B    7    8   9   10  11  12  13   14  15   16   17  18
                                     12Z  AVG MX 2MIN
DY MAX MIN AVG DEP HDD CDD  WTR  SNW DPTH SPD SPD DIR MIN PSBL S-S WX    SPD DR
================================================================================

 1  58  26  42   7  23   0 0.04  0.0    0 11.6 20 320   M    M  10 18     25 350
 2  35  23  29  -6  36   0 0.01  0.1    0  9.0 15  80   M    M   7 146    20  80
 3  39  27  33  -2  32   0    T    T    0 10.2 21 260   M    M   7 1      28 270
 4  35  23  29  -5  36   0 0.00  0.0    0  3.3  9  80   M    M   6 8      12  80
 5  41  30  36   2  29   0 0.35    T    0  4.8 10 150   M    M  10 18     13 150
 6  41  33  37   3  28   0 0.68  0.0    0 13.4 24  20   M    M  10 18     32  30
 7  39  26  33   0  32   0 0.00  0.0    0  8.5 15  30   M    M   5        17  50
 8  43  31  37   4  28   0 0.02  0.0    0 12.3 22 160   M    M  10        29 160
 9  42  36  39   7  26   0 0.02  0.0    0  7.9 17 340   M    M   9 1      22 350
10  36  27  32   0  33   0 0.05  0.3    0 15.1 22 320   M    M  10 1      31 350
11  34  24  29  -3  36   0    T    T    0 13.5 20 280   M    M   9 8      25 280
12  30  24  27  -4  38   0 0.00  0.0    0  8.3 16 300   M    M   8 18     21 300
13  42  27  35   4  30   0 0.00  0.0    0  8.4 16 240   M    M  10 12     22 250
14  47  42  45  14  20   0 0.01  0.0    0  7.2 16 310   M    M  10 18     23 300
15  51  39  45  15  20   0    T  0.0    0  6.2 18 150   M    M   8 18     23 140
16  51  42  47  17  18   0 0.32  0.0    0 11.0 22 260   M    M  10 18     28 260
17  42  28  35   5  30   0 0.03  0.1    0 14.9 23 280   M    M  10 1      30 270
18  29  28  29  -1  36   0    T    T    T  8.3 20 280   M    M  10 1      24 320
19  31  28  30   1  35   0 0.01    T    T  6.6 13 280   M    M  10 168    16 270
20  30  28  29   0  36   0    T    T    0  1.2  6  50   M    M  10         7  50
21  31  25  28  -1  37   0    T    T    0  3.1  8 100   M    M   8 18     10 120
22  45  22  34   6  31   0 0.00  0.0    0  7.4 13 100   M    M   6 18     18 100
23  53  37  45  17  20   0 0.12  0.0    0  8.7 15 160   M    M  10 1      18 130
================================================================================
SM  925  676       690   0  1.66     0.5 200.9          M      203
================================================================================
AV 40.2 29.4                               8.7 FASTST   M    M   9    MAX(MPH)
                                 MISC ---->  # 24  20               # 32   30
================================================================================
NOTES:
# LAST OF SEVERAL OCCURRENCES

COLUMN 17 PEAK WIND IN M.P.H.

PRELIMINARY LOCAL CLIMATOLOGICAL DATA (WS FORM: F-6) , PAGE 2

                                          STATION:  AKRON CANTON OH
                                          MONTH:    DECEMBER
                                          YEAR:     2014
                                          LATITUDE:   40 55 N
                                          LONGITUDE:  81 26 W

[TEMPERATURE DATA]      [PRECIPITATION DATA]       SYMBOLS USED IN COLUMN 16

AVERAGE MONTHLY: 34.8   TOTAL FOR MONTH:   1.66    1 = FOG OR MIST
DPTR FM NORMAL:   3.3   DPTR FM NORMAL:   -0.48    2 = FOG REDUCING VISIBILITY
HIGHEST:    58 ON  1    GRTST 24HR  1.03 ON  5- 6      TO 1/4 MILE OR LESS
LOWEST:     22 ON 22                               3 = THUNDER
                        SNOW, ICE PELLETS, HAIL    4 = ICE PELLETS
                        TOTAL MONTH:   0.5 INCH    5 = HAIL
                        GRTST 24HR   0.3 ON   M    6 = FREEZING RAIN OR DRIZZLE
                        GRTST DEPTH:   0           7 = DUSTSTORM OR SANDSTORM:
                                                       VSBY 1/2 MILE OR LESS
                                                   8 = SMOKE OR HAZE
[NO. OF DAYS WITH]      [WEATHER - DAYS WITH]      9 = BLOWING SNOW
                                                   X = TORNADO
MAX 32 OR BELOW:   5    0.01 INCH OR MORE:  12
MAX 90 OR ABOVE:   0    0.10 INCH OR MORE:   4
MIN 32 OR BELOW:  17    0.50 INCH OR MORE:   1
MIN  0 OR BELOW:   0    1.00 INCH OR MORE:   0

[HDD (BASE 65) ]
TOTAL THIS MO.   690    CLEAR  (SCALE 0-3)   0
DPTR FM NORMAL   -82    PTCLDY (SCALE 4-7)   8
TOTAL FM JUL 1  1973    CLOUDY (SCALE 8-10) 15
DPTR FM NORMAL   -58

[CDD (BASE 65) ]
TOTAL THIS MO.     0
DPTR FM NORMAL     0    [PRESSURE DATA]
TOTAL FM JAN 1   719    HIGHEST SLP M ON M
DPTR FM NORMAL    67    LOWEST  SLP 29.72 ON 16

[REMARKS]
