150
CXUS55 KABQ 301000
CF6CAO
PRELIMINARY LOCAL CLIMATOLOGICAL DATA (WS FORM: F-6)

                                          STATION:   CLAYTON  NM
                                          MONTH:     AUGUST
                                          YEAR:      2016
                                          LATITUDE:   36 27 N
                                          LONGITUDE: 103  9 W

  TEMPERATURE IN F:       :PCPN:    SNOW:  WIND      :SUNSHINE: SKY     :PK WND
================================================================================
1   2   3   4   5  6A  6B    7    8   9   10  11  12  13   14  15   16   17  18
                                     12Z  AVG MX 2MIN
DY MAX MIN AVG DEP HDD CDD  WTR  SNW DPTH SPD SPD DIR MIN PSBL S-S WX    SPD DR
================================================================================

 1  94  63  79   5   0  14 0.18  0.0    0 10.1 26 250   M    M   2 3      35 250
 2  92  64  78   4   0  13 0.47  0.0    0 10.2 28 110   M    M   2 13     35 100
 3  88  66  77   3   0  12 0.00  0.0    0 14.0 25 190   M    M   3        31 180
 4  92  65  79   5   0  14 0.27  0.0    0 12.8 21 360   M    M   3 13     30 360
 5  84  57  71  -3   0   6 2.08  0.0    0  9.2 32 280   M    M   4 13     43 280
 6  88  64  76   2   0  11 0.89  0.0    0 12.3 33 230   M    M   4 13     48 230
 7  90  60  75   1   0  10 0.16  0.0    0  8.7 30 310   M    M   2 13     38 290
 8  91  61  76   2   0  11    T  0.0    0  8.0 38 360   M    M   1 3      46 360
 9  89  59  74   0   0   9 0.00  0.0    0 10.7 20 160   M    M   0        29 130
10  92  64  78   4   0  13 0.00  0.0    0 12.1 23 190   M    M   0        27 190
11  87  64  76   2   0  11 0.01  0.0    0  7.9 22 310   M    M   2 3      27 320
12  82  59  71  -3   0   6 0.00  0.0    0 10.4 23 360   M    M   2        32 360
13  83  57  70  -4   0   5 0.59  0.0    0  9.4 38 290   M    M   2 138    50 290
14  80  58  69  -5   0   4 0.00  0.0    0  7.6 21 180   M    M   0        25 180
15  84  56  70  -4   0   5 0.00  0.0    0 12.6 25 200   M    M   0        31 190
16  87  61  74   0   0   9 0.00  0.0    0 11.4 25 290   M    M   1        33 290
17  87  59  73   0   0   8 0.00  0.0    0  8.8 24 150   M    M   0        30 150
18  87  58  73   0   0   8    T  0.0    0 11.3 21 160   M    M   2        27 150
19  83  56  70  -3   0   5 0.64  0.0    0 10.0 46 300   M    M   3 138    59 300
20  74  54  64  -9   1   0    T  0.0    0 10.3 28 360   M    M   3 1      35 360
21  80  55  68  -5   0   3 0.00  0.0    0 13.5 26 190   M    M   2 1      32 200
22  82  58  70  -3   0   5 0.00  0.0    0 18.7 33 200   M    M   1        39 200
23  90  58  74   1   0   9 0.00  0.0    0 14.7 23 310   M    M   0        31 270
24  82  58  70  -3   0   5 0.27  0.0    0  8.7 31 310   M    M   1 3      38 310
25  77  55  66  -6   0   1    T  0.0    0  7.6 18 100   M    M   3 1      22 100
26  80  56  68  -4   0   3 0.20  0.0    0 10.4 22 190   M    M   2 13     29 260
27  83  56  70  -2   0   5 0.73  0.0    0 10.4 28 240   M    M   1 13     38 240
28  84  58  71  -1   0   6 0.00  0.0    0  9.7 23 140   M    M   2 1      28 150
29  72  58  65  -7   0   0    T  0.0    0  6.8 15 310   M    M   8        20 340
================================================================================
SM 2464 1717         1 211  6.49     0.0 308.3          M       56
================================================================================
AV 85.0 59.2                              10.6 FASTST   M    M   2    MAX(MPH)
                                 MISC ---->  # 46 300               # 59  300
================================================================================
NOTES:
# LAST OF SEVERAL OCCURRENCES

COLUMN 17 PEAK WIND IN M.P.H.

PRELIMINARY LOCAL CLIMATOLOGICAL DATA (WS FORM: F-6) , PAGE 2

                                          STATION:  CLAYTON  NM
                                          MONTH:    AUGUST
                                          YEAR:     2016
                                          LATITUDE:   36 27 N
                                          LONGITUDE: 103  9 W

[TEMPERATURE DATA]      [PRECIPITATION DATA]       SYMBOLS USED IN COLUMN 16

AVERAGE MONTHLY: 72.1   TOTAL FOR MONTH:   6.49    1 = FOG OR MIST
DPTR FM NORMAL:  -1.3   DPTR FM NORMAL:    3.70    2 = FOG REDUCING VISIBILITY
HIGHEST:    94 ON  1    GRTST 24HR  2.90 ON  5- 6      TO 1/4 MILE OR LESS
LOWEST:     54 ON 20                               3 = THUNDER
                        SNOW, ICE PELLETS, HAIL    4 = ICE PELLETS
                        TOTAL MONTH:   0.0 INCH    5 = HAIL
                        GRTST 24HR     0.0         6 = FREEZING RAIN OR DRIZZLE
                        GRTST DEPTH:   0           7 = DUSTSTORM OR SANDSTORM:
                                                       VSBY 1/2 MILE OR LESS
                                                   8 = SMOKE OR HAZE
[NO. OF DAYS WITH]      [WEATHER - DAYS WITH]      9 = BLOWING SNOW
                                                   X = TORNADO
MAX 32 OR BELOW:   0    0.01 INCH OR MORE:  12
MAX 90 OR ABOVE:   7    0.10 INCH OR MORE:  11
MIN 32 OR BELOW:   0    0.50 INCH OR MORE:   5
MIN  0 OR BELOW:   0    1.00 INCH OR MORE:   1

[HDD (BASE 65) ]
TOTAL THIS MO.     1    CLEAR  (SCALE 0-3)  24
DPTR FM NORMAL     1    PTCLDY (SCALE 4-7)   4
TOTAL FM JUL 1     1    CLOUDY (SCALE 8-10)  1
DPTR FM NORMAL    -1

[CDD (BASE 65) ]
TOTAL THIS MO.   211
DPTR FM NORMAL   -34    [PRESSURE DATA]
TOTAL FM JAN 1   935    HIGHEST SLP M ON M
DPTR FM NORMAL   153    LOWEST  SLP 29.74 ON  9

[REMARKS]
