000
CXAK56 PAFC 191308
CF6CDB

PRELIMINARY LOCAL CLIMATOLOGICAL DATA (WS FORM: F-6)

                                          STATION:   COLD BAY
                                          MONTH:     OCTOBER
                                          YEAR:      2017
                                          LATITUDE:   55 13 N
                                          LONGITUDE: 162 44 W

  TEMPERATURE IN F:       :PCPN:    SNOW:  WIND      :SUNSHINE: SKY     :PK WND
================================================================================
1   2   3   4   5  6A  6B    7    8   9   10  11  12  13   14  15   16   17  18
                                     12Z  AVG MX 2MIN
DY MAX MIN AVG DEP HDD CDD  WTR  SNW DPTH SPD SPD DIR MIN PSBL S-S WX    SPD DR
================================================================================

 1  50  31  41  -3  24   0 0.04  0.0    0 11.2 25  10   M    M   7 1      31 360
 2  49  43  46   2  19   0 0.08  0.0    0  9.8 22 290   M    M   9 1      26 300
 3  50  43  47   3  18   0 0.04  0.0    0  3.5 10 250   M    M  10 1       M  M
 4  58  43  51   7  14   0 0.27  0.0    0 21.9 39 250   M    M   8 1      48 260
 5  51  46  49   6  16   0    T  0.0    0 33.1 48 260   M    M  10 18     62 250
 6  52  42  47   4  18   0    T  0.0    0 18.1 33 260   M    M   7 1      43 260
 7  57  41  49   6  16   0 0.25  0.0    0 27.6 53 260   M    M   9 1      73 250
 8  49  41  45   3  20   0 0.12  0.0    0 19.4 30 290   M    M   7 1      38 280
 9  54  39  47   5  18   0 0.00  0.0    0 10.0 16 230   M    M   2 8       M  M
10  53  36  45   3  20   0 0.00  0.0    0  9.9 18 230   M    M   7        35 220
11  53  47  50   8  15   0 0.28  0.0    0 31.2 51 150   M    M   8 1      61 150
12  55  41  48   7  17   0 0.13  0.0    0 12.7 36 160   M    M   5 1      45 160
13  53  32  43   2  22   0 0.12  0.0    0  9.6 21 150   M    M   2 1      31 150
14  49  39  44   3  21   0 0.39  0.0    0 14.2 21 270   M    M   9 1      30 300
15  47  35  41   0  24   0 0.46  0.0    0 12.1 25 250   M    M   6 1      31 250
16  46  30  38  -2  27   0 0.09  0.0    0  9.5 22 130   M    M   5 1      30 120
17  45  39  42   2  23   0 0.09  0.0    0 22.0 31 360   M    M   9 1      39 340
18  45  37  41   1  24   0 0.09  0.0    0 20.3 27 300   M    M   6 14     37 300
================================================================================
SM  916  705       356   0  2.45     0.0 296.1          M      126
================================================================================
AV 50.9 39.2                              16.4 FASTST   M    M   7    MAX(MPH)
                                 MISC ---->  # 53 260               # 73  250
================================================================================
NOTES:
# LAST OF SEVERAL OCCURRENCES

COLUMN 17 PEAK WIND IN M.P.H.

PRELIMINARY LOCAL CLIMATOLOGICAL DATA (WS FORM: F-6) , PAGE 2

                                          STATION:  COLD BAY
                                          MONTH:    OCTOBER
                                          YEAR:     2017
                                          LATITUDE:   55 13 N
                                          LONGITUDE: 162 44 W

[TEMPERATURE DATA]      [PRECIPITATION DATA]       SYMBOLS USED IN COLUMN 16

AVERAGE MONTHLY: 45.0   TOTAL FOR MONTH:   2.45    1 = FOG OR MIST
DPTR FM NORMAL:   3.0   DPTR FM NORMAL:   -0.36    2 = FOG REDUCING VISIBILITY
HIGHEST:    58 ON  4    GRTST 24HR  0.46 ON 15-15      TO 1/4 MILE OR LESS
LOWEST:     30 ON 16                               3 = THUNDER
                        SNOW, ICE PELLETS, HAIL    4 = ICE PELLETS
                        TOTAL MONTH:   0.0 INCH    5 = HAIL
                        GRTST 24HR     0.0         6 = FREEZING RAIN OR DRIZZLE
                        GRTST DEPTH:   0           7 = DUSTSTORM OR SANDSTORM:
                                                       VSBY 1/2 MILE OR LESS
                                                   8 = SMOKE OR HAZE
[NO. OF DAYS WITH]      [WEATHER - DAYS WITH]      9 = BLOWING SNOW
                                                   X = TORNADO
MAX 32 OR BELOW:   0    0.01 INCH OR MORE:  14
MAX 90 OR ABOVE:   0    0.10 INCH OR MORE:   8
MIN 32 OR BELOW:   3    0.50 INCH OR MORE:   0
MIN  0 OR BELOW:   0    1.00 INCH OR MORE:   0

[HDD (BASE 65) ]
TOTAL THIS MO.   356    CLEAR  (SCALE 0-3)   2
DPTR FM NORMAL   -58    PTCLDY (SCALE 4-7)  10
TOTAL FM JUL 1  1608    CLOUDY (SCALE 8-10)  6
DPTR FM NORMAL  -152

[CDD (BASE 65) ]
TOTAL THIS MO.     0
DPTR FM NORMAL     0    [PRESSURE DATA]
TOTAL FM JAN 1     0    HIGHEST SLP M ON M
DPTR FM NORMAL     0    LOWEST  SLP 28.88 ON 17

[REMARKS]
