000
CXUS56 KSLC 251227
CF6CDC
PRELIMINARY LOCAL CLIMATOLOGICAL DATA (WS FORM: F-6)

                                          STATION:   CEDAR CITY UT
                                          MONTH:     SEPTEMBER
                                          YEAR:      2017
                                          LATITUDE:   37 42 N
                                          LONGITUDE: 113  6 W

  TEMPERATURE IN F:       :PCPN:    SNOW:  WIND      :SUNSHINE: SKY     :PK WND
================================================================================
1   2   3   4   5  6A  6B    7    8   9   10  11  12  13   14  15   16   17  18
                                     12Z  AVG MX 2MIN
DY MAX MIN AVG DEP HDD CDD  WTR  SNW DPTH SPD SPD DIR MIN PSBL S-S WX    SPD DR
================================================================================

 1  91  50  71   4   0   6 0.00  0.0    0  5.8 20 340   M    M   0        36 340
 2  94  51  73   6   0   8 0.00  0.0    0  4.5 15 100   M    M   0        16 100
 3  91  55  73   6   0   8    T  0.0    0  5.1 20 120   M    M   1 3      42  80
 4  95  54  75   9   0  10 0.00  0.0    0  6.3 18 220   M    M   0        23 210
 5  94  52  73   7   0   8 0.00  0.0    0  7.3 25 200   M    M   0        32 210
 6  92  56  74   8   0   9 0.00  0.0    0  9.1 22 110   M    M   1        30 200
 7  87  55  71   6   0   6 0.00  0.0    0  7.9 22 200   M    M   0 3      29 200
 8  75  51  63  -2   2   0    T  0.0    0  7.6 22 190   M    M   4        28 190
 9  76  55  66   1   0   1 0.09  0.0    0  6.5 20 200   M    M   5 1      24 200
10  86  49  68   4   0   3 0.00  0.0    0  3.7 14 130   M    M   2        17 130
11  89  50  70   6   0   5    T  0.0    0  4.6 17 180   M    M   1 3      22 180
12  89  55  72   9   0   7 0.00  0.0    0  6.5 24 200   M    M   1        29 210
13  83  50  67   4   0   2 0.01  0.0    0  6.9 28 180   M    M   2 3      35 180
14  69  53  61  -2   4   0 0.61  0.0    0  8.1 33 160   M    M   5 13     44 160
15  67  47  57  -5   8   0 0.09    M    0  5.4 15  30   M    M   7 13     21  30
16  71  41  56  -6   9   0 0.00  0.0    0  3.1  9 310   M    M   1 1      12 320
17  76  44  60  -1   5   0 0.00  0.0    0  5.8 15 200   M    M   2        22 200
18  77  43  60  -1   5   0 0.00  0.0    0 12.8 31 190   M    M   0        39 190
19  76  51  64   4   1   0 0.00  0.0    0 16.8 26 200   M    M   0        35 200
20  77  41  59  -1   6   0 0.00  0.0    0 15.0 30 200   M    M   0        41 210
21  75  37  56  -4   9   0 0.40    M    0 25.0 43 180   M    M   2 13     55 200
22  62  36  49 -10  16   0 0.03    M    0  5.4 17 220   M    M   4 12     24 210
23  50  32  41 -18  24   0 0.16    M    0  6.1 18 270   M    M   8 13     23 280
24  55  33  44 -14  21   0    T    M    0  5.6 15 360   M    M   5 12     20 350
================================================================================
SM 1897 1141       110  73  1.39     0.0 190.9          M       51
================================================================================
AV 79.0 47.5                               8.0 FASTST   M    M   2    MAX(MPH)
                                 MISC ---->  # 43 180               # 55  200
================================================================================
NOTES:
# LAST OF SEVERAL OCCURRENCES

COLUMN 17 PEAK WIND IN M.P.H.

PRELIMINARY LOCAL CLIMATOLOGICAL DATA (WS FORM: F-6) , PAGE 2

                                          STATION:  CEDAR CITY UT
                                          MONTH:    SEPTEMBER
                                          YEAR:     2017
                                          LATITUDE:   37 42 N
                                          LONGITUDE: 113  6 W

[TEMPERATURE DATA]      [PRECIPITATION DATA]       SYMBOLS USED IN COLUMN 16

AVERAGE MONTHLY: 63.3   TOTAL FOR MONTH:   1.39    1 = FOG OR MIST
DPTR FM NORMAL:   0.2   DPTR FM NORMAL:    0.88    2 = FOG REDUCING VISIBILITY
HIGHEST:    95 ON  4    GRTST 24HR  0.61 ON 14-14      TO 1/4 MILE OR LESS
LOWEST:     32 ON 23                               3 = THUNDER
                        SNOW, ICE PELLETS, HAIL    4 = ICE PELLETS
                        TOTAL MONTH:   0.0 INCH    5 = HAIL
                        GRTST 24HR     0.0         6 = FREEZING RAIN OR DRIZZLE
                        GRTST DEPTH:   0           7 = DUSTSTORM OR SANDSTORM:
                                                       VSBY 1/2 MILE OR LESS
                                                   8 = SMOKE OR HAZE
[NO. OF DAYS WITH]      [WEATHER - DAYS WITH]      9 = BLOWING SNOW
                                                   X = TORNADO
MAX 32 OR BELOW:   0    0.01 INCH OR MORE:   7
MAX 90 OR ABOVE:   6    0.10 INCH OR MORE:   3
MIN 32 OR BELOW:   1    0.50 INCH OR MORE:   1
MIN  0 OR BELOW:   0    1.00 INCH OR MORE:   0

[HDD (BASE 65) ]
TOTAL THIS MO.   110    CLEAR  (SCALE 0-3)  17
DPTR FM NORMAL    25    PTCLDY (SCALE 4-7)   7
TOTAL FM JUL 1   110    CLOUDY (SCALE 8-10)  0
DPTR FM NORMAL    16

[CDD (BASE 65) ]
TOTAL THIS MO.    73
DPTR FM NORMAL    37    [PRESSURE DATA]
TOTAL FM JAN 1   865    HIGHEST SLP M ON M
DPTR FM NORMAL   280    LOWEST  SLP 29.46 ON 20

[REMARKS]
