000
CXUS55 KGJT 201000
CF6CEZ
PRELIMINARY LOCAL CLIMATOLOGICAL DATA (WS FORM: F-6)

                                          STATION:   CORTEZ CO
                                          MONTH:     DECEMBER
                                          YEAR:      2014
                                          LATITUDE:   37 17 N
                                          LONGITUDE: 108 38 W

  TEMPERATURE IN F:       :PCPN:    SNOW:  WIND      :SUNSHINE: SKY     :PK WND
================================================================================
1   2   3   4   5  6A  6B    7    8   9   10  11  12  13   14  15   16   17  18
                                     12Z  AVG MX 2MIN
DY MAX MIN AVG DEP HDD CDD  WTR  SNW DPTH SPD SPD DIR MIN PSBL S-S WX    SPD DR
================================================================================

 1  53  20  37   6  28   0 0.00    M    M  5.4 14 180   M    M   0        16 200
 2  50  18  34   3  31   0    T    M    M  2.7  9 220   M    M   2        11 210
 3  51  36  44  13  21   0    T    M    M  4.3 13  30   M    M  10        14 220
 4  45  35  40  10  25   0 0.27    M    M  2.8 15 110   M    M   9 1      17 110
 5  50  34  42  12  23   0 0.02    M    M  2.7 10 230   M    M   8 1      12 220
 6  53  32  43  13  22   0 0.00    M    M  4.3 20 130   M    M   3 1      24 130
 7  53  25  39   9  26   0 0.00    M    M  6.0 14 220   M    M   0 1      19  40
 8  53  25  39  10  26   0 0.00    M    M  4.7 12 220   M    M   0        13 220
 9  51  21  36   7  29   0 0.00    M    M  5.4 14 210   M    M   0        16 220
10  45  17  31   2  34   0 0.00    M    M  3.2 16 210   M    M   2 12     19 220
11  52  18  35   6  30   0 0.00    M    M  3.3 13 220   M    M   0 18     16 210
12  62  24  43  14  22   0 0.00    M    M  5.7 17 140   M    M   0 1      23 140
13  52  32  42  14  23   0 0.21    M    M  6.5 29 210   M    M   7 1      39 200
14  39  21  30   2  35   0 0.05    M    M  5.6 17 330   M    M   5 1      25 260
15  40  15  28   0  37   0 0.00    M    M  4.4 12  80   M    M   0 1      14 200
16  49  22  36   8  29   0 0.00    M    M  4.9 14 150   M    M   5        19 140
17  41  29  35   7  30   0 0.02    M    M  3.1 14 300   M    M   9 1      17 300
18  39  22  31   3  34   0 0.05    M    M  3.4  9  60   M    M   8 1      14  10
19  41  17  29   1  36   0 0.00    M    M  5.3 15 290   M    M   0        21 290
================================================================================
SM  919  463       541   0  0.62    M     83.7          M       68
================================================================================
AV 48.4 24.4                               4.4 FASTST   M    M   4    MAX(MPH)
                                 MISC ---->  # 29 210               # 39  200
================================================================================
NOTES:
# LAST OF SEVERAL OCCURRENCES

COLUMN 17 PEAK WIND IN M.P.H.

PRELIMINARY LOCAL CLIMATOLOGICAL DATA (WS FORM: F-6) , PAGE 2

                                          STATION:  CORTEZ CO
                                          MONTH:    DECEMBER
                                          YEAR:     2014
                                          LATITUDE:   37 17 N
                                          LONGITUDE: 108 38 W

[TEMPERATURE DATA]      [PRECIPITATION DATA]       SYMBOLS USED IN COLUMN 16

AVERAGE MONTHLY: 36.4   TOTAL FOR MONTH:   0.62    1 = FOG OR MIST
DPTR FM NORMAL:   7.2   DPTR FM NORMAL:    0.13    2 = FOG REDUCING VISIBILITY
HIGHEST:    62 ON 12    GRTST 24HR  0.28 ON  4- 5      TO 1/4 MILE OR LESS
LOWEST:     15 ON 15                               3 = THUNDER
                        SNOW, ICE PELLETS, HAIL    4 = ICE PELLETS
                        TOTAL MONTH:    M          5 = HAIL
                        GRTST 24HR    M  ON   M    6 = FREEZING RAIN OR DRIZZLE
                        GRTST DEPTH:  M  ON   M    7 = DUSTSTORM OR SANDSTORM:
                                                       VSBY 1/2 MILE OR LESS
                                                   8 = SMOKE OR HAZE
[NO. OF DAYS WITH]      [WEATHER - DAYS WITH]      9 = BLOWING SNOW
                                                   X = TORNADO
MAX 32 OR BELOW:   0    0.01 INCH OR MORE:   6
MAX 90 OR ABOVE:   0    0.10 INCH OR MORE:   2
MIN 32 OR BELOW:  16    0.50 INCH OR MORE:   0
MIN  0 OR BELOW:   0    1.00 INCH OR MORE:   0

[HDD (BASE 65) ]
TOTAL THIS MO.   541    CLEAR  (SCALE 0-3)  10
DPTR FM NORMAL  -140    PTCLDY (SCALE 4-7)   6
TOTAL FM JUL 1  1806    CLOUDY (SCALE 8-10)  3
DPTR FM NORMAL  -400

[CDD (BASE 65) ]
TOTAL THIS MO.     0
DPTR FM NORMAL     0    [PRESSURE DATA]
TOTAL FM JAN 1   537    HIGHEST SLP M ON M
DPTR FM NORMAL   111    LOWEST  SLP 29.62 ON 14

[REMARKS]
