000
CXUS55 KGJT 301000
CF6CEZ
PRELIMINARY LOCAL CLIMATOLOGICAL DATA (WS FORM: F-6)

                                          STATION:   CORTEZ CO
                                          MONTH:     MARCH
                                          YEAR:      2015
                                          LATITUDE:   37 17 N
                                          LONGITUDE: 108 38 W

  TEMPERATURE IN F:       :PCPN:    SNOW:  WIND      :SUNSHINE: SKY     :PK WND
================================================================================
1   2   3   4   5  6A  6B    7    8   9   10  11  12  13   14  15   16   17  18
                                     12Z  AVG MX 2MIN
DY MAX MIN AVG DEP HDD CDD  WTR  SNW DPTH SPD SPD DIR MIN PSBL S-S WX    SPD DR
================================================================================

 1  42  24  33  -2  32   0 0.01    M    M  2.4  8 250   M    M   9 1       9 110
 2  52  34  43   7  22   0 0.04    M    M 13.0 32 210   M    M   9 1      39 210
 3  42  25  34  -2  31   0    T    M    M  5.9 18 190   M    M   8 18     23 180
 4  39  21  30  -6  35   0 0.01    M    M  7.5 20 310   M    M   4 1      29  70
 5  46  15  31  -5  34   0 0.00    M    M  5.4 13 280   M    M   0        29 330
 6  53  18  36  -1  29   0 0.00    M    M  3.9  9 290   M    M   0        13  60
 7  59  21  40   3  25   0 0.00    M    M  5.2 10 230   M    M   0        15 220
 8  58  21  40   3  25   0 0.00    M    M  6.4 16 310   M    M   0        22 300
 9  59  22  41   4  24   0 0.00    M    M  5.8 16 310   M    M   0        23 290
10  62  21  42   4  23   0 0.00    M    M  6.3 13 210   M    M   0        16 220
11  64  21  43   5  22   0 0.00    M    M  5.3 15 190   M    M   0        21 210
12  58  33  46   8  19   0 0.00    M    M  6.8 18 290   M    M   4        22 290
13  63  33  48  10  17   0    T    M    M  4.5 18 340   M    M   4        22 330
14  65  33  49  10  16   0 0.00    M    M  4.9 17 290   M    M   2        22 280
15  69  27  48   9  17   0 0.00    M    M  5.9 14 280   M    M   0        19 250
16  71  27  49  10  16   0 0.00    M    M  5.2 13 230   M    M   0        17 300
17  74  28  51  11  14   0 0.00    M    M  7.6 22 180   M    M   4        26 180
18  65  44  55  15  10   0 0.00    M    M  5.6 31 330   M    M   3        32 330
19  64  31  48   8  17   0 0.00    M    M  6.1 21 320   M    M   1        27 320
20  61  32  47   7  18   0 0.01    M    M  6.1 25 140   M    M   6 1      31 130
21  66  25  46   6  19   0 0.00    M    M  7.1 18 270   M    M   0        24 280
22  69  26  48   7  17   0 0.00    M    M  5.9 28 210   M    M   0        43 200
23  67  37  52  11  13   0 0.00    M    M 11.0 24 240   M    M   0        33 230
24  64  26  45   4  20   0 0.00    M    M  6.3 21 290   M    M   1        26 340
25  57  36  47   5  18   0 0.00    M    M 10.9 25 320   M    M   2        33 330
26  67  22  45   3  20   0 0.00    M    M  8.8 23 300   M    M   0        31 300
27  71  27  49   7  16   0 0.00    M    M  8.4 18 270   M    M   0        24 280
28  74  27  51   9  14   0 0.00    M    M  7.6 20 280   M    M   0        24 250
29  76  32  54  12  11   0 0.00    M    M  6.9 17 260   M    M   0 8      26 290
================================================================================
SM 1777  789       594   0  0.07    M    192.7          M       57
================================================================================
AV 61.3 27.2                               6.6 FASTST   M    M   2    MAX(MPH)
                                 MISC ---->  # 32 210               # 43  200
================================================================================
NOTES:
# LAST OF SEVERAL OCCURRENCES

COLUMN 17 PEAK WIND IN M.P.H.

PRELIMINARY LOCAL CLIMATOLOGICAL DATA (WS FORM: F-6) , PAGE 2

                                          STATION:  CORTEZ CO
                                          MONTH:    MARCH
                                          YEAR:     2015
                                          LATITUDE:   37 17 N
                                          LONGITUDE: 108 38 W

[TEMPERATURE DATA]      [PRECIPITATION DATA]       SYMBOLS USED IN COLUMN 16

AVERAGE MONTHLY: 44.2   TOTAL FOR MONTH:   0.07    1 = FOG OR MIST
DPTR FM NORMAL:   5.3   DPTR FM NORMAL:   -1.04    2 = FOG REDUCING VISIBILITY
HIGHEST:    76 ON 29    GRTST 24HR  0.04 ON  2- 2      TO 1/4 MILE OR LESS
LOWEST:     15 ON  5                               3 = THUNDER
                        SNOW, ICE PELLETS, HAIL    4 = ICE PELLETS
                        TOTAL MONTH:    M          5 = HAIL
                        GRTST 24HR    M  ON   M    6 = FREEZING RAIN OR DRIZZLE
                        GRTST DEPTH:  M  ON   M    7 = DUSTSTORM OR SANDSTORM:
                                                       VSBY 1/2 MILE OR LESS
                                                   8 = SMOKE OR HAZE
[NO. OF DAYS WITH]      [WEATHER - DAYS WITH]      9 = BLOWING SNOW
                                                   X = TORNADO
MAX 32 OR BELOW:   0    0.01 INCH OR MORE:   4
MAX 90 OR ABOVE:   0    0.10 INCH OR MORE:   0
MIN 32 OR BELOW:  22    0.50 INCH OR MORE:   0
MIN  0 OR BELOW:   0    1.00 INCH OR MORE:   0

[HDD (BASE 65) ]
TOTAL THIS MO.   594    CLEAR  (SCALE 0-3)  20
DPTR FM NORMAL  -163    PTCLDY (SCALE 4-7)   7
TOTAL FM JUL 1  4692    CLOUDY (SCALE 8-10)  2
DPTR FM NORMAL  -795

[CDD (BASE 65) ]
TOTAL THIS MO.     0
DPTR FM NORMAL     0    [PRESSURE DATA]
TOTAL FM JAN 1     0    HIGHEST SLP M ON M
DPTR FM NORMAL     0    LOWEST  SLP 29.43 ON  2

[REMARKS]
