000
CXUS55 KPAH 222132
CF6CGI
PRELIMINARY LOCAL CLIMATOLOGICAL DATA (WS FORM: F-6)

                                          STATION:   CAPE GIRARDEAU MO
                                          MONTH:     OCTOBER
                                          YEAR:      2017
                                          LATITUDE:   37 13 N
                                          LONGITUDE:  89 35 W

  TEMPERATURE IN F:       :PCPN:    SNOW:  WIND      :SUNSHINE: SKY     :PK WND
================================================================================
1   2   3   4   5  6A  6B    7    8   9   10  11  12  13   14  15   16   17  18
                                     12Z  AVG MX 2MIN
DY MAX MIN AVG DEP HDD CDD  WTR  SNW DPTH SPD SPD DIR MIN PSBL S-S WX    SPD DR
================================================================================

 1  82  43  63   0   2   0 0.00  0.0    0  7.0 15 150   M    M   3        20 150
 2  83  60  72  10   0   7 0.00  0.0    0  9.3 17 150   M    M   4        22 140
 3  84  68  76  14   0  11 0.00  0.0    0  8.0 15 180   M    M   7        20 160
 4  83  64  74  12   0   9    T  0.0    0  5.5 15 240   M    M   2 8      20 220
 5  86  65  76  15   0  11 0.00  0.0    0  3.1 12 230   M    M   2        14 240
 6  86  61  74  13   0   9 0.00  0.0    0  7.5 16 170   M    M   0 1      21 210
 7  88  64  76  16   0  11 0.37  0.0    0 11.8 28 180   M    M   4 18     37 220
 8  81  62  72  12   0   7 0.30  0.0    0  5.7 16 100   M    M   8 12     22 110
 9  86  68  77  17   0  12 0.01  0.0    0  5.0 18 140   M    M   8 123    24 130
10  86  54  70  10   0   5 0.19  0.0    0  6.4 22 300   M    M   8 13     26 300
11  63  53  58  -1   7   0 0.00  0.0    0  6.3 16 290   M    M  10        20 300
12  66  49  58  -1   7   0 0.00  0.0    0  3.3 10 150   M    M   7 1      13  90
13  79  46  63   4   2   0 0.00  0.0    0  3.4 10 180   M    M   1 12     17 150
14  90  54  72  14   0   7 0.00  0.0    0 10.2 22 190   M    M   0        29 200
15  76  48  62   4   3   0 0.14  0.0    0 12.3 23 360   M    M   4 1      31 330
16  66  37  52  -6  13   0 0.00  0.0    0  5.0 15  10   M    M   0        20  20
17  69  33  51  -6  14   0 0.00  0.0    0  2.8 12 150   M    M   2 12     16 180
18  74  35  55  -2  10   0 0.00  0.0    0  6.6 17 220   M    M   0 1      21 200
19  78  45  62   5   3   0 0.00  0.0    0  4.5 14 170   M    M   0        19 150
20  78  42  60   4   5   0 0.00  0.0    0  4.8 14 190   M    M   0 12     17 190
21  83  55  69  13   0   4    T  0.0    0 11.5 20 170   M    M   1        26 190
================================================================================
SM 1667 1106        66  93  1.01     0.0 140.0          M       71
================================================================================
AV 79.4 52.7                               6.7 FASTST   M    M   3    MAX(MPH)
                                 MISC ---->  # 28 180               # 37  220
================================================================================
NOTES:
# LAST OF SEVERAL OCCURRENCES

COLUMN 17 PEAK WIND IN M.P.H.

PRELIMINARY LOCAL CLIMATOLOGICAL DATA (WS FORM: F-6) , PAGE 2

                                          STATION:  CAPE GIRARDEAU MO
                                          MONTH:    OCTOBER
                                          YEAR:     2017
                                          LATITUDE:   37 13 N
                                          LONGITUDE:  89 35 W

[TEMPERATURE DATA]      [PRECIPITATION DATA]       SYMBOLS USED IN COLUMN 16

AVERAGE MONTHLY: 66.0   TOTAL FOR MONTH:   1.01    1 = FOG OR MIST
DPTR FM NORMAL:   6.7   DPTR FM NORMAL:   -1.50    2 = FOG REDUCING VISIBILITY
HIGHEST:    90 ON 14    GRTST 24HR  0.37 ON  7- 7      TO 1/4 MILE OR LESS
LOWEST:     33 ON 17                               3 = THUNDER
                        SNOW, ICE PELLETS, HAIL    4 = ICE PELLETS
                        TOTAL MONTH:   0.0 INCH    5 = HAIL
                        GRTST 24HR     0.0         6 = FREEZING RAIN OR DRIZZLE
                        GRTST DEPTH:   0           7 = DUSTSTORM OR SANDSTORM:
                                                       VSBY 1/2 MILE OR LESS
                                                   8 = SMOKE OR HAZE
[NO. OF DAYS WITH]      [WEATHER - DAYS WITH]      9 = BLOWING SNOW
                                                   X = TORNADO
MAX 32 OR BELOW:   0    0.01 INCH OR MORE:   5
MAX 90 OR ABOVE:   1    0.10 INCH OR MORE:   4
MIN 32 OR BELOW:   0    0.50 INCH OR MORE:   0
MIN  0 OR BELOW:   0    1.00 INCH OR MORE:   0

[HDD (BASE 65) ]
TOTAL THIS MO.    66    CLEAR  (SCALE 0-3)  11
DPTR FM NORMAL   -81    PTCLDY (SCALE 4-7)   9
TOTAL FM JUL 1    82    CLOUDY (SCALE 8-10)  1
DPTR FM NORMAL  -114

[CDD (BASE 65) ]
TOTAL THIS MO.    93
DPTR FM NORMAL    65    [PRESSURE DATA]
TOTAL FM JAN 1  1486    HIGHEST SLP M ON M
DPTR FM NORMAL    36    LOWEST  SLP 29.66 ON  8

[REMARKS]
