000
CXUS52 KCHS 180715
CF6CHS
PRELIMINARY LOCAL CLIMATOLOGICAL DATA (WS FORM: F-6)

                                          STATION:   NORTH CHARLESTON SC
                                          MONTH:     NOVEMBER
                                          YEAR:      2017
                                          LATITUDE:   32 54 N
                                          LONGITUDE:  80  2 W

  TEMPERATURE IN F:       :PCPN:    SNOW:  WIND      :SUNSHINE: SKY     :PK WND
================================================================================
1   2   3   4   5  6A  6B    7    8   9   10  11  12  13   14  15   16   17  18
                                     12Z  AVG MX 2MIN
DY MAX MIN AVG DEP HDD CDD  WTR  SNW DPTH SPD SPD DIR MIN PSBL S-S WX    SPD DR
================================================================================

 1  76  48  62   0   3   0 0.00  0.0    0  3.6 10 100   M    M   4 1      14 100
 2  81  58  70   8   0   5 0.00  0.0    0  3.0  8 120   M    M   4 1      10 310
 3  82  56  69   7   0   4 0.00  0.0    0  3.8 12 360   M    M   1 1      15 320
 4  82  57  70   8   0   5 0.00  0.0    0  4.6 14 110   M    M   1 1      16  70
 5  76  61  69   8   0   4 0.00  0.0    0  6.0 13  40   M    M   7 1      15  40
 6  82  61  72  11   0   7 0.00  0.0    0  3.6  9 320   M    M   5 1      11 280
 7  83  60  72  11   0   7 0.00  0.0    0  5.1 13 210   M    M   4 1      15 210
 8  67  52  60  -1   5   0 0.00  0.0    0  7.3 14  20   M    M   9 1      18  10
 9  54  51  53  -7  12   0 1.17  0.0    0  8.4 24  70   M    M  10 13     28  60
10  67  47  57  -3   8   0    T  0.0    0  9.8 21  20   M    M   3 1      25  30
11  58  41  50 -10  15   0 0.00  0.0    0 12.6 23  40   M    M   3        28  20
12  71  41  56  -4   9   0 0.00  0.0    0  8.3 16 100   M    M   6        22  90
13  63  50  57  -2   8   0 0.00  0.0    0  8.7 18 340   M    M   5        22 340
14  62  45  54  -5  11   0 0.00  0.0    0 10.7 17  40   M    M   5        23  30
15  61  41  51  -8  14   0 0.00  0.0    0  8.2 17  30   M    M   2        23  30
16  69  38  54  -5  11   0 0.00  0.0    0  3.1 12 360   M    M   2 1      14 320
17  66  41  54  -4  11   0 0.00  0.0    0  5.8 17  60   M    M   0 1      24  40
================================================================================
SM 1200  848       107  32  1.17     0.0 112.6          M       71
================================================================================
AV 70.6 49.9                               6.6 FASTST   M    M   4    MAX(MPH)
                                 MISC ---->  # 24  70               # 28   60
================================================================================
NOTES:
# LAST OF SEVERAL OCCURRENCES

COLUMN 17 PEAK WIND IN M.P.H.

PRELIMINARY LOCAL CLIMATOLOGICAL DATA (WS FORM: F-6) , PAGE 2

                                          STATION:  NORTH CHARLESTON SC
                                          MONTH:    NOVEMBER
                                          YEAR:     2017
                                          LATITUDE:   32 54 N
                                          LONGITUDE:  80  2 W

[TEMPERATURE DATA]      [PRECIPITATION DATA]       SYMBOLS USED IN COLUMN 16

AVERAGE MONTHLY: 60.2   TOTAL FOR MONTH:   1.17    1 = FOG OR MIST
DPTR FM NORMAL:  -0.1   DPTR FM NORMAL:   -0.22    2 = FOG REDUCING VISIBILITY
HIGHEST:    83 ON  7    GRTST 24HR  1.17 ON  9- 9      TO 1/4 MILE OR LESS
LOWEST:     38 ON 16                               3 = THUNDER
                        SNOW, ICE PELLETS, HAIL    4 = ICE PELLETS
                        TOTAL MONTH:   0.0 INCH    5 = HAIL
                        GRTST 24HR     0.0         6 = FREEZING RAIN OR DRIZZLE
                        GRTST DEPTH:   0           7 = DUSTSTORM OR SANDSTORM:
                                                       VSBY 1/2 MILE OR LESS
                                                   8 = SMOKE OR HAZE
[NO. OF DAYS WITH]      [WEATHER - DAYS WITH]      9 = BLOWING SNOW
                                                   X = TORNADO
MAX 32 OR BELOW:   0    0.01 INCH OR MORE:   1
MAX 90 OR ABOVE:   0    0.10 INCH OR MORE:   1
MIN 32 OR BELOW:   0    0.50 INCH OR MORE:   1
MIN  0 OR BELOW:   0    1.00 INCH OR MORE:   1

[HDD (BASE 65) ]
TOTAL THIS MO.   107    CLEAR  (SCALE 0-3)   7
DPTR FM NORMAL     5    PTCLDY (SCALE 4-7)   8
TOTAL FM JUL 1   165    CLOUDY (SCALE 8-10)  2
DPTR FM NORMAL    -6

[CDD (BASE 65) ]
TOTAL THIS MO.    32
DPTR FM NORMAL    10    [PRESSURE DATA]
TOTAL FM JAN 1  2679    HIGHEST SLP M ON M
DPTR FM NORMAL   393    LOWEST  SLP 29.95 ON M

[REMARKS]
