000
CXUS55 KDVN 181100
CF6CID
PRELIMINARY LOCAL CLIMATOLOGICAL DATA (WS FORM: F-6)

                                          STATION:   CEDAR RAPIDS IA
                                          MONTH:     AUGUST
                                          YEAR:      2017
                                          LATITUDE:   41 52 N
                                          LONGITUDE:  91 42 W

  TEMPERATURE IN F:       :PCPN:    SNOW:  WIND      :SUNSHINE: SKY     :PK WND
================================================================================
1   2   3   4   5  6A  6B    7    8   9   10  11  12  13   14  15   16   17  18
                                     12Z  AVG MX 2MIN
DY MAX MIN AVG DEP HDD CDD  WTR  SNW DPTH SPD SPD DIR MIN PSBL S-S WX    SPD DR
================================================================================

 1  85  59  72   0   0   7 0.00    M    M  2.0  9 310   M    M   1 1      12 340
 2  87  61  74   2   0   9 0.00    M    M  3.9 12 350   M    M   1 1      16 330
 3  80  53  67  -5   0   2 0.25    M    M 11.4 29 310   M    M   3 138    36 310
 4  75  49  62 -10   3   0 0.00    M    M 11.5 23 320   M    M   1        30 320
 5  77  50  64  -8   1   0 0.00    M    M  3.5 13 220   M    M   2        19 230
 6  78  61  70  -2   0   5 0.00    M    M  6.8 14 100   M    M   6        17  70
 7  81  57  69  -3   0   4 0.00    M    M  5.9 14  20   M    M   3 1      22  20
 8  81  51  66  -6   0   1 0.00    M    M  2.6  8 190   M    M   1        13 200
 9  82  53  68  -4   0   3 0.00    M    M  6.9 16 190   M    M   0        25 180
10  84  61  73   1   0   8    T    M    M  8.8 20 250   M    M   2 3      26 250
11  79  56  68  -4   0   3 0.00    M    M  9.0 17 350   M    M   2        21 350
12  80  51  66  -6   0   1 0.00    M    M  5.9 14  10   M    M   1        17 360
13  75  51  63  -9   2   0    T    M    M  4.8 12 130   M    M   1 1      14 140
14  79  56  68  -4   0   3 0.18    M    M  7.3 21 190   M    M   4 13     26 190
15  76  59  68  -3   0   3 0.00    M    M  7.4 14  70   M    M   4 12     19  70
16  83  65  74   3   0   9    T    M    M 10.4 20 130   M    M   4 1      25 130
17  78  61  70  -1   0   5 0.00    M    M 11.8 22 250   M    M   7        27 260
================================================================================
SM 1360  954         6  63  0.43    M    119.9          M       43
================================================================================
AV 80.0 56.1                               7.1 FASTST   M    M   3    MAX(MPH)
                                 MISC ---->  # 29 310               # 36  310
================================================================================
NOTES:
# LAST OF SEVERAL OCCURRENCES

COLUMN 17 PEAK WIND IN M.P.H.

PRELIMINARY LOCAL CLIMATOLOGICAL DATA (WS FORM: F-6) , PAGE 2

                                          STATION:  CEDAR RAPIDS IA
                                          MONTH:    AUGUST
                                          YEAR:     2017
                                          LATITUDE:   41 52 N
                                          LONGITUDE:  91 42 W

[TEMPERATURE DATA]      [PRECIPITATION DATA]       SYMBOLS USED IN COLUMN 16

AVERAGE MONTHLY: 68.1   TOTAL FOR MONTH:   0.43    1 = FOG OR MIST
DPTR FM NORMAL:  -3.8   DPTR FM NORMAL:   -2.04    2 = FOG REDUCING VISIBILITY
HIGHEST:    87 ON  2    GRTST 24HR  0.25 ON  3- 3      TO 1/4 MILE OR LESS
LOWEST:     49 ON  4                               3 = THUNDER
                        SNOW, ICE PELLETS, HAIL    4 = ICE PELLETS
                        TOTAL MONTH:    M          5 = HAIL
                        GRTST 24HR    M  ON   M    6 = FREEZING RAIN OR DRIZZLE
                        GRTST DEPTH:  M  ON   M    7 = DUSTSTORM OR SANDSTORM:
                                                       VSBY 1/2 MILE OR LESS
                                                   8 = SMOKE OR HAZE
[NO. OF DAYS WITH]      [WEATHER - DAYS WITH]      9 = BLOWING SNOW
                                                   X = TORNADO
MAX 32 OR BELOW:   0    0.01 INCH OR MORE:   2
MAX 90 OR ABOVE:   0    0.10 INCH OR MORE:   2
MIN 32 OR BELOW:   0    0.50 INCH OR MORE:   0
MIN  0 OR BELOW:   0    1.00 INCH OR MORE:   0

[HDD (BASE 65) ]
TOTAL THIS MO.     6    CLEAR  (SCALE 0-3)  12
DPTR FM NORMAL     6    PTCLDY (SCALE 4-7)   5
TOTAL FM JUL 1     6    CLOUDY (SCALE 8-10)  0
DPTR FM NORMAL     2

[CDD (BASE 65) ]
TOTAL THIS MO.    63
DPTR FM NORMAL   -58    [PRESSURE DATA]
TOTAL FM JAN 1   573    HIGHEST SLP M ON M
DPTR FM NORMAL   -15    LOWEST  SLP 29.72 ON 17

[REMARKS]
