000
CXUS55 KOHX 271010
CF6CKV
PRELIMINARY LOCAL CLIMATOLOGICAL DATA (WS FORM: F-6)

                                          STATION:   CLARKSVILLE
                                          MONTH:     JULY
                                          YEAR:      2017
                                          LATITUDE:   36 37 N
                                          LONGITUDE:  87 25 W

  TEMPERATURE IN F:       :PCPN:    SNOW:  WIND      :SUNSHINE: SKY     :PK WND
================================================================================
1   2   3   4   5  6A  6B    7    8   9   10  11  12  13   14  15   16   17  18
                                     12Z  AVG MX 2MIN
DY MAX MIN AVG DEP HDD CDD  WTR  SNW DPTH SPD SPD DIR MIN PSBL S-S WX    SPD DR
================================================================================

 1  86  70  78   0   0  13 0.28    M    M  3.7 29 320   M    M   1 13     36 320
 2  87  68  78   0   0  13 0.01    M    M  3.1 15 200   M    M   3 123    18 190
 3  83  69  76  -2   0  11 0.33    M    M  3.6 18 240   M    M   6 1238   27 240
 4  84  69  77  -1   0  12 0.08    M    M  4.4 13 310   M    M   6 18     16 300
 5  81  71  76  -2   0  11 1.04    M    M  3.6 13 200   M    M   4 123    17 200
 6  86  71  79   1   0  14 0.04    M    M  5.9 15 330   M    M   4 13     23 240
 7  87  69  78   0   0  13 0.00    M    M  5.1 13 280   M    M   5 123    19 300
 8  87  65  76  -2   0  11 0.25    M    M  6.2 14 340   M    M   2 138    21 250
 9  87  63  75  -3   0  10 0.00    M    M  2.9 12 270   M    M   1        17 220
10  88  67  78   0   0  13 0.00    M    M  5.0 14 220   M    M   0 1      18 210
11  91  69  80   2   0  15 0.00    M    M  3.8 14 230   M    M   0        18 220
12  90  70  80   2   0  15 0.00    M    M  5.4 13 250   M    M   1        19 260
13  91  72  82   4   0  17 0.00    M    M  5.8 13 210   M    M   1 1      17 210
14  92  74  83   5   0  18 0.00    M    M  3.2 12 320   M    M   2        15 320
15  88  69  79   1   0  14 0.55    M    M  3.7  9  20   M    M   4 138    12  50
16  88  66  77  -1   0  12 0.00    M    M  2.4  9 290   M    M   1 8      14 260
17  90  63  77  -1   0  12 0.00    M    M  1.6  7 110   M    M   0 1      10 300
18  91  65  78   0   0  13    T    M    M  2.2 18 320   M    M   4 123    25 320
19  91  69  80   2   0  15 0.03    M    M  2.7 13 320   M    M   2 128    17 280
20  93  71  82   4   0  17 0.00    M    M  3.4 13 290   M    M   1 12     18 300
21  94  72  83   5   0  18 0.00    M    M  3.1 10 200   M    M   1 128    14 210
22  94  76  85   7   0  20 0.00    M    M  6.3 15 190   M    M   1 18     18 220
23  92  76  84   6   0  19 0.00    M    M  5.9 13 300   M    M   2        17 290
24  89  71  80   2   0  15 0.00    M    M  2.9  9 260   M    M   0        12 280
25  92  72  82   4   0  17 0.00    M    M  2.1 10  90   M    M   3 13     12 100
26  95  71  83   5   0  18 0.00    M    M  2.5 12 240   M    M   1 1      17 220
================================================================================
SM 2317 1808         0 376  2.61    M    100.5          M       56
================================================================================
AV 89.1 69.5                               3.9 FASTST   M    M   2    MAX(MPH)
                                 MISC ---->  # 29 320               # 36  320
================================================================================
NOTES:
# LAST OF SEVERAL OCCURRENCES

COLUMN 17 PEAK WIND IN M.P.H.

PRELIMINARY LOCAL CLIMATOLOGICAL DATA (WS FORM: F-6) , PAGE 2

                                          STATION:  CLARKSVILLE
                                          MONTH:    JULY
                                          YEAR:     2017
                                          LATITUDE:   36 37 N
                                          LONGITUDE:  87 25 W

[TEMPERATURE DATA]      [PRECIPITATION DATA]       SYMBOLS USED IN COLUMN 16

AVERAGE MONTHLY: 79.3   TOTAL FOR MONTH:   2.61    1 = FOG OR MIST
DPTR FM NORMAL:   1.3   DPTR FM NORMAL:   -0.71    2 = FOG REDUCING VISIBILITY
HIGHEST:    95 ON 26    GRTST 24HR  1.04 ON  4- 5      TO 1/4 MILE OR LESS
LOWEST:     63 ON 17, 9                            3 = THUNDER
                        SNOW, ICE PELLETS, HAIL    4 = ICE PELLETS
                        TOTAL MONTH:    M          5 = HAIL
                        GRTST 24HR    M  ON   M    6 = FREEZING RAIN OR DRIZZLE
                        GRTST DEPTH:  M  ON   M    7 = DUSTSTORM OR SANDSTORM:
                                                       VSBY 1/2 MILE OR LESS
                                                   8 = SMOKE OR HAZE
[NO. OF DAYS WITH]      [WEATHER - DAYS WITH]      9 = BLOWING SNOW
                                                   X = TORNADO
MAX 32 OR BELOW:   0    0.01 INCH OR MORE:   9
MAX 90 OR ABOVE:  13    0.10 INCH OR MORE:   5
MIN 32 OR BELOW:   0    0.50 INCH OR MORE:   2
MIN  0 OR BELOW:   0    1.00 INCH OR MORE:   1

[HDD (BASE 65) ]
TOTAL THIS MO.     0    CLEAR  (SCALE 0-3)  18
DPTR FM NORMAL     0    PTCLDY (SCALE 4-7)   8
TOTAL FM JUL 1     0    CLOUDY (SCALE 8-10)  0
DPTR FM NORMAL     0

[CDD (BASE 65) ]
TOTAL THIS MO.   376
DPTR FM NORMAL    38    [PRESSURE DATA]
TOTAL FM JAN 1   867    HIGHEST SLP  0.00 ON M
DPTR FM NORMAL    94    LOWEST  SLP 29.83 ON 23

[REMARKS]
