000
CXUS51 KCLE 220800
CF6CLE
PRELIMINARY LOCAL CLIMATOLOGICAL DATA (WS FORM: F-6)

                                          STATION:   CLEVELAND OH
                                          MONTH:     NOVEMBER
                                          YEAR:      2017
                                          LATITUDE:   41 24 N
                                          LONGITUDE:  81 51 W

  TEMPERATURE IN F:       :PCPN:    SNOW:  WIND      :SUNSHINE: SKY     :PK WND
================================================================================
1   2   3   4   5  6A  6B    7    8   9   10  11  12  13   14  15   16   17  18
                                     12Z  AVG MX 2MIN
DY MAX MIN AVG DEP HDD CDD  WTR  SNW DPTH SPD SPD DIR MIN PSBL S-S WX    SPD DR
================================================================================

 1  53  35  44  -5  21   0 0.52  0.0    0  8.0 15 180   M    M  10 1      18 170
 2  67  53  60  11   5   0 0.27  0.0    0 13.4 21 200   M    M  10 1      29 180
 3  67  43  55   7  10   0 0.70  0.0    0 11.3 20 350   M    M   9 13     24 360
 4  62  39  51   3  14   0 0.00  0.0    0  7.7 17 170   M    M   7        23 180
 5  68  58  63  15   2   0 1.03  0.0    0 11.4 24 310   M    M  10 13     30 310
 6  61  43  52   4  13   0 0.30  0.0    0 10.6 21  10   M    M  10 13     28  10
 7  49  41  45  -2  20   0 0.00  0.0    0  8.9 20  40   M    M   9        24  40
 8  51  32  42  -5  23   0 0.00  0.0    0  3.4 12 320   M    M   6        15 350
 9  53  29  41  -5  24   0 0.00  0.0    0 12.0 28 320   M    M   6 1      39 290
10  35  23  29 -17  36   0 0.02  0.2    T 13.4 22 350   M    M  10        32 330
11  38  20  29 -17  36   0 0.00  0.0    0  6.1 16 120   M    M   6        21 140
12  47  27  37  -8  28   0 0.01  0.0    0  2.9 14 130   M    M   9        16 120
13  44  39  42  -3  23   0 0.01  0.0    0  6.4 15 300   M    M  10 18     18 340
14  50  33  42  -3  23   0 0.00  0.0    0  5.1 10  30   M    M   8        12  10
15  49  32  41  -3  24   0 0.18  0.0    0 12.1 22 170   M    M   9 1      29 240
16  49  39  44   0  21   0 0.03  0.0    0 13.9 26 280   M    M  10 1      35 270
17  47  38  43  -1  22   0 0.00  0.0    0  8.9 17 170   M    M   9        24 170
18  57  37  47   4  18   0 2.46  0.0    0 14.9 30 310   M    M  10 1      39 310
19  41  32  37  -6  28   0 0.14  0.6    0 16.6 26 300   M    M  10 1      38 320
20  47  29  38  -4  27   0 0.00  0.0    0 14.8 24 190   M    M   5        32 190
21  56  37  47   5  18   0 0.14  0.0    0 15.1 26 250   M    M   7        35 250
================================================================================
SM 1091  759       436   0  5.81     0.8 216.9          M      180
================================================================================
AV 52.0 36.1                              10.3 FASTST   M    M   9    MAX(MPH)
                                 MISC ---->  # 30 310               # 39  290
================================================================================
NOTES:
# LAST OF SEVERAL OCCURRENCES

COLUMN 17 PEAK WIND IN M.P.H.

PRELIMINARY LOCAL CLIMATOLOGICAL DATA (WS FORM: F-6) , PAGE 2

                                          STATION:  CLEVELAND OH
                                          MONTH:    NOVEMBER
                                          YEAR:     2017
                                          LATITUDE:   41 24 N
                                          LONGITUDE:  81 51 W

[TEMPERATURE DATA]      [PRECIPITATION DATA]       SYMBOLS USED IN COLUMN 16

AVERAGE MONTHLY: 44.1   TOTAL FOR MONTH:   5.81    1 = FOG OR MIST
DPTR FM NORMAL:  -1.6   DPTR FM NORMAL:    3.27    2 = FOG REDUCING VISIBILITY
HIGHEST:    68 ON  5    GRTST 24HR  2.46 ON 18-18      TO 1/4 MILE OR LESS
LOWEST:     20 ON 11                               3 = THUNDER
                        SNOW, ICE PELLETS, HAIL    4 = ICE PELLETS
                        TOTAL MONTH:   0.8 INCH    5 = HAIL
                        GRTST 24HR   0.6 ON 19-19  6 = FREEZING RAIN OR DRIZZLE
                        GRTST DEPTH:   T           7 = DUSTSTORM OR SANDSTORM:
                                                       VSBY 1/2 MILE OR LESS
                                                   8 = SMOKE OR HAZE
[NO. OF DAYS WITH]      [WEATHER - DAYS WITH]      9 = BLOWING SNOW
                                                   X = TORNADO
MAX 32 OR BELOW:   0    0.01 INCH OR MORE:  13
MAX 90 OR ABOVE:   0    0.10 INCH OR MORE:   9
MIN 32 OR BELOW:   8    0.50 INCH OR MORE:   4
MIN  0 OR BELOW:   0    1.00 INCH OR MORE:   2

[HDD (BASE 65) ]
TOTAL THIS MO.   436    CLEAR  (SCALE 0-3)   0
DPTR FM NORMAL    28    PTCLDY (SCALE 4-7)   6
TOTAL FM JUL 1   696    CLOUDY (SCALE 8-10) 15
DPTR FM NORMAL  -172

[CDD (BASE 65) ]
TOTAL THIS MO.     0
DPTR FM NORMAL     0    [PRESSURE DATA]
TOTAL FM JAN 1  1113    HIGHEST SLP M ON M
DPTR FM NORMAL   297    LOWEST  SLP 29.16 ON 18

[REMARKS]
