000
CXUS54 KHGX 241415
CF6CLL
PRELIMINARY LOCAL CLIMATOLOGICAL DATA (WS FORM: F-6)

                                          STATION:   COLLEGE STATION
                                          MONTH:     MAY
                                          YEAR:      2016
                                          LATITUDE:   30 34 N
                                          LONGITUDE:  96 22 W

  TEMPERATURE IN F:       :PCPN:    SNOW:  WIND      :SUNSHINE: SKY     :PK WND
================================================================================
1   2   3   4   5  6A  6B    7    8   9   10  11  12  13   14  15   16   17  18
                                     12Z  AVG MX 2MIN
DY MAX MIN AVG DEP HDD CDD  WTR  SNW DPTH SPD SPD DIR MIN PSBL S-S WX    SPD DR
================================================================================

 1  82  68  75   3   0  10    T  0.0    0 11.6 18  20   M    M   4 3      27  10
 2  68  59  64  -9   1   0 0.01  0.0    0 12.8 21 350   M    M   9        28 360
 3  75  53  64  -9   1   0 0.00  0.0    0  9.2 20 360   M    M   2        26 350
 4  83  53  68  -5   0   3 0.00  0.0    0  5.4 17 340   M    M   0        23 340
 5  84  58  71  -2   0   6 0.00  0.0    0  6.0 15 360   M    M   0        19 360
 6  84  54  69  -5   0   4 0.00  0.0    0  3.8 10 110   M    M   0        12 140
 7  84  59  72  -2   0   7 0.00  0.0    0  9.6 20 160   M    M   0        29 150
 8  78  64  71  -3   0   6 0.01  0.0    0 12.3 28 150   M    M   3        37 150
 9  85  66  76   2   0  11 0.00  0.0    0 12.1 25 220   M    M   2        34 230
10  90  71  81   6   0  16 0.00  0.0    0 10.8 22 300   M    M   7 18     30 310
11  88  65  77   2   0  12 0.11  0.0    0 10.7 26 130   M    M   4 38     35 130
12  87  69  78   3   0  13    T  0.0    0  6.0 15 100   M    M   4 1      20 100
13  88  70  79   3   0  14 0.00  0.0    0  6.2 14  50   M    M   3        18  50
14  84  68  76   0   0  11 0.27  0.0    0  4.7 18 300   M    M   4 13     26 290
15  77  65  71  -5   0   6 0.02  0.0    0  6.6 16 140   M    M   8 1      20 110
16  79  67  73  -3   0   8 0.19  0.0    0  8.9 20 120   M    M   8 1      25 130
17  83  65  74  -2   0   9    T  0.0    0  7.5 21  10   M    M   6 13     25  20
18  75  64  70  -7   0   5 0.20  0.0    0 10.9 20  20   M    M   8 13     25 360
19  71  61  66 -11   0   1 2.14  0.0    0 10.1 25  80   M    M   9 13     32  90
20  82  61  72  -5   0   7 0.00  0.0    0  5.7 12  60   M    M   5 1      15  60
21  82  66  74  -4   0   9 1.29  0.0    0  5.3 28 230   M    M   4 13     34 260
22  88  70  79   1   0  14 0.00  0.0    0  7.3 16 120   M    M   6 12     22 110
23  83  70  77  -1   0  12 0.00  0.0    0  8.5 17 150   M    M   6 1      21 150
================================================================================
SM 1880 1466         2 184  4.24     0.0 192.0          M      102
================================================================================
AV 81.7 63.7                               8.3 FASTST   M    M   4    MAX(MPH)
                                 MISC ---->  # 28 150               # 37  150
================================================================================
NOTES:
# LAST OF SEVERAL OCCURRENCES

COLUMN 17 PEAK WIND IN M.P.H.

PRELIMINARY LOCAL CLIMATOLOGICAL DATA (WS FORM: F-6) , PAGE 2

                                          STATION:  COLLEGE STATION
                                          MONTH:    MAY
                                          YEAR:     2016
                                          LATITUDE:   30 34 N
                                          LONGITUDE:  96 22 W

[TEMPERATURE DATA]      [PRECIPITATION DATA]       SYMBOLS USED IN COLUMN 16

AVERAGE MONTHLY: 72.7   TOTAL FOR MONTH:   4.24    1 = FOG OR MIST
DPTR FM NORMAL:  -2.5   DPTR FM NORMAL:    1.08    2 = FOG REDUCING VISIBILITY
HIGHEST:    90 ON 10    GRTST 24HR  2.14 ON 19-19      TO 1/4 MILE OR LESS
LOWEST:     53 ON  4, 3                            3 = THUNDER
                        SNOW, ICE PELLETS, HAIL    4 = ICE PELLETS
                        TOTAL MONTH:   0.0 INCH    5 = HAIL
                        GRTST 24HR     0.0         6 = FREEZING RAIN OR DRIZZLE
                        GRTST DEPTH:   0           7 = DUSTSTORM OR SANDSTORM:
                                                       VSBY 1/2 MILE OR LESS
                                                   8 = SMOKE OR HAZE
[NO. OF DAYS WITH]      [WEATHER - DAYS WITH]      9 = BLOWING SNOW
                                                   X = TORNADO
MAX 32 OR BELOW:   0    0.01 INCH OR MORE:   9
MAX 90 OR ABOVE:   1    0.10 INCH OR MORE:   6
MIN 32 OR BELOW:   0    0.50 INCH OR MORE:   2
MIN  0 OR BELOW:   0    1.00 INCH OR MORE:   2

[HDD (BASE 65) ]
TOTAL THIS MO.     2    CLEAR  (SCALE 0-3)   7
DPTR FM NORMAL     2    PTCLDY (SCALE 4-7)  14
TOTAL FM JUL 1  1148    CLOUDY (SCALE 8-10)  2
DPTR FM NORMAL  -458

[CDD (BASE 65) ]
TOTAL THIS MO.   184
DPTR FM NORMAL   -55    [PRESSURE DATA]
TOTAL FM JAN 1   455    HIGHEST SLP M ON M
DPTR FM NORMAL   -23    LOWEST  SLP 29.71 ON  9

[REMARKS]
