000
CXUS54 KHGX 011415
CF6CLL
PRELIMINARY LOCAL CLIMATOLOGICAL DATA (WS FORM: F-6)

                                          STATION:   COLLEGE STATION
                                          MONTH:     JUNE
                                          YEAR:      2015
                                          LATITUDE:   30 34 N
                                          LONGITUDE:  96 22 W

  TEMPERATURE IN F:       :PCPN:    SNOW:  WIND      :SUNSHINE: SKY     :PK WND
================================================================================
1   2   3   4   5  6A  6B    7    8   9   10  11  12  13   14  15   16   17  18
                                     12Z  AVG MX 2MIN
DY MAX MIN AVG DEP HDD CDD  WTR  SNW DPTH SPD SPD DIR MIN PSBL S-S WX    SPD DR
================================================================================

 1  87  66  77  -3   0  12 0.00  0.0    0  4.6 12 310   M    M   1        14 330
 2  89  69  79  -1   0  14 0.00  0.0    0  3.7  9 110   M    M   3        12  60
 3  89  70  80   0   0  15 0.00  0.0    0  5.6 13 180   M    M   1        15 170
 4  90  69  80   0   0  15 0.00  0.0    0  4.0 12 140   M    M   0        16 190
 5  90  71  81   0   0  16 0.00  0.0    0  3.3 12  70   M    M   3        14  80
 6  92  72  82   1   0  17 0.00  0.0    0  3.1  9 150   M    M   0        15 110
 7  92  73  83   2   0  18 0.00  0.0    0  5.3 13 140   M    M   0        17 160
 8  91  72  82   1   0  17 0.00  0.0    0  4.6 12 160   M    M   0        16 170
 9  93  72  83   2   0  18 0.00  0.0    0  4.5 10 190   M    M   0        15 300
10  93  73  83   1   0  18 0.00  0.0    0  6.2 13 190   M    M   0        18 180
11  93  73  83   1   0  18 0.00  0.0    0  9.2 18 150   M    M   2        24 180
12  94  74  84   2   0  19 0.16  0.0    0  9.8 24 100   M    M   1 3      30  80
13  90  75  83   1   0  18    T  0.0    0  9.8 22 160   M    M   5 3      28 140
14  88  74  81  -1   0  16 0.32  0.0    0  8.0 32 150   M    M   3 138    38 150
15  90  74  82   0   0  17 0.08  0.0    0  8.1 24  90   M    M   5 13     31 100
16  81  73  77  -5   0  12 2.43  0.0    0 11.8 31  90   M    M   9 1      46  90
17  84  75  80  -3   0  15 0.33  0.0    0 15.0 36 110   M    M   9 1      44 110
18  85  72  79  -4   0  14 0.71  0.0    0  7.9 21 170   M    M   7 13     28 180
19  88  76  82  -1   0  17 0.00  0.0    0  5.9 13 220   M    M   5 1      15 230
20  90  72  81  -2   0  16 0.27  0.0    0  6.0 21 190   M    M   4 13     28 200
21  91  73  82  -1   0  17    T  0.0    0  9.2 20 150   M    M   5 1      24 160
22  91  77  84   1   0  19 0.00  0.0    0  9.0 16 160   M    M   2 1      25 160
23  93  75  84   1   0  19 0.06  0.0    0  5.7 18 130   M    M   2 3      25 140
24  92  74  83   0   0  18 0.00  0.0    0  3.0 10 150   M    M   2        14 200
25  92  75  84   1   0  19 0.00  0.0    0  5.7 15 250   M    M   2 1      19 260
26  93  76  85   1   0  20 0.00  0.0    0  8.0 17 220   M    M   2        20 190
27  91  74  83  -1   0  18    T  0.0    0  6.0 13 310   M    M   2        16 320
28  90  74  82  -2   0  17 0.61  0.0    0  4.6 14 230   M    M   2 13     20 230
29  92  76  84   0   0  19 0.00  0.0    0  7.7 18 170   M    M   3 1      22 180
30  92  72  82  -2   0  17 0.24  0.0    0  6.6 20 130   M    M   2 138    25 130
================================================================================
SM 2706 2191         0 505  5.21     0.0 201.9          M       82
================================================================================
AV 90.2 73.0                               6.7 FASTST   M    M   3    MAX(MPH)
                                 MISC ---->  # 36 110               # 46   90
================================================================================
NOTES:
# LAST OF SEVERAL OCCURRENCES

COLUMN 17 PEAK WIND IN M.P.H.

PRELIMINARY LOCAL CLIMATOLOGICAL DATA (WS FORM: F-6) , PAGE 2

                                          STATION:  COLLEGE STATION
                                          MONTH:    JUNE
                                          YEAR:     2015
                                          LATITUDE:   30 34 N
                                          LONGITUDE:  96 22 W

[TEMPERATURE DATA]      [PRECIPITATION DATA]       SYMBOLS USED IN COLUMN 16

AVERAGE MONTHLY: 81.6   TOTAL FOR MONTH:   5.21    1 = FOG OR MIST
DPTR FM NORMAL:  -0.6   DPTR FM NORMAL:    0.76    2 = FOG REDUCING VISIBILITY
HIGHEST:    94 ON 12    GRTST 24HR  2.43 ON 16-16      TO 1/4 MILE OR LESS
LOWEST:     66 ON  1                               3 = THUNDER
                        SNOW, ICE PELLETS, HAIL    4 = ICE PELLETS
                        TOTAL MONTH:   0.0 INCH    5 = HAIL
                        GRTST 24HR     0.0         6 = FREEZING RAIN OR DRIZZLE
                        GRTST DEPTH:   0           7 = DUSTSTORM OR SANDSTORM:
                                                       VSBY 1/2 MILE OR LESS
                                                   8 = SMOKE OR HAZE
[NO. OF DAYS WITH]      [WEATHER - DAYS WITH]      9 = BLOWING SNOW
                                                   X = TORNADO
MAX 32 OR BELOW:   0    0.01 INCH OR MORE:  10
MAX 90 OR ABOVE:  22    0.10 INCH OR MORE:   8
MIN 32 OR BELOW:   0    0.50 INCH OR MORE:   3
MIN  0 OR BELOW:   0    1.00 INCH OR MORE:   1

[HDD (BASE 65) ]
TOTAL THIS MO.     0    CLEAR  (SCALE 0-3)  21
DPTR FM NORMAL     0    PTCLDY (SCALE 4-7)   7
TOTAL FM JUL 1  1768    CLOUDY (SCALE 8-10)  2
DPTR FM NORMAL   160

[CDD (BASE 65) ]
TOTAL THIS MO.   505
DPTR FM NORMAL   -11    [PRESSURE DATA]
TOTAL FM JAN 1  1076    HIGHEST SLP 30.16 ON 24
DPTR FM NORMAL   -28    LOWEST  SLP 29.72 ON 16

[REMARKS]
#FINAL-06-15#
