040
CXUS52 KGSP 270817
CF6CLT
PRELIMINARY LOCAL CLIMATOLOGICAL DATA (WS FORM: F-6)

                                          STATION:   CHARLOTTE NC
                                          MONTH:     JULY
                                          YEAR:      2016
                                          LATITUDE:   35 12 N
                                          LONGITUDE:  80 57 W

  TEMPERATURE IN F:       :PCPN:    SNOW:  WIND      :SUNSHINE: SKY     :PK WND
================================================================================
1   2   3   4   5  6A  6B    7    8   9   10  11  12  13   14  15   16   17  18
                                     12Z  AVG MX 2MIN
DY MAX MIN AVG DEP HDD CDD  WTR  SNW DPTH SPD SPD DIR MIN PSBL S-S WX    SPD DR
================================================================================

 1  89  70  80   2   0  15 0.00  0.0    0  5.0 12 210   M    M   5        15 190
 2  93  72  83   5   0  18 0.00  0.0    0  3.8 12 150   M    M   6        17  70
 3  91  73  82   4   0  17    T  0.0    0  7.3 16 120   M    M   5 3      27  90
 4  93  72  83   5   0  18 0.00  0.0    0  6.0 14 180   M    M   8        18 240
 5  95  73  84   6   0  19 0.35  0.0    0  8.6 26 310   M    M   3 13     40 310
 6  94  73  84   6   0  19 0.00  0.0    0  6.9 17 240   M    M   5        23 230
 7  90  71  81   3   0  16 0.08  0.0    0  7.1 20 220   M    M   7 13     26 220
 8  95  70  83   5   0  18 0.04  0.0    0  5.6 29 310   M    M   5 38     42 310
 9  92  69  81   2   0  16 0.00  0.0    0  5.1 13 310   M    M   6        17 320
10  91  72  82   3   0  17 0.00  0.0    0  3.8 10 200   M    M   7        15 290
11  93  70  82   3   0  17    T  0.0    0  4.3 21 320   M    M   6 3      28 320
12  93  70  82   3   0  17 0.00  0.0    0  3.9 14 240   M    M   5 3      19 250
13  95  70  83   4   0  18 0.00  0.0    0  3.3 10 190   M    M   2 8      15 240
14  97  70  84   5   0  19 0.00  0.0    0  5.2 13 190   M    M   3        17 270
15  97  71  84   5   0  19 0.30  0.0    0  6.2 22 140   M    M   5 13     29 190
16  87  69  78  -1   0  13 0.40  0.0    0  4.7 20 310   M    M   9 13     26 310
17  91  67  79   0   0  14 0.00  0.0    0  4.3 17 170   M    M   7 1      25 190
18  93  71  82   3   0  17 0.00  0.0    0  4.2  9 250   M    M   6        12 250
19  95  70  83   4   0  18 0.00  0.0    0  4.1 14  80   M    M   4        21  90
20  93  73  83   4   0  18 0.00  0.0    0  6.1 13 110   M    M   5        19  70
21  91  72  82   3   0  17 0.38  0.0    0  5.7 21 260   M    M   5 38     28 260
22  95  70  83   4   0  18 0.00  0.0    0  4.0 14 260   M    M   6        20 250
23  96  69  83   4   0  18 0.00  0.0    0  3.9 20 200   M    M   5 3      23 200
24  97  73  85   6   0  20 0.00  0.0    0  4.3 10 170   M    M   4        15 250
25  98  76  87   8   0  22 0.00  0.0    0  6.9 15 210   M    M   3        18 210
26  98  75  87   8   0  22 0.00  0.0    0  5.4 14 230   M    M   4 3      17 220
================================================================================
SM 2432 1851         0 460  1.55     0.0 135.7          M      136
================================================================================
AV 93.5 71.2                               5.2 FASTST   M    M   5    MAX(MPH)
                                 MISC ---->  # 29 310               # 42  310
================================================================================
NOTES:
# LAST OF SEVERAL OCCURRENCES

COLUMN 17 PEAK WIND IN M.P.H.

PRELIMINARY LOCAL CLIMATOLOGICAL DATA (WS FORM: F-6) , PAGE 2

                                          STATION:  CHARLOTTE NC
                                          MONTH:    JULY
                                          YEAR:     2016
                                          LATITUDE:   35 12 N
                                          LONGITUDE:  80 57 W

[TEMPERATURE DATA]      [PRECIPITATION DATA]       SYMBOLS USED IN COLUMN 16

AVERAGE MONTHLY: 82.4   TOTAL FOR MONTH:   1.55    1 = FOG OR MIST
DPTR FM NORMAL:   3.7   DPTR FM NORMAL:   -1.45    2 = FOG REDUCING VISIBILITY
HIGHEST:    98 ON 26,25 GRTST 24HR  0.70 ON 15-16      TO 1/4 MILE OR LESS
LOWEST:     67 ON 17                               3 = THUNDER
                        SNOW, ICE PELLETS, HAIL    4 = ICE PELLETS
                        TOTAL MONTH:   0.0 INCH    5 = HAIL
                        GRTST 24HR     0.0         6 = FREEZING RAIN OR DRIZZLE
                        GRTST DEPTH:   0           7 = DUSTSTORM OR SANDSTORM:
                                                       VSBY 1/2 MILE OR LESS
                                                   8 = SMOKE OR HAZE
[NO. OF DAYS WITH]      [WEATHER - DAYS WITH]      9 = BLOWING SNOW
                                                   X = TORNADO
MAX 32 OR BELOW:   0    0.01 INCH OR MORE:   6
MAX 90 OR ABOVE:  24    0.10 INCH OR MORE:   4
MIN 32 OR BELOW:   0    0.50 INCH OR MORE:   0
MIN  0 OR BELOW:   0    1.00 INCH OR MORE:   0

[HDD (BASE 65) ]
TOTAL THIS MO.     0    CLEAR  (SCALE 0-3)   2
DPTR FM NORMAL     0    PTCLDY (SCALE 4-7)  23
TOTAL FM JUL 1     0    CLOUDY (SCALE 8-10)  1
DPTR FM NORMAL     0

[CDD (BASE 65) ]
TOTAL THIS MO.   460
DPTR FM NORMAL   103    [PRESSURE DATA]
TOTAL FM JAN 1  1115    HIGHEST SLP M ON M
DPTR FM NORMAL   284    LOWEST  SLP 29.86 ON M

[REMARKS]
