000
CXUS51 KILN 220744
CF6CMH
PRELIMINARY LOCAL CLIMATOLOGICAL DATA (WS FORM: F-6)

                                          STATION:   COLUMBUS OH
                                          MONTH:     JANUARY
                                          YEAR:      2017
                                          LATITUDE:   40  0 N
                                          LONGITUDE:  82 53 W

  TEMPERATURE IN F:       :PCPN:    SNOW:  WIND      :SUNSHINE: SKY     :PK WND
================================================================================
1   2   3   4   5  6A  6B    7    8   9   10  11  12  13   14  15   16   17  18
                                     12Z  AVG MX 2MIN
DY MAX MIN AVG DEP HDD CDD  WTR  SNW DPTH SPD SPD DIR MIN PSBL S-S WX    SPD DR
================================================================================

 1  48  29  39   9  26   0 0.00  0.0    0  3.7 14 320   M    M   7        17 320
 2  53  41  47  17  18   0 0.01  0.0    0  4.7 12 100   M    M  10 128    15 130
 3  55  45  50  20  15   0 0.80  0.0    0  7.2 24 290   M    M  10 1      29 290
 4  45  21  33   3  32   0    T    T    0 18.9 25 280   M    M   6        35 290
 5  24  15  20 -10  45   0 0.04  0.9    0 10.4 17 280   M    M  10 8      21 270
 6  16   7  12 -18  53   0    T    T    1  8.0 14 280   M    M   7        19 290
 7  16   6  11 -19  54   0 0.00  0.0    T  8.6 16 280   M    M   5        19 290
 8  20  10  15 -15  50   0    T    T    T  8.8 16 320   M    M   6        22 290
 9  33  12  23  -6  42   0 0.00  0.0    T  8.8 17 190   M    M  10        21 190
10  52  33  43  14  22   0 0.26    T    T 15.3 29 250   M    M  10 1468   40 250
11  62  31  47  18  18   0 0.19  0.0    0 10.7 24 200   M    M   7 1      32 200
12  67  37  52  23  13   0 0.26  0.0    0 17.0 31 320   M    M  10 13     40 210
13  38  30  34   5  31   0 0.00  0.0    0  8.1 14  20   M    M   9        17 320
14  35  31  33   4  32   0 0.08    T    0  4.9 12  60   M    M  10 168    14  60
15  37  30  34   5  31   0    T  0.0    0  4.5 10 340   M    M   9 18     12 330
16  47  32  40  11  25   0 0.08  0.0    0  4.6  9 110   M    M  10 18     11 130
17  64  47  56  27   9   0 0.10  0.0    0 13.3 23 280   M    M   9 1      29 270
18  47  39  43  14  22   0 0.01  0.0    0 10.4 21 290   M    M   7 1      26 290
19  45  39  42  13  23   0 0.00  0.0    0  7.4 13 100   M    M  10 8      16  90
20  61  41  51  22  14   0 0.63  0.0    0  9.5 21 220   M    M   9 1      27 220
21  62  46  54  25  11   0 0.03  0.0    0  6.3 14 190   M    M   8        16 200
================================================================================
SM  927  622       586   0  2.49     0.9 191.1          M      179
================================================================================
AV 44.1 29.6                               9.1 FASTST   M    M   9    MAX(MPH)
                                 MISC ---->  # 31 320               # 40  250
================================================================================
NOTES:
# LAST OF SEVERAL OCCURRENCES

COLUMN 17 PEAK WIND IN M.P.H.

PRELIMINARY LOCAL CLIMATOLOGICAL DATA (WS FORM: F-6) , PAGE 2

                                          STATION:  COLUMBUS OH
                                          MONTH:    JANUARY
                                          YEAR:     2017
                                          LATITUDE:   40  0 N
                                          LONGITUDE:  82 53 W

[TEMPERATURE DATA]      [PRECIPITATION DATA]       SYMBOLS USED IN COLUMN 16

AVERAGE MONTHLY: 36.9   TOTAL FOR MONTH:   2.49    1 = FOG OR MIST
DPTR FM NORMAL:   7.5   DPTR FM NORMAL:    0.60    2 = FOG REDUCING VISIBILITY
HIGHEST:    67 ON 12    GRTST 24HR  0.80 ON  3- 3      TO 1/4 MILE OR LESS
LOWEST:      6 ON  7                               3 = THUNDER
                        SNOW, ICE PELLETS, HAIL    4 = ICE PELLETS
                        TOTAL MONTH:   0.9 INCH    5 = HAIL
                        GRTST 24HR   0.9 ON   M    6 = FREEZING RAIN OR DRIZZLE
                        GRTST DEPTH:   1 ON  6     7 = DUSTSTORM OR SANDSTORM:
                                                       VSBY 1/2 MILE OR LESS
                                                   8 = SMOKE OR HAZE
[NO. OF DAYS WITH]      [WEATHER - DAYS WITH]      9 = BLOWING SNOW
                                                   X = TORNADO
MAX 32 OR BELOW:   4    0.01 INCH OR MORE:  12
MAX 90 OR ABOVE:   0    0.10 INCH OR MORE:   6
MIN 32 OR BELOW:  12    0.50 INCH OR MORE:   2
MIN  0 OR BELOW:   0    1.00 INCH OR MORE:   0

[HDD (BASE 65) ]
TOTAL THIS MO.   586    CLEAR  (SCALE 0-3)   0
DPTR FM NORMAL  -163    PTCLDY (SCALE 4-7)   8
TOTAL FM JUL 1  2353    CLOUDY (SCALE 8-10) 13
DPTR FM NORMAL  -387

[CDD (BASE 65) ]
TOTAL THIS MO.     0
DPTR FM NORMAL     0    [PRESSURE DATA]
TOTAL FM JAN 1     0    HIGHEST SLP 30.73 ON  8
DPTR FM NORMAL     0    LOWEST  SLP 29.57 ON  3

[REMARKS]
