000
CXUS53 KILX 312300
CF6CMI
PRELIMINARY LOCAL CLIMATOLOGICAL DATA (WS FORM: F-6)

                                          STATION:   CHAMPAIGN IL AIRPORT
                                          MONTH:     AUGUST
                                          YEAR:      2016
                                          LATITUDE:   40  1 N
                                          LONGITUDE:  88 17 W

  TEMPERATURE IN F:       :PCPN:    SNOW:  WIND      :SUNSHINE: SKY     :PK WND
================================================================================
1   2   3   4   5  6A  6B    7    8   9   10  11  12  13   14  15   16   17  18
                                     12Z  AVG MX 2MIN
DY MAX MIN AVG DEP HDD CDD  WTR  SNW DPTH SPD SPD DIR MIN PSBL S-S WX    SPD DR
================================================================================

 1  85  67  76   3   0  11 0.00    M    M  5.8  9  80   M    M   1 1      12  80
 2  84  67  76   3   0  11 0.00    M    M  3.1 10 140   M    M   1        13 110
 3  87  70  79   6   0  14 0.00    M    M  5.6 10  90   M    M   1 1      16 160
 4  90  68  79   6   0  14 0.00    M    M  3.0  8 180   M    M   1 18      9 180
 5  84  69  77   4   0  12    T    M    M  6.0 15 300   M    M   3 1      19 300
 6  84  65  75   2   0  10 0.00    M    M  6.6 13 360   M    M   1        17 330
 7  83  63  73   0   0   8 0.00    M    M  7.3 14  20   M    M   2        19 360
 8  84  65  75   2   0  10 0.00    M    M  5.8 10 110   M    M   1        15 110
 9  89  66  78   5   0  13 0.00    M    M  3.0  8 300   M    M   2        12  20
10  90  66  78   5   0  13 0.00    M    M  3.9  9 130   M    M   0 18     12 110
11  90  72  81   8   0  16 0.00    M    M  7.2 15 190   M    M   2 12     21 180
12  87  72  80   7   0  15 0.99    M    M  9.1 20 250   M    M   3 13     24 250
13  80  68  74   2   0   9 0.01    M    M  8.0 17 270   M    M   7 1      21 270
14  76  63  70  -2   0   5 0.00    M    M  3.4 13 210   M    M   2 1      15 190
15  77  69  73   1   0   8 1.29    M    M 10.4 21 190   M    M  10 1      28 130
16  83  71  77   5   0  12 0.09    M    M  6.5 13 250   M    M   6 1      24 280
17  83  69  76   4   0  11 0.00    M    M  5.2 12 180   M    M   5 128    15 200
18  85  67  76   4   0  11 0.61    M    M  6.7 23  10   M    M   2 13     28  10
19  84  67  76   4   0  11 0.00    M    M  6.3 14 220   M    M   4 1      22 200
20  80  63  72   0   0   7 0.25    M    M 10.9 24 220   M    M   5 1      33 220
21  75  57  66  -6   0   1 0.00    M    M  7.1 16 300   M    M   2 1      21 320
22  78  54  66  -6   0   1 0.00    M    M  3.3  9 180   M    M   1 1      13 210
23  80  56  68  -4   0   3 0.00    M    M  7.9 15 170   M    M   2        22 130
24  86  69  78   6   0  13 0.41    M    M 10.3 21 230   M    M   4 13     29 220
25  85  66  76   4   0  11 0.06    M    M  6.1 28 290   M    M   3 13     41 310
26  86  69  78   6   0  13 0.23    M    M  5.9 15 320   M    M   2 138    19 330
27  85  70  78   7   0  13 0.05    M    M  6.5 25 190   M    M   4 13     32 200
28  89  68  79   8   0  14    T    M    M  3.8 15  30   M    M   1 13     18  20
29  88  68  78   7   0  13 0.00    M    M  4.3 12 120   M    M   1 1      14 110
30  85  70  78   7   0  13    T    M    M  4.9 15  20   M    M   1 1      32 350
================================================================================
SM 2522 1994         0 316  3.99    M    183.9          M       80
================================================================================
AV 84.1 66.5                               6.1 FASTST   M    M   3    MAX(MPH)
                                 MISC ---->  # 28 290               # 41  310
================================================================================
NOTES:
# LAST OF SEVERAL OCCURRENCES

COLUMN 17 PEAK WIND IN M.P.H.

PRELIMINARY LOCAL CLIMATOLOGICAL DATA (WS FORM: F-6) , PAGE 2

                                          STATION:  CHAMPAIGN IL AIRPORT
                                          MONTH:    AUGUST
                                          YEAR:     2016
                                          LATITUDE:   40  1 N
                                          LONGITUDE:  88 17 W

[TEMPERATURE DATA]      [PRECIPITATION DATA]       SYMBOLS USED IN COLUMN 16

AVERAGE MONTHLY: 75.3   TOTAL FOR MONTH:   3.99    1 = FOG OR MIST
DPTR FM NORMAL:   3.0   DPTR FM NORMAL:    0.52    2 = FOG REDUCING VISIBILITY
HIGHEST:    90 ON 11,10 GRTST 24HR  1.35 ON 15-16      TO 1/4 MILE OR LESS
LOWEST:     54 ON 22                               3 = THUNDER
                        SNOW, ICE PELLETS, HAIL    4 = ICE PELLETS
                        TOTAL MONTH:    M          5 = HAIL
                        GRTST 24HR    M  ON   M    6 = FREEZING RAIN OR DRIZZLE
                        GRTST DEPTH:  M  ON   M    7 = DUSTSTORM OR SANDSTORM:
                                                       VSBY 1/2 MILE OR LESS
                                                   8 = SMOKE OR HAZE
[NO. OF DAYS WITH]      [WEATHER - DAYS WITH]      9 = BLOWING SNOW
                                                   X = TORNADO
MAX 32 OR BELOW:   0    0.01 INCH OR MORE:  10
MAX 90 OR ABOVE:   3    0.10 INCH OR MORE:   6
MIN 32 OR BELOW:   0    0.50 INCH OR MORE:   3
MIN  0 OR BELOW:   0    1.00 INCH OR MORE:   1

[HDD (BASE 65) ]
TOTAL THIS MO.     0    CLEAR  (SCALE 0-3)  22
DPTR FM NORMAL     0    PTCLDY (SCALE 4-7)   7
TOTAL FM JUL 1     8    CLOUDY (SCALE 8-10)  1
DPTR FM NORMAL     6

[CDD (BASE 65) ]
TOTAL THIS MO.   316
DPTR FM NORMAL    92    [PRESSURE DATA]
TOTAL FM JAN 1  1014    HIGHEST SLP M ON M
DPTR FM NORMAL   193    LOWEST  SLP 29.66 ON 20

[REMARKS]
