000
CXUS53 KTOP 270800
CF6CNK
PRELIMINARY LOCAL CLIMATOLOGICAL DATA (WS FORM: F-6)

                                          STATION:   Concordia KS
                                          MONTH:     JULY
                                          YEAR:      2017
                                          LATITUDE:   39 32 N
                                          LONGITUDE:  97 39 W

  TEMPERATURE IN F:       :PCPN:    SNOW:  WIND      :SUNSHINE: SKY     :PK WND
================================================================================
1   2   3   4   5  6A  6B    7    8   9   10  11  12  13   14  15   16   17  18
                                     12Z  AVG MX 2MIN
DY MAX MIN AVG DEP HDD CDD  WTR  SNW DPTH SPD SPD DIR MIN PSBL S-S WX    SPD DR
================================================================================

 1  89  58  74  -4   0   9 0.00  0.0    0  8.1 17 190   M    M   0        23 190
 2  90  70  80   2   0  15 0.00  0.0    0 10.3 23 200   M    M   0        29 200
 3  90  66  78   0   0  13 0.03  0.0    0  7.6 23 290   M    M   2 3      29 300
 4  87  67  77  -1   0  12 0.00  0.0    0  8.3 15 140   M    M   2 1      19 150
 5  90  63  77  -2   0  12 0.00  0.0    0  4.8 12 180   M    M   0        14 180
 6  98  63  81   2   0  16 0.00  0.0    0  8.2 16 190   M    M   0        20 200
 7  88  64  76  -3   0  11    T  0.0    0  7.3 16  20   M    M   0        23 280
 8  92  59  76  -3   0  11 0.00  0.0    0  6.4 17 170   M    M   0        20 170
 9  99  71  85   6   0  20 0.00  0.0    0 14.7 22 200   M    M   0        29 200
10 102  73  88   9   0  23 0.00  0.0    0 12.5 22 200   M    M   0        29 200
11 103  74  89  10   0  24 0.00  0.0    0 15.3 24 180   M    M   0        31 190
12  98  76  87   8   0  22 0.00  0.0    0 10.6 24 210   M    M   1        31 200
13  86  71  79   0   0  14 0.04  0.0    0  8.9 16  10   M    M   4 1      23  40
14  91  67  79   0   0  14 0.00  0.0    0  5.2 12 100   M    M   3 1      15 130
15  94  69  82   3   0  17 0.00  0.0    0  4.7 12 180   M    M   2        15 180
16  95  71  83   4   0  18 0.00  0.0    0  6.9 14 180   M    M   0 8      17 180
17  98  70  84   5   0  19 0.00  0.0    0 11.1 22 310   M    M   1        29 190
18  97  70  84   5   0  19 1.64  0.0    0 12.3 26 170   M    M   3 13     34 150
19 100  77  89  10   0  24 0.00  0.0    0 13.7 22 180   M    M   2 3      27 200
20 103  77  90  11   0  25 0.00  0.0    0 12.7 21 170   M    M   0        25 170
21 105  80  93  14   0  28 0.00  0.0    0 16.2 23 200   M    M   0        31 200
22 100  68  84   5   0  19 0.05  0.0    0  9.7 44 160   M    M   1 138    59 180
23  95  67  81   2   0  16 0.00  0.0    0  5.6 12  10   M    M   0        15  10
24  94  67  81   2   0  16 0.00  0.0    0  8.1 14 160   M    M   0        19 160
25  98  71  85   6   0  20 0.00  0.0    0 13.8 21 170   M    M   0        26 150
26  84  74  79   0   0  14 0.53  0.0    0  9.5 28 170   M    M   5 13     35 170
================================================================================
SM 2466 1803         0 451  2.29     0.0 252.5          M       26
================================================================================
AV 94.9 69.4                               9.7 FASTST   M    M   1    MAX(MPH)
                                 MISC ---->  # 44 160               # 59  180
================================================================================
NOTES:
# LAST OF SEVERAL OCCURRENCES

COLUMN 17 PEAK WIND IN M.P.H.

PRELIMINARY LOCAL CLIMATOLOGICAL DATA (WS FORM: F-6) , PAGE 2

                                          STATION:  Concordia KS
                                          MONTH:    JULY
                                          YEAR:     2017
                                          LATITUDE:   39 32 N
                                          LONGITUDE:  97 39 W

[TEMPERATURE DATA]      [PRECIPITATION DATA]       SYMBOLS USED IN COLUMN 16

AVERAGE MONTHLY: 82.1   TOTAL FOR MONTH:   2.29    1 = FOG OR MIST
DPTR FM NORMAL:   3.2   DPTR FM NORMAL:   -1.08    2 = FOG REDUCING VISIBILITY
HIGHEST:   105 ON 21    GRTST 24HR  1.64 ON 18-18      TO 1/4 MILE OR LESS
LOWEST:     58 ON  1                               3 = THUNDER
                        SNOW, ICE PELLETS, HAIL    4 = ICE PELLETS
                        TOTAL MONTH:   0.0 INCH    5 = HAIL
                        GRTST 24HR     0.0         6 = FREEZING RAIN OR DRIZZLE
                        GRTST DEPTH:   0           7 = DUSTSTORM OR SANDSTORM:
                                                       VSBY 1/2 MILE OR LESS
                                                   8 = SMOKE OR HAZE
[NO. OF DAYS WITH]      [WEATHER - DAYS WITH]      9 = BLOWING SNOW
                                                   X = TORNADO
MAX 32 OR BELOW:   0    0.01 INCH OR MORE:   5
MAX 90 OR ABOVE:  21    0.10 INCH OR MORE:   2
MIN 32 OR BELOW:   0    0.50 INCH OR MORE:   2
MIN  0 OR BELOW:   0    1.00 INCH OR MORE:   1

[HDD (BASE 65) ]
TOTAL THIS MO.     0    CLEAR  (SCALE 0-3)  23
DPTR FM NORMAL     0    PTCLDY (SCALE 4-7)   3
TOTAL FM JUL 1     0    CLOUDY (SCALE 8-10)  0
DPTR FM NORMAL     0

[CDD (BASE 65) ]
TOTAL THIS MO.   451
DPTR FM NORMAL    91    [PRESSURE DATA]
TOTAL FM JAN 1   862    HIGHEST SLP M ON M
DPTR FM NORMAL   148    LOWEST  SLP 29.72 ON 22

[REMARKS]
