000
CXUS53 KTOP 250800
CF6CNK
PRELIMINARY LOCAL CLIMATOLOGICAL DATA (WS FORM: F-6)

                                          STATION:   Concordia KS
                                          MONTH:     MAY
                                          YEAR:      2017
                                          LATITUDE:   39 32 N
                                          LONGITUDE:  97 39 W

  TEMPERATURE IN F:       :PCPN:    SNOW:  WIND      :SUNSHINE: SKY     :PK WND
================================================================================
1   2   3   4   5  6A  6B    7    8   9   10  11  12  13   14  15   16   17  18
                                     12Z  AVG MX 2MIN
DY MAX MIN AVG DEP HDD CDD  WTR  SNW DPTH SPD SPD DIR MIN PSBL S-S WX    SPD DR
================================================================================

 1  66  34  50  -8  15   0 0.06    T    0 16.2 29 310   M    M   5 1      38 330
 2  60  42  51  -8  14   0 0.06  0.0    0  5.4 13 320   M    M   7        16 270
 3  64  45  55  -4  10   0    T  0.0    0  5.1 18 300   M    M   5        24 290
 4  68  42  55  -4  10   0 0.00  0.0    0 10.3 23  20   M    M   1        33 340
 5  75  42  59  -1   6   0 0.00  0.0    0  6.7 14 200   M    M   0        26 320
 6  85  55  70  10   0   5 0.00  0.0    0  8.2 14 140   M    M   0        17 240
 7  83  57  70  10   0   5 0.00  0.0    0 15.0 29 160   M    M   0        36 160
 8  85  57  71  11   0   6 0.00  0.0    0 14.2 24 190   M    M   0        35 210
 9  82  58  70   9   0   5 0.01  0.0    0  7.6 16 180   M    M   3        20 190
10  79  59  69   8   0   4 0.02  0.0    0 12.1 23  20   M    M   5 1      28 220
11  69  52  61  -1   4   0 1.02  0.0    0 11.5 39  20   M    M   5 13     49  30
12  73  43  58  -4   7   0 0.00  0.0    0  7.3 18  30   M    M   0        26  40
13  75  43  59  -3   6   0 0.00  0.0    0 11.2 23 180   M    M   0        30 180
14  86  59  73  11   0   8 0.00  0.0    0 14.9 35 190   M    M   0        45 190
15  85  64  75  12   0  10 0.00  0.0    0 13.5 29 180   M    M   0        38 200
16  84  60  72   9   0   7 2.02  0.0    0 18.8 30 190   M    M   3 13     47 240
17  72  54  63   0   2   0 0.46  0.0    0 11.6 25 260   M    M   4 13     32 280
18  66  50  58  -6   7   0 0.76  0.0    0 12.6 22  60   M    M   8 13     30  60
19  55  52  54 -10  11   0 1.99  0.0    0 12.4 28  20   M    M  10 13     36  30
20  53  41  47 -17  18   0 0.19  0.0    0 14.7 24 270   M    M   9 1      31 320
21  72  38  55 -10  10   0 0.00  0.0    0  9.6 17 270   M    M   2        27 270
22  67  53  60  -5   5   0 0.35  0.0    0  7.5 24 340   M    M   7 13     31 330
23  64  49  57  -8   8   0 0.11  0.0    0 12.1 25 350   M    M   7 1      37 330
24  67  43  55 -11  10   0 0.00  0.0    0  6.8 14 360   M    M   3        23 330
================================================================================
SM 1735 1192       143  50  7.05    T    265.3          M       84
================================================================================
AV 72.3 49.7                              11.1 FASTST   M    M   4    MAX(MPH)
                                 MISC ---->  # 39  20               # 49   30
================================================================================
NOTES:
# LAST OF SEVERAL OCCURRENCES

COLUMN 17 PEAK WIND IN M.P.H.

PRELIMINARY LOCAL CLIMATOLOGICAL DATA (WS FORM: F-6) , PAGE 2

                                          STATION:  Concordia KS
                                          MONTH:    MAY
                                          YEAR:     2017
                                          LATITUDE:   39 32 N
                                          LONGITUDE:  97 39 W

[TEMPERATURE DATA]      [PRECIPITATION DATA]       SYMBOLS USED IN COLUMN 16

AVERAGE MONTHLY: 61.0   TOTAL FOR MONTH:   7.05    1 = FOG OR MIST
DPTR FM NORMAL:  -1.0   DPTR FM NORMAL:    3.89    2 = FOG REDUCING VISIBILITY
HIGHEST:    86 ON 14    GRTST 24HR  2.02 ON 16-16      TO 1/4 MILE OR LESS
LOWEST:     34 ON  1                               3 = THUNDER
                        SNOW, ICE PELLETS, HAIL    4 = ICE PELLETS
                        TOTAL MONTH:    T          5 = HAIL
                        GRTST 24HR    T  ON  1- 1  6 = FREEZING RAIN OR DRIZZLE
                        GRTST DEPTH:   0           7 = DUSTSTORM OR SANDSTORM:
                                                       VSBY 1/2 MILE OR LESS
                                                   8 = SMOKE OR HAZE
[NO. OF DAYS WITH]      [WEATHER - DAYS WITH]      9 = BLOWING SNOW
                                                   X = TORNADO
MAX 32 OR BELOW:   0    0.01 INCH OR MORE:  12
MAX 90 OR ABOVE:   0    0.10 INCH OR MORE:   8
MIN 32 OR BELOW:   0    0.50 INCH OR MORE:   4
MIN  0 OR BELOW:   0    1.00 INCH OR MORE:   3

[HDD (BASE 65) ]
TOTAL THIS MO.   143    CLEAR  (SCALE 0-3)  13
DPTR FM NORMAL    26    PTCLDY (SCALE 4-7)   9
TOTAL FM JUL 1  4561    CLOUDY (SCALE 8-10)  2
DPTR FM NORMAL  -820

[CDD (BASE 65) ]
TOTAL THIS MO.    50
DPTR FM NORMAL     7    [PRESSURE DATA]
TOTAL FM JAN 1    69    HIGHEST SLP M ON M
DPTR FM NORMAL     9    LOWEST  SLP 29.36 ON 17

[REMARKS]
