000
CXUS53 KTOP 250820
CF6CNK
PRELIMINARY LOCAL CLIMATOLOGICAL DATA (WS FORM: F-6)

                                          STATION:   Concordia KS
                                          MONTH:     OCTOBER
                                          YEAR:      2014
                                          LATITUDE:   39 32 N
                                          LONGITUDE:  97 39 W

  TEMPERATURE IN F:       :PCPN:    SNOW:  WIND      :SUNSHINE: SKY     :PK WND
================================================================================
1   2   3   4   5  6A  6B    7    8   9   10  11  12  13   14  15   16   17  18
                                     12Z  AVG MX 2MIN
DY MAX MIN AVG DEP HDD CDD  WTR  SNW DPTH SPD SPD DIR MIN PSBL S-S WX    SPD DR
================================================================================

 1  82  60  71  10   0   6 0.00  0.0    0  4.2 10 330   M    M   3 12     14 140
 2  64  51  58  -3   7   0 1.01  0.0    0 10.9 31 210   M    M   6 13     43 210
 3  58  39  49 -11  16   0 0.09  0.0    0 13.9 29 350   M    M   3        40 340
 4  61  35  48 -12  17   0 0.00  0.0    0  6.7 13 200   M    M   1        17 190
 5  76  46  61   1   4   0    T  0.0    0  9.9 28 280   M    M   1        39 280
 6  77  49  63   4   2   0 0.00  0.0    0  8.0 16 250   M    M   0        22 250
 7  80  54  67   8   0   2 0.00  0.0    0  6.7 15 300   M    M   0 8      17 310
 8  73  47  60   2   5   0 0.00  0.0    0  7.1 16  80   M    M   3        22  80
 9  60  53  57  -1   8   0 0.79  0.0    0 11.1 17  70   M    M   8 1      24  70
10  53  39  46 -12  19   0 0.05  0.0    0  8.2 17  40   M    M   7        22  40
11  60  33  47 -10  18   0 0.00  0.0    0  4.0  9 170   M    M   0        11  80
12  65  43  54  -3  11   0    T  0.0    0 10.4 20 160   M    M   4 1      26 170
13  63  50  57   0   8   0 0.31  0.0    0 15.5 32 340   M    M   6 1      46 360
14  68  43  56   0   9   0 0.00  0.0    0 11.7 25 340   M    M   0        32 350
15  71  38  55  -1  10   0 0.00  0.0    0  7.7 17 170   M    M   0        23 170
16  80  46  63   7   2   0 0.00  0.0    0  8.9 22 360   M    M   0        27 360
17  68  45  57   2   8   0 0.00  0.0    0  8.6 17 330   M    M   0        23 360
18  61  38  50  -5  15   0 0.00  0.0    0  4.7  9  30   M    M   0        11  20
19  72  42  57   3   8   0 0.00  0.0    0 11.5 23 200   M    M   0        28 210
20  77  47  62   8   3   0 0.00  0.0    0  4.9  9  30   M    M   0        14  70
21  77  41  59   5   6   0 0.00  0.0    0  7.1 17 160   M    M   0        24 150
22  78  55  67  14   0   2 0.19  0.0    0 13.7 29 180   M    M   3 18     38 180
23  74  59  67  14   0   2 0.00  0.0    0  5.4 13 180   M    M   5 18     18 180
24  83  57  70  18   0   5 0.00  0.0    0  7.5 16 220   M    M   0 1      21 230
================================================================================
SM 1681 1110       176  17  2.44     0.0 208.3          M       50
================================================================================
AV 70.0 46.2                               8.7 FASTST   M    M   2    MAX(MPH)
                                 MISC ---->  # 32 340               # 46  360
================================================================================
NOTES:
# LAST OF SEVERAL OCCURRENCES

COLUMN 17 PEAK WIND IN M.P.H.

PRELIMINARY LOCAL CLIMATOLOGICAL DATA (WS FORM: F-6) , PAGE 2

                                          STATION:  Concordia KS
                                          MONTH:    OCTOBER
                                          YEAR:     2014
                                          LATITUDE:   39 32 N
                                          LONGITUDE:  97 39 W

[TEMPERATURE DATA]      [PRECIPITATION DATA]       SYMBOLS USED IN COLUMN 16

AVERAGE MONTHLY: 58.1   TOTAL FOR MONTH:   2.44    1 = FOG OR MIST
DPTR FM NORMAL:   1.4   DPTR FM NORMAL:    0.87    2 = FOG REDUCING VISIBILITY
HIGHEST:    83 ON 24    GRTST 24HR  1.07 ON  2- 3      TO 1/4 MILE OR LESS
LOWEST:     33 ON 11                               3 = THUNDER
                        SNOW, ICE PELLETS, HAIL    4 = ICE PELLETS
                        TOTAL MONTH:   0.0 INCH    5 = HAIL
                        GRTST 24HR     0.0         6 = FREEZING RAIN OR DRIZZLE
                        GRTST DEPTH:   0           7 = DUSTSTORM OR SANDSTORM:
                                                       VSBY 1/2 MILE OR LESS
                                                   8 = SMOKE OR HAZE
[NO. OF DAYS WITH]      [WEATHER - DAYS WITH]      9 = BLOWING SNOW
                                                   X = TORNADO
MAX 32 OR BELOW:   0    0.01 INCH OR MORE:   6
MAX 90 OR ABOVE:   0    0.10 INCH OR MORE:   4
MIN 32 OR BELOW:   0    0.50 INCH OR MORE:   2
MIN  0 OR BELOW:   0    1.00 INCH OR MORE:   1

[HDD (BASE 65) ]
TOTAL THIS MO.   176    CLEAR  (SCALE 0-3)  17
DPTR FM NORMAL   -42    PTCLDY (SCALE 4-7)   7
TOTAL FM JUL 1   260    CLOUDY (SCALE 8-10)  0
DPTR FM NORMAL   -31

[CDD (BASE 65) ]
TOTAL THIS MO.    17
DPTR FM NORMAL    -3    [PRESSURE DATA]
TOTAL FM JAN 1  1361    HIGHEST SLP M ON M
DPTR FM NORMAL    15    LOWEST  SLP 29.57 ON 13

[REMARKS]
