000
CXUS53 KICT 260800
CF6CNU
PRELIMINARY LOCAL CLIMATOLOGICAL DATA (WS FORM: F-6)

                                          STATION:   CHANUTE KS
                                          MONTH:     SEPTEMBER
                                          YEAR:      2016
                                          LATITUDE:   37 40 N
                                          LONGITUDE:  95 29 W

  TEMPERATURE IN F:       :PCPN:    SNOW:  WIND      :SUNSHINE: SKY     :PK WND
================================================================================
1   2   3   4   5  6A  6B    7    8   9   10  11  12  13   14  15   16   17  18
                                     12Z  AVG MX 2MIN
DY MAX MIN AVG DEP HDD CDD  WTR  SNW DPTH SPD SPD DIR MIN PSBL S-S WX    SPD DR
================================================================================

 1  83  64  74  -2   0   9 0.00    M    M  8.5 16  30   M    M   3        21  40
 2  80  60  70  -6   0   5 0.00    M    M  7.0 13  70   M    M   1        18  80
 3  81  59  70  -5   0   5 0.00    M    M  7.4 13 130   M    M   0        17 150
 4  88  62  75   0   0  10 0.00    M    M 10.7 20 150   M    M   0        24 170
 5  94  69  82   8   0  17 0.00    M    M 14.1 22 180   M    M   0        33 160
 6  94  74  84  10   0  19 0.00    M    M 13.8 23 190   M    M   0        27 180
 7  94  76  85  11   0  20 0.00    M    M 14.3 24 190   M    M   1        29 190
 8  82  72  77   4   0  12 1.30    M    M  8.6 24 320   M    M   8 13     31 320
 9  88  67  78   5   0  13 2.78    M    M  8.8 35 310   M    M   2 13     45 320
10  76  57  67  -5   0   2 0.16    M    M 10.1 20 330   M    M   2 1      24 340
11  80  51  66  -6   0   1 0.00    M    M  6.7 14 150   M    M   0        19 180
12  86  60  73   1   0   8 0.00    M    M 11.1 22 170   M    M   0        26 170
13  89  66  78   7   0  13 0.00    M    M  6.9 14 160   M    M   2        19 180
14  84  68  76   5   0  11    T    M    M  5.9 17 110   M    M   4 13     23  40
15  88  67  78   8   0  13 0.30    M    M  6.5 23 270   M    M   4 123    29 250
16  71  60  66  -4   0   1 1.34    M    M  5.4 20  10   M    M   3 123    27 360
17  83  57  70   1   0   5 0.00    M    M  1.8  7 120   M    M   4 12     11 300
18  85  60  73   4   0   8 0.00    M    M  4.9 12 200   M    M   0 1      16 240
19  92  67  80  12   0  15 0.00    M    M  8.1 14 190   M    M   0        19 210
20  93  72  83  15   0  18 0.00    M    M  7.2 14 170   M    M   0 1      17 330
21  89  69  79  12   0  14 0.00    M    M  8.4 15 170   M    M   0        19 200
22  89  67  78  11   0  13 0.00    M    M  8.8 18 200   M    M   0        23 200
23  89  64  77  11   0  12 0.00    M    M  8.6 15 150   M    M   0        20 160
24  90  68  79  13   0  14 0.25    M    M 11.7 24 270   M    M   2 1      34 280
25  72  61  67   1   0   2 0.78    M    M  4.8 20 340   M    M   8 13     24 340
================================================================================
SM 2140 1617         0 260  6.91    M    210.1          M       44
================================================================================
AV 85.6 64.7                               8.4 FASTST   M    M   2    MAX(MPH)
                                 MISC ---->  # 35 310               # 45  320
================================================================================
NOTES:
# LAST OF SEVERAL OCCURRENCES

COLUMN 17 PEAK WIND IN M.P.H.

PRELIMINARY LOCAL CLIMATOLOGICAL DATA (WS FORM: F-6) , PAGE 2

                                          STATION:  CHANUTE KS
                                          MONTH:    SEPTEMBER
                                          YEAR:     2016
                                          LATITUDE:   37 40 N
                                          LONGITUDE:  95 29 W

[TEMPERATURE DATA]      [PRECIPITATION DATA]       SYMBOLS USED IN COLUMN 16

AVERAGE MONTHLY: 75.1   TOTAL FOR MONTH:   6.91    1 = FOG OR MIST
DPTR FM NORMAL:   4.2   DPTR FM NORMAL:    3.93    2 = FOG REDUCING VISIBILITY
HIGHEST:    94 ON  7, 6 GRTST 24HR  2.82 ON  8- 9      TO 1/4 MILE OR LESS
LOWEST:     51 ON 11                               3 = THUNDER
                        SNOW, ICE PELLETS, HAIL    4 = ICE PELLETS
                        TOTAL MONTH:    M          5 = HAIL
                        GRTST 24HR    M  ON   M    6 = FREEZING RAIN OR DRIZZLE
                        GRTST DEPTH:  M  ON   M    7 = DUSTSTORM OR SANDSTORM:
                                                       VSBY 1/2 MILE OR LESS
                                                   8 = SMOKE OR HAZE
[NO. OF DAYS WITH]      [WEATHER - DAYS WITH]      9 = BLOWING SNOW
                                                   X = TORNADO
MAX 32 OR BELOW:   0    0.01 INCH OR MORE:   7
MAX 90 OR ABOVE:   6    0.10 INCH OR MORE:   7
MIN 32 OR BELOW:   0    0.50 INCH OR MORE:   4
MIN  0 OR BELOW:   0    1.00 INCH OR MORE:   3

[HDD (BASE 65) ]
TOTAL THIS MO.     0    CLEAR  (SCALE 0-3)  19
DPTR FM NORMAL   -28    PTCLDY (SCALE 4-7)   5
TOTAL FM JUL 1     0    CLOUDY (SCALE 8-10)  1
DPTR FM NORMAL   -29

[CDD (BASE 65) ]
TOTAL THIS MO.   260
DPTR FM NORMAL    81    [PRESSURE DATA]
TOTAL FM JAN 1  1741    HIGHEST SLP M ON M
DPTR FM NORMAL   258    LOWEST  SLP 29.74 ON  9

[REMARKS]
