000
CXUS53 KICT 280800
CF6CNU
PRELIMINARY LOCAL CLIMATOLOGICAL DATA (WS FORM: F-6)

                                          STATION:   CHANUTE KS
                                          MONTH:     JULY
                                          YEAR:      2017
                                          LATITUDE:   37 40 N
                                          LONGITUDE:  95 29 W

  TEMPERATURE IN F:       :PCPN:    SNOW:  WIND      :SUNSHINE: SKY     :PK WND
================================================================================
1   2   3   4   5  6A  6B    7    8   9   10  11  12  13   14  15   16   17  18
                                     12Z  AVG MX 2MIN
DY MAX MIN AVG DEP HDD CDD  WTR  SNW DPTH SPD SPD DIR MIN PSBL S-S WX    SPD DR
================================================================================

 1  88  62  75  -3   0  10 0.00    M    M  3.9 10 360   M    M   0        15 360
 2  90  60  75  -3   0  10 0.00    M    M  6.7 18 200   M    M   1        22 170
 3  87  63  75  -4   0  10 0.00    M    M  6.3 15 200   M    M   1 1      19 170
 4  77  70  74  -5   0   9 0.59    M    M  6.6 15  70   M    M   8 1      22  80
 5  89  68  79   0   0  14 0.07    M    M  6.3 17 330   M    M   4 13     27  30
 6  91  66  79   0   0  14 0.00    M    M  4.4  9 310   M    M   0 1      13 140
 7  95  69  82   3   0  17 0.00    M    M  8.6 17 350   M    M   1 3      27 360
 8  90  65  78  -1   0  13 0.00    M    M  6.3 15  90   M    M   0        21 180
 9  92  69  81   2   0  16 0.00    M    M 10.0 17 170   M    M   0 1      24 160
10  93  73  83   4   0  18 0.00    M    M 12.5 21 190   M    M   0 8      28 190
11  96  74  85   6   0  20 0.00    M    M 13.6 21 170   M    M   0        28 190
12  98  77  88   8   0  23 0.00    M    M 13.9 21 200   M    M   0        54 250
13  97  71  84   4   0  19 0.58    M    M 10.2 22  30   M    M   2 13     28 170
14  88  71  80   0   0  15 0.05    M    M  4.9 13  80   M    M   5 3      17  40
15  92  71  82   2   0  17 0.00    M    M  4.9 13  80   M    M   1 1      18  50
16  93  69  81   1   0  16 0.00    M    M  4.5  9  70   M    M   0         M  M
17  95  66  81   1   0  16 0.00    M    M  5.5 14 180   M    M   1 1      23 190
18  94  68  81   1   0  16 0.00    M    M  9.0 17 160   M    M   0        30 190
19  97  74  86   6   0  21 0.00    M    M  9.8 18 190   M    M   0        30 250
20 100  76  88   8   0  23 0.00    M    M 11.2 20 200   M    M   0        33 250
21 100  78  89   9   0  24 0.00    M    M 12.9 23 170   M    M   0        33 200
22 104  79  92  12   0  27    T    M    M 12.5 21 360   M    M   1 3      38 160
23  93  70  82   2   0  17 0.45    M    M  6.2 21 320   M    M   3 13     27 310
24  95  70  83   3   0  18 0.00    M    M  4.3 10 140   M    M   0        16 160
25  97  73  85   5   0  20 0.00    M    M  8.4 17 180   M    M   1 1       M  M
26  96  77  87   7   0  22 0.09    M    M 11.0 18 180   M    M   2 1      29 250
27  91  77  84   4   0  19 0.51    M    M  7.1 17 170   M    M   6 138    24  50
================================================================================
SM 2518 1906         0 464  2.34    M    221.5          M       37
================================================================================
AV 93.3 70.6                               8.2 FASTST   M    M   1    MAX(MPH)
                                 MISC ---->  # 23 170               # 54  250
================================================================================
NOTES:
# LAST OF SEVERAL OCCURRENCES

COLUMN 17 PEAK WIND IN M.P.H.

PRELIMINARY LOCAL CLIMATOLOGICAL DATA (WS FORM: F-6) , PAGE 2

                                          STATION:  CHANUTE KS
                                          MONTH:    JULY
                                          YEAR:     2017
                                          LATITUDE:   37 40 N
                                          LONGITUDE:  95 29 W

[TEMPERATURE DATA]      [PRECIPITATION DATA]       SYMBOLS USED IN COLUMN 16

AVERAGE MONTHLY: 81.9   TOTAL FOR MONTH:   2.34    1 = FOG OR MIST
DPTR FM NORMAL:   2.4   DPTR FM NORMAL:   -1.56    2 = FOG REDUCING VISIBILITY
HIGHEST:   104 ON 22    GRTST 24HR  0.69 ON 30- 1      TO 1/4 MILE OR LESS
LOWEST:     60 ON  2                               3 = THUNDER
                        SNOW, ICE PELLETS, HAIL    4 = ICE PELLETS
                        TOTAL MONTH:    M          5 = HAIL
                        GRTST 24HR    M  ON   M    6 = FREEZING RAIN OR DRIZZLE
                        GRTST DEPTH:  M  ON   M    7 = DUSTSTORM OR SANDSTORM:
                                                       VSBY 1/2 MILE OR LESS
                                                   8 = SMOKE OR HAZE
[NO. OF DAYS WITH]      [WEATHER - DAYS WITH]      9 = BLOWING SNOW
                                                   X = TORNADO
MAX 32 OR BELOW:   0    0.01 INCH OR MORE:   7
MAX 90 OR ABOVE:  22    0.10 INCH OR MORE:   4
MIN 32 OR BELOW:   0    0.50 INCH OR MORE:   3
MIN  0 OR BELOW:   0    1.00 INCH OR MORE:   0

[HDD (BASE 65) ]
TOTAL THIS MO.     0    CLEAR  (SCALE 0-3)  23
DPTR FM NORMAL     0    PTCLDY (SCALE 4-7)   4
TOTAL FM JUL 1     0    CLOUDY (SCALE 8-10)  0
DPTR FM NORMAL     0

[CDD (BASE 65) ]
TOTAL THIS MO.   464
DPTR FM NORMAL    72    [PRESSURE DATA]
TOTAL FM JAN 1   940    HIGHEST SLP M ON M
DPTR FM NORMAL   123    LOWEST  SLP 29.70 ON 22

[REMARKS]
