000
CXUS55 KGJT 241000
CF6CNY
PRELIMINARY LOCAL CLIMATOLOGICAL DATA (WS FORM: F-6)

                                          STATION:   CANYONLANDS AIRPORT UT
                                          MONTH:     MAY
                                          YEAR:      2017
                                          LATITUDE:   38 46 N
                                          LONGITUDE: 109 45 W

  TEMPERATURE IN F:       :PCPN:    SNOW:  WIND      :SUNSHINE: SKY     :PK WND
================================================================================
1   2   3   4   5  6A  6B    7    8   9   10  11  12  13   14  15   16   17  18
                                     12Z  AVG MX 2MIN
DY MAX MIN AVG DEP HDD CDD  WTR  SNW DPTH SPD SPD DIR MIN PSBL S-S WX    SPD DR
================================================================================

 1  74  46  60   3   5   0 0.00    M    M  7.3 22 290   M    M   2        36 300
 2  76  45  61   3   4   0 0.00    M    M 10.4 24 320   M    M   2        31 360
 3  75  37  56  -2   9   0 0.00    M    M  3.2 14 240   M    M   0        20  70
 4  83  43  63   5   2   0 0.00    M    M  3.9 13  90   M    M   0        17  80
 5  90  44  67   8   0   2 0.00    M    M  5.6 14 210   M    M   0        21 200
 6  85  54  70  11   0   5 0.01    M    M 10.5 45 200   M    M   1 3      54 200
 7  81  57  69   9   0   4 0.03    M    M  7.9 30 120   M    M   2 3      42 130
 8  78  53  66   6   0   1 0.02    M    M  8.5 24 230   M    M   1 3      34 260
 9  71  50  61   1   4   0    T    M    M  6.8 25 220   M    M   2        30 210
10  64  49  57  -3   8   0 0.30    M    M  5.4 14 330   M    M   5 1      18 320
11  80  45  63   2   2   0 0.00    M    M  1.6  9 220   M    M   1        16 330
12  85  47  66   5   0   1 0.00    M    M  8.5 23 230   M    M   1        28 220
13  84  56  70   8   0   5 0.00    M    M 16.0 36 240   M    M   0        43 220
14  82  45  64   2   1   0 0.00    M    M 12.0 31 210   M    M   0        39 220
15  80  55  68   6   0   3    T    M    M 12.4 40 170   M    M   1        52 150
16  73  49  61  -2   4   0 0.00    M    M 12.1 24 250   M    M   3        32 270
17  61  38  50 -13  15   0 0.04    M    M 12.8 33 310   M    M   7        42 310
18  60  33  47 -16  18   0 0.00    M    M  8.4 22  80   M    M   5        27  90
19  65  45  55  -9  10   0 0.00    M    M  7.2 18  80   M    M   8        22  80
20  70  42  56  -8   9   0 0.00    M    M  3.7 14  50   M    M   0        20  60
21  74  44  59  -5   6   0 0.05    M    M  8.4 33 320   M    M   1 3      39 320
22  78  41  60  -5   5   0 0.00    M    M  7.1 30  60   M    M   1        36  50
23  77  51  64  -1   1   0 0.00    M    M  6.9 30  60   M    M   0        36  50
================================================================================
SM 1746 1069       103  21  0.45    M    186.6          M       43
================================================================================
AV 75.9 46.5                               8.1 FASTST   M    M   2    MAX(MPH)
                                 MISC ---->  # 45 200               # 54  200
================================================================================
NOTES:
# LAST OF SEVERAL OCCURRENCES

COLUMN 17 PEAK WIND IN M.P.H.

PRELIMINARY LOCAL CLIMATOLOGICAL DATA (WS FORM: F-6) , PAGE 2

                                          STATION:  CANYONLANDS AIRPORT UT
                                          MONTH:    MAY
                                          YEAR:     2017
                                          LATITUDE:   38 46 N
                                          LONGITUDE: 109 45 W

[TEMPERATURE DATA]      [PRECIPITATION DATA]       SYMBOLS USED IN COLUMN 16

AVERAGE MONTHLY: 61.2   TOTAL FOR MONTH:   0.45    1 = FOG OR MIST
DPTR FM NORMAL:  -0.0   DPTR FM NORMAL:   -0.01    2 = FOG REDUCING VISIBILITY
HIGHEST:    90 ON  5    GRTST 24HR  0.30 ON 10-10      TO 1/4 MILE OR LESS
LOWEST:     33 ON 18                               3 = THUNDER
                        SNOW, ICE PELLETS, HAIL    4 = ICE PELLETS
                        TOTAL MONTH:    M          5 = HAIL
                        GRTST 24HR    M  ON   M    6 = FREEZING RAIN OR DRIZZLE
                        GRTST DEPTH:  M  ON   M    7 = DUSTSTORM OR SANDSTORM:
                                                       VSBY 1/2 MILE OR LESS
                                                   8 = SMOKE OR HAZE
[NO. OF DAYS WITH]      [WEATHER - DAYS WITH]      9 = BLOWING SNOW
                                                   X = TORNADO
MAX 32 OR BELOW:   0    0.01 INCH OR MORE:   6
MAX 90 OR ABOVE:   1    0.10 INCH OR MORE:   1
MIN 32 OR BELOW:   0    0.50 INCH OR MORE:   0
MIN  0 OR BELOW:   0    1.00 INCH OR MORE:   0

[HDD (BASE 65) ]
TOTAL THIS MO.   103    CLEAR  (SCALE 0-3)  19
DPTR FM NORMAL   -15    PTCLDY (SCALE 4-7)   3
TOTAL FM JUL 1  4334    CLOUDY (SCALE 8-10)  1
DPTR FM NORMAL -1209

[CDD (BASE 65) ]
TOTAL THIS MO.    21
DPTR FM NORMAL    -9    [PRESSURE DATA]
TOTAL FM JAN 1    25    HIGHEST SLP M ON M
DPTR FM NORMAL    -8    LOWEST  SLP 29.42 ON M

[REMARKS]
