000
CXUS51 KGYX 270900
CF6CON
PRELIMINARY LOCAL CLIMATOLOGICAL DATA (WS FORM: F-6)

                                          STATION:   CONCORD NH
                                          MONTH:     AUGUST
                                          YEAR:      2016
                                          LATITUDE:   43 12 N
                                          LONGITUDE:  71 30 W

  TEMPERATURE IN F:       :PCPN:    SNOW:  WIND      :SUNSHINE: SKY     :PK WND
================================================================================
1   2   3   4   5  6A  6B    7    8   9   10  11  12  13   14  15   16   17  18
                                     12Z  AVG MX 2MIN
DY MAX MIN AVG DEP HDD CDD  WTR  SNW DPTH SPD SPD DIR MIN PSBL S-S WX    SPD DR
================================================================================

 1  72  65  69  -1   0   4 0.21  0.0    0  2.6  8  50   M    M  10 1      11 140
 2  81  58  70   0   0   5 0.00  0.0    0  2.8  9 100   M    M   7 1      16 350
 3  86  54  70   0   0   5 0.00  0.0    0  3.1 12 170   M    M   3 12     14 170
 4  88  54  71   1   0   6 0.00  0.0    0  2.7 13 210   M    M   0        18 170
 5  91  56  74   4   0   9 0.00  0.0    0  4.7 14 230   M    M   1        21 210
 6  91  68  80  10   0  15    T  0.0    0  8.0 21 320   M    M   4 3      25 320
 7  87  58  73   3   0   8 0.01  0.0    0  6.0 21 310   M    M   2        27 300
 8  87  54  71   1   0   6 0.00  0.0    0  4.8 16 290   M    M   1        21 300
 9  92  53  73   3   0   8 0.00  0.0    0  2.7 14 220   M    M   0        19 230
10  83  60  72   2   0   7 0.11  0.0    0  2.9  8 180   M    M   6 12     13 150
11  98  66  82  13   0  17 0.00  0.0    0  3.0 16 280   M    M   4 12     22 300
12  99  71  85  16   0  20    T  0.0    0  6.5 17 280   M    M   4 18     24 240
13  84  65  75   6   0  10 0.44  0.0    0  4.4 12 100   M    M   9 13     15 110
14  94  67  81  12   0  16    T  0.0    0  4.9 18 250   M    M   4 123    23 230
15  84  62  73   4   0   8 0.00  0.0    0  6.6 17 330   M    M   1        24 340
16  82  58  70   1   0   5 0.18  0.0    0  1.6  9 160   M    M   6 1      13 170
17  81  61  71   2   0   6    T  0.0    0 10.1 31 320   M    M   4        45 290
18  89  57  73   5   0   8    T  0.0    0  4.3 15 270   M    M   3        19 270
19  89  61  75   7   0  10 0.00  0.0    0  5.0 14 330   M    M   1        20 320
20  88  56  72   4   0   7 0.00  0.0    0  4.2 16 160   M    M   4        23 170
21  88  66  77   9   0  12 0.14  0.0    0  7.2 18 160   M    M   4 1      26 140
22  76  52  64  -4   1   0 0.66  0.0    0 11.0 26 310   M    M   2 1      35 320
23  83  46  65  -3   0   0 0.00  0.0    0  4.3 14 240   M    M   0        20 260
24  90  53  72   5   0   7 0.00  0.0    0  3.5 13 220   M    M   0        15 230
25  90  60  75   8   0  10 0.04  0.0    0  5.5 16 200   M    M   4 1      21 200
26  90  63  77  10   0  12 0.10  0.0    0  3.4 15 300   M    M   4 1      19 290
================================================================================
SM 2263 1544         1 221  1.89     0.0 125.8          M       88
================================================================================
AV 87.0 59.4                               4.8 FASTST   M    M   3    MAX(MPH)
                                 MISC ---->  # 31 320               # 45  290
================================================================================
NOTES:
# LAST OF SEVERAL OCCURRENCES

COLUMN 17 PEAK WIND IN M.P.H.

PRELIMINARY LOCAL CLIMATOLOGICAL DATA (WS FORM: F-6) , PAGE 2

                                          STATION:  CONCORD NH
                                          MONTH:    AUGUST
                                          YEAR:     2016
                                          LATITUDE:   43 12 N
                                          LONGITUDE:  71 30 W

[TEMPERATURE DATA]      [PRECIPITATION DATA]       SYMBOLS USED IN COLUMN 16

AVERAGE MONTHLY: 73.2   TOTAL FOR MONTH:   1.89    1 = FOG OR MIST
DPTR FM NORMAL:   4.3   DPTR FM NORMAL:   -0.82    2 = FOG REDUCING VISIBILITY
HIGHEST:    99 ON 12    GRTST 24HR  0.80 ON 21-22      TO 1/4 MILE OR LESS
LOWEST:     46 ON 23                               3 = THUNDER
                        SNOW, ICE PELLETS, HAIL    4 = ICE PELLETS
                        TOTAL MONTH:   0.0 INCH    5 = HAIL
                        GRTST 24HR     0.0         6 = FREEZING RAIN OR DRIZZLE
                        GRTST DEPTH:   0           7 = DUSTSTORM OR SANDSTORM:
                                                       VSBY 1/2 MILE OR LESS
                                                   8 = SMOKE OR HAZE
[NO. OF DAYS WITH]      [WEATHER - DAYS WITH]      9 = BLOWING SNOW
                                                   X = TORNADO
MAX 32 OR BELOW:   0    0.01 INCH OR MORE:   9
MAX 90 OR ABOVE:   9    0.10 INCH OR MORE:   7
MIN 32 OR BELOW:   0    0.50 INCH OR MORE:   1
MIN  0 OR BELOW:   0    1.00 INCH OR MORE:   0

[HDD (BASE 65) ]
TOTAL THIS MO.     1    CLEAR  (SCALE 0-3)  12
DPTR FM NORMAL   -21    PTCLDY (SCALE 4-7)  12
TOTAL FM JUL 1    12    CLOUDY (SCALE 8-10)  2
DPTR FM NORMAL   -27

[CDD (BASE 65) ]
TOTAL THIS MO.   221
DPTR FM NORMAL    97    [PRESSURE DATA]
TOTAL FM JAN 1   593    HIGHEST SLP M ON M
DPTR FM NORMAL   195    LOWEST  SLP 29.61 ON  6

[REMARKS]
