000
CXUS55 KPUB 221059
CF6COS
PRELIMINARY LOCAL CLIMATOLOGICAL DATA (WS FORM: F-6)

                                          STATION:   COLORADO SPRINGS CO
                                          MONTH:     AUGUST
                                          YEAR:      2017
                                          LATITUDE:   38 49 N
                                          LONGITUDE: 104 43 W

  TEMPERATURE IN F:       :PCPN:    SNOW:  WIND      :SUNSHINE: SKY     :PK WND
================================================================================
1   2   3   4   5  6A  6B    7    8   9   10  11  12  13   14  15   16   17  18
                                     12Z  AVG MX 2MIN
DY MAX MIN AVG DEP HDD CDD  WTR  SNW DPTH SPD SPD DIR MIN PSBL S-S WX    SPD DR
================================================================================

 1  84  57  71   1   0   6 0.00  0.0    0  8.8 21  40   M    M   3        27  20
 2  82  56  69  -1   0   4    T  0.0    0  9.1 24 230   M    M   5 3      28 330
 3  70  58  64  -6   1   0 0.07  0.0    0 11.1 25 350   M    M   8 138    33 350
 4  77  57  67  -3   0   2 0.13  0.0    0 10.3 31 210   M    M   7 138    39 230
 5  81  60  71   1   0   6    T  0.0    0  9.6 28 360   M    M   7        32 360
 6  75  54  65  -5   0   0 0.65  0.0    0  8.2 25 350   M    M   6 13     33 310
 7  63  56  60 -10   5   0 0.78  0.0    0  7.8 16 110   M    M   9 18     26 360
 8  73  57  65  -5   0   0 0.31  0.0    0  5.9 26  40   M    M   8 138    32  40
 9  77  54  66  -4   0   1 0.08  0.0    0  7.8 18 350   M    M   5 3      24 340
10  77  56  67  -3   0   2 0.33    T    0  9.2 29  40   M    M   6 1358   36  30
11  68  56  62  -7   3   0 0.03  0.0    0  9.5 26 150   M    M   9 1238   29 150
12  79  53  66  -3   0   1 0.02  0.0    0  5.9 25 360   M    M   6 1238   30  10
13  84  55  70   1   0   5    T  0.0    0  7.4 24  50   M    M   6 3      28  50
14  85  55  70   1   0   5    T  0.0    0  6.3 28 130   M    M   5 1238   33 120
15  86  59  73   4   0   8 0.00  0.0    0  8.0 25  20   M    M   6 38     33  20
16  74  58  66  -3   0   1 0.01  0.0    0  6.3 20 320   M    M   7 3      24 330
17  82  57  70   1   0   5 0.00  0.0    0  6.0 24  40   M    M   6 3      30  30
18  85  56  71   2   0   6 0.00  0.0    0  8.2 21 150   M    M   2        25 160
19  90  57  74   6   0   9    T  0.0    0  7.6 25 160   M    M   6 3      31 150
20  87  62  75   7   0  10 0.02  0.0    0 10.4 41 290   M    M   7 3      52 290
21  86  62  74   6   0   9 0.00  0.0    0  8.1 20  40   M    M   5        28 350
================================================================================
SM 1665 1195         9  80  2.43    T    171.5          M      129
================================================================================
AV 79.3 56.9                               8.2 FASTST   M    M   6    MAX(MPH)
                                 MISC ---->  # 41 290               # 52  290
================================================================================
NOTES:
# LAST OF SEVERAL OCCURRENCES

COLUMN 17 PEAK WIND IN M.P.H.

PRELIMINARY LOCAL CLIMATOLOGICAL DATA (WS FORM: F-6) , PAGE 2

                                          STATION:  COLORADO SPRINGS CO
                                          MONTH:    AUGUST
                                          YEAR:     2017
                                          LATITUDE:   38 49 N
                                          LONGITUDE: 104 43 W

[TEMPERATURE DATA]      [PRECIPITATION DATA]       SYMBOLS USED IN COLUMN 16

AVERAGE MONTHLY: 68.1   TOTAL FOR MONTH:   2.43    1 = FOG OR MIST
DPTR FM NORMAL:  -1.2   DPTR FM NORMAL:   -0.03    2 = FOG REDUCING VISIBILITY
HIGHEST:    90 ON 19    GRTST 24HR  0.78 ON  7- 7      TO 1/4 MILE OR LESS
LOWEST:     53 ON 12                               3 = THUNDER
                        SNOW, ICE PELLETS, HAIL    4 = ICE PELLETS
                        TOTAL MONTH:    T          5 = HAIL
                        GRTST 24HR    T  ON 10-10  6 = FREEZING RAIN OR DRIZZLE
                        GRTST DEPTH:   0           7 = DUSTSTORM OR SANDSTORM:
                                                       VSBY 1/2 MILE OR LESS
                                                   8 = SMOKE OR HAZE
[NO. OF DAYS WITH]      [WEATHER - DAYS WITH]      9 = BLOWING SNOW
                                                   X = TORNADO
MAX 32 OR BELOW:   0    0.01 INCH OR MORE:  11
MAX 90 OR ABOVE:   1    0.10 INCH OR MORE:   5
MIN 32 OR BELOW:   0    0.50 INCH OR MORE:   2
MIN  0 OR BELOW:   0    1.00 INCH OR MORE:   0

[HDD (BASE 65) ]
TOTAL THIS MO.     9    CLEAR  (SCALE 0-3)   2
DPTR FM NORMAL     3    PTCLDY (SCALE 4-7)  16
TOTAL FM JUL 1     9    CLOUDY (SCALE 8-10)  3
DPTR FM NORMAL    -7

[CDD (BASE 65) ]
TOTAL THIS MO.    80
DPTR FM NORMAL   -21    [PRESSURE DATA]
TOTAL FM JAN 1   507    HIGHEST SLP M ON M
DPTR FM NORMAL   122    LOWEST  SLP 29.79 ON 14

[REMARKS]
