000
CXUS55 KPUB 011907
CF6COS

PRELIMINARY LOCAL CLIMATOLOGICAL DATA (WS FORM: F-6)

                                          STATION:   COLORADO SPRINGS CO
                                          MONTH:     APRIL
                                          YEAR:      2016
                                          LATITUDE:   38 49 N
                                          LONGITUDE: 104 43 W

  TEMPERATURE IN F:       :PCPN:    SNOW:  WIND      :SUNSHINE: SKY     :PK WND
================================================================================
1   2   3   4   5  6A  6B    7    8   9   10  11  12  13   14  15   16   17  18
                                     12Z  AVG MX 2MIN
DY MAX MIN AVG DEP HDD CDD  WTR  SNW DPTH SPD SPD DIR MIN PSBL S-S WX    SPD DR
================================================================================

 1  50  20  35  -8  30   0 0.00  0.0    0 10.3 24  20   M    M   2        31 360
 2  61  27  44   1  21   0 0.00  0.0    0  7.9 20 140   M    M   2        29 170
 3  70  36  53  10  12   0 0.00  0.0    0  8.9 21  60   M    M   3        25  40
 4  71  37  54  11  11   0 0.00  0.0    0  7.9 22 140   M    M   5        28 120
 5  71  35  53   9  12   0 0.00  0.0    0 16.1 45 300   M    M   4        58 310
 6  73  27  50   6  15   0 0.00  0.0    0 10.2 29 310   M    M   3        36 300
 7  65  38  52   8  13   0 0.00  0.0    0 11.0 24  10   M    M   4        29 320
 8  64  32  48   4  17   0 0.00  0.0    0  8.0 21 360   M    M   7        26  10
 9  70  35  53   8  12   0 0.01  0.0    0  8.3 24  10   M    M   5 3      29 300
10  66  38  52   7  13   0 0.35  0.0    0 11.0 25 300   M    M   7 13     31 300
11  45  33  39  -6  26   0 0.15  0.1    0  8.1 17 150   M    M  10 18     19 160
12  66  37  52   7  13   0 0.07    T    0  7.6 29 260   M    M   7 1358   33 260
13  68  41  55   9  10   0 0.00  0.0    0  5.8 20 250   M    M   4        22 240
14  75  41  58  12   7   0 0.00  0.0    0 12.1 28 190   M    M   6        37 170
15  60  36  48   2  17   0 0.02    T    0 17.0 33 350   M    M   8 1      41 340
16  36  31  34 -12  31   0 0.21  2.6    1 23.0 37 340   M    M  10 1249   48 350
17  43  30  37 -10  28   0    T    T    1 19.4 31 360   M    M   8 1      38 350
18  38  30  34 -13  31   0 0.11  0.2    0  3.9 15 360   M    M   9 18     18 340
19  49  30  40  -7  25   0 0.24  2.2    2  3.7 14 360   M    M   9 1      17 340
20  59  30  45  -3  20   0    T  0.0    0  6.9 29  10   M    M   6        34  10
21  67  37  52   4  13   0 0.00  0.0    0  6.5 17  60   M    M   2        21  60
22  75  37  56   8   9   0 0.00  0.0    0  9.4 24 140   M    M   4        32 140
23  78  44  61  12   4   0 0.00  0.0    0 16.0 37 220   M    M   7        45 230
24  70  41  56   7   9   0 0.00  0.0    0 10.8 24 300   M    M   4        35 310
25  69  41  55   6  10   0 0.00  0.0    0 15.1 33 110   M    M   5        47 100
26  57  36  47  -3  18   0 0.00  0.0    0 14.5 30 250   M    M   5        36 230
27  53  28  41  -9  24   0    T  0.0    0  7.9 23  10   M    M   6        27  10
28  40  32  36 -14  29   0 0.30  1.4    0  7.8 16 170   M    M  10 18     18 170
29  35  31  33 -18  32   0 0.82  6.6    1  5.8 17  30   M    M  10 128    21  40
30  37  30  34 -17  31   0    T    T    4 17.7 31 340   M    M   9 18     40 340
================================================================================
SM 1781 1021       543   0 2.28 13.1     318.6          M      181
================================================================================
AV 59.4 34.0                              10.6 FASTST   M    M   6      MAX(MPH)
                                 MISC ---->    45 300                     58 310
================================================================================
NOTES:
COLUMN 17 PEAK WIND IN M.P.H.

PRELIMINARY LOCAL CLIMATOLOGICAL DATA (WS FORM: F-6) , PAGE 2

                                          STATION:  COLORADO SPRINGS CO
                                          MONTH:    APRIL
                                          YEAR:     2016
                                          LATITUDE:   38 49 N
                                          LONGITUDE: 104 43 W

[TEMPERATURE DATA]      [PRECIPITATION DATA]       SYMBOLS USED IN COLUMN 16

AVERAGE MONTHLY: 46.7   TOTAL FOR MONTH:    2.28   1 = FOG OR MIST
DPTR  FM NORMAL:  0.2   DPTR  FM NORMAL:    0.86   2 = FOG REDUCING VISIBILITY
HIGHEST:     78 ON 23   GRTST 24HR 0.97 ON 28-29       TO 1/4 MILE OR LESS
 LOWEST:     20 ON  1                              3 = THUNDER
                        SNOW, ICE PELLETS,  HAIL   4 = ICE PELLETS
                        TOTAL MONTH: 13.1 INCHES   5 = HAIL
                        GRTST 24HR    6.6 ON  29   6 = FREEZING RAIN OR DRIZZLE
                        GRTST DEPTH:    5 ON  29   7 = DUSTSTORM OR SANDSTORM:
                                                       VSBY 1/2 MILE OR LESS
                                                   8 = SMOKE OR HAZE
[NO. OF DAYS WITH]      [WEATHER - DAYS WITH]      9 = BLOWING SNOW
                                                   X = TORNADO
MAX 32 OR BELOW:   0    0.01 INCH OR MORE:  10
MAX 90 OR ABOVE:   0    0.10 INCH OR MORE:   7
MIN 32 OR BELOW:  13    0.50 INCH OR MORE:   1
MIN  0 OR BELOW:   0    1.00 INCH OR MORE:   0

[HDD (BASE 65) ]
TOTAL THIS MO.   543    CLEAR  (SCALE 0-3)   5
DPTR FM NORMAL   -11    PTCLDY (SCALE 4-7)  16
TOTAL FM JUL 1  5156    CLOUDY (SCALE 8-10)  9
DPTR FM NORMAL  -766

[CDD (BASE 65) ]
TOTAL THIS MO.     0
DPTR FM NORMAL    -1    [PRESSURE DATA]
TOTAL FM JAN 1     0    HIGHEST SLP 30.41 ON 17
DPTR FM NORMAL    -1    LOWEST  SLP 29.40 ON 23

[REMARKS]
#FINAL-04-16#
