000
CXUS53 KLSX 301600
CF6COU
PRELIMINARY LOCAL CLIMATOLOGICAL DATA (WS FORM: F-6)

                                          STATION:   COLUMBIA ASOS
                                          MONTH:     SEPTEMBER
                                          YEAR:      2014
                                          LATITUDE:   38 49 N
                                          LONGITUDE:  92 13 W

  TEMPERATURE IN F:       :PCPN:    SNOW:  WIND      :SUNSHINE: SKY     :PK WND
================================================================================
1   2   3   4   5  6A  6B    7    8   9   10  11  12  13   14  15   16   17  18
                                     12Z  AVG MX 2MIN
DY MAX MIN AVG DEP HDD CDD  WTR  SNW DPTH SPD SPD DIR MIN PSBL S-S WX    SPD DR
================================================================================

 1  84  66  75   2   0  10 4.50  0.0    0  9.2 28 160   M    M   5 123    36 300
 2  82  65  74   1   0   9 0.05  0.0    0  5.5 14 220   M    M   5 13     17 220
 3  82  64  73   0   0   8    T  0.0    0  8.6 22 170   M    M   1 1      29 180
 4  93  72  83  11   0  18 0.00  0.0    0 11.9 21 210   M    M   0        25 220
 5  92  61  77   5   0  12 0.97  0.0    0 10.8 35 250   M    M   3 13     55 260
 6  73  57  65  -7   0   0    T  0.0    0  7.9 15 360   M    M   5        18 350
 7  77  52  65  -6   0   0 0.00  0.0    0  6.4 10 140   M    M   0        16 110
 8  82  56  69  -2   0   4 0.00  0.0    0  7.8 15 170   M    M   3        20 160
 9  89  67  78   7   0  13 0.11  0.0    0 11.0 22 170   M    M   4 3      27 160
10  83  64  74   4   0   9 0.49  0.0    0 10.5 23 180   M    M   8 13     33 180
11  64  54  59 -11   6   0    T  0.0    0  9.7 16 360   M    M  10 1      20 360
12  56  45  51 -18  14   0 0.03  0.0    0 10.2 18 360   M    M  10 1      22 360
13  64  40  52 -17  13   0 0.00  0.0    0  5.8 13  80   M    M   2 12     16  80
14  71  45  58 -10   7   0 0.00  0.0    0  6.4 13 190   M    M   5        15 200
15  77  57  67  -1   0   2    T  0.0    0  9.7 22 270   M    M   9 13     29 270
16  72   M   M   M   M   M 0.00  0.0    0  5.6 14  40   M    M   5        17  40
17   M   M   M   M   M   M    M  0.0    0   M   M   M   M    M   7 18      M  M
18  74  59  67   0   0   2 0.00  0.0    0  7.0 14 130   M    M   6 18     18 140
19  78  56  67   1   0   2 0.00  0.0    0  6.6 13 200   M    M   1        16 150
20  85  61  73   7   0   8 0.00  0.0    0  9.3 21 210   M    M   1 1      27 200
21  76  54  65   0   0   0 0.00  0.0    0 10.8 22 320   M    M   0 1      27 340
22  73  48  61  -4   4   0 0.00  0.0    0  5.7 12  40   M    M   0        15  50
23  75  48  62  -2   3   0 0.00  0.0    0  7.0 13 100   M    M   0        19 120
24  77  52  65   1   0   0 0.00  0.0    0  5.6 10 140   M    M   0        14 180
25  80  59  70   7   0   5    T  0.0    0  4.2 10 180   M    M   6        13 170
26  84  60  72   9   0   7 0.00  0.0    0  5.4  9 180   M    M   3        12 200
27  83  60  72   9   0   7 0.00  0.0    0  5.7 13 110   M    M   1        15 110
28  86  60  73  11   0   8 0.00  0.0    0  3.6  8 280   M    M   1        10 270
29  85  59  72  10   0   7 0.00  0.0    0  3.4  9 300   M    M   0        12 300
================================================================================
SM 2197 1541        47 131  6.15     0.0 211.3          M      101
================================================================================
AV 78.5 57.1                               7.5 FASTST   M    M   3    MAX(MPH)
                                 MISC ---->  # 35 250               # 55  260
================================================================================
NOTES:
# LAST OF SEVERAL OCCURRENCES

COLUMN 17 PEAK WIND IN M.P.H.

PRELIMINARY LOCAL CLIMATOLOGICAL DATA (WS FORM: F-6) , PAGE 2

                                          STATION:  COLUMBIA ASOS
                                          MONTH:    SEPTEMBER
                                          YEAR:     2014
                                          LATITUDE:   38 49 N
                                          LONGITUDE:  92 13 W

[TEMPERATURE DATA]      [PRECIPITATION DATA]       SYMBOLS USED IN COLUMN 16

AVERAGE MONTHLY: 67.8   TOTAL FOR MONTH:   6.15    1 = FOG OR MIST
DPTR FM NORMAL:  -0.1   DPTR FM NORMAL:    2.40    2 = FOG REDUCING VISIBILITY
HIGHEST:    93 ON  4    GRTST 24HR  4.53 ON  1- 2      TO 1/4 MILE OR LESS
LOWEST:     40 ON 13                               3 = THUNDER
                        SNOW, ICE PELLETS, HAIL    4 = ICE PELLETS
                        TOTAL MONTH:   0.0 INCH    5 = HAIL
                        GRTST 24HR     0.0         6 = FREEZING RAIN OR DRIZZLE
                        GRTST DEPTH:   0           7 = DUSTSTORM OR SANDSTORM:
                                                       VSBY 1/2 MILE OR LESS
                                                   8 = SMOKE OR HAZE
[NO. OF DAYS WITH]      [WEATHER - DAYS WITH]      9 = BLOWING SNOW
                                                   X = TORNADO
MAX 32 OR BELOW:   0    0.01 INCH OR MORE:   6
MAX 90 OR ABOVE:   2    0.10 INCH OR MORE:   4
MIN 32 OR BELOW:   0    0.50 INCH OR MORE:   2
MIN  0 OR BELOW:   0    1.00 INCH OR MORE:   1

[HDD (BASE 65) ]
TOTAL THIS MO.    47    CLEAR  (SCALE 0-3)  16
DPTR FM NORMAL   -12    PTCLDY (SCALE 4-7)   9
TOTAL FM JUL 1    47    CLOUDY (SCALE 8-10)  4
DPTR FM NORMAL   -14

[CDD (BASE 65) ]
TOTAL THIS MO.   131
DPTR FM NORMAL   -11    [PRESSURE DATA]
TOTAL FM JAN 1  1241    HIGHEST SLP M ON M
DPTR FM NORMAL    16    LOWEST  SLP 29.63 ON 10

[REMARKS]
