000
CXUS52 KJAX 260800
CF6CRG
PRELIMINARY LOCAL CLIMATOLOGICAL DATA (WS FORM: F-6)

                                          STATION:   CRAIG MUNI ARPT FL
                                          MONTH:     SEPTEMBER
                                          YEAR:      2016
                                          LATITUDE:   30 19 N
                                          LONGITUDE:  81 31 W

  TEMPERATURE IN F:       :PCPN:    SNOW:  WIND      :SUNSHINE: SKY     :PK WND
================================================================================
1   2   3   4   5  6A  6B    7    8   9   10  11  12  13   14  15   16   17  18
                                     12Z  AVG MX 2MIN
DY MAX MIN AVG DEP HDD CDD  WTR  SNW DPTH SPD SPD DIR MIN PSBL S-S WX    SPD DR
================================================================================

 1  84  76  80   0   0  15 0.05  0.0    0  7.7 17 130   M    M   4 13     26 130
 2  93  74  84   4   0  19 2.09  0.0    0 16.7 35 200   M    M   8 13     46 200
 3  87  74  81   1   0  16 0.40  0.0    0  3.9 12 100   M    M   8 1      16 100
 4  87  76  82   2   0  17 0.17  0.0    0  7.5 18  80   M    M   6 1      22  80
 5  86  69  78  -2   0  13 0.00  0.0    0  8.1 18  80   M    M   3        24  80
 6  86  64  75  -5   0  10    T  0.0    0  3.9 13  50   M    M   1        17  50
 7  89  65  77  -3   0  12 0.00  0.0    0  3.0 12  90   M    M   0 1      14  90
 8  91  62  77  -3   0  12 0.00  0.0    0  3.1 12 100   M    M   0 1      16  90
 9  90  62  76  -4   0  11 0.00  0.0    0  3.1 13 100   M    M   0 1      17 100
10  92  69  81   1   0  16 0.00  0.0    0  4.1 15  90   M    M   1        19 100
11  91  71  81   2   0  16 0.00  0.0    0  4.5 14 110   M    M   1 13     19 140
12  90  72  81   2   0  16    T  0.0    0  5.9 18  80   M    M   2 13     23  80
13  84  75  80   1   0  15 1.89  0.0    0 10.8 26  60   M    M   5 1      45  80
14  89  75  82   3   0  17 0.01  0.0    0  8.8 17 220   M    M   7 1      26 200
15  87  73  80   1   0  15 0.00  0.0    0  5.1 13  30   M    M   4        15  40
16  88  73  81   2   0  16 0.15  0.0    0  8.0 20  60   M    M   5 1      26  30
17  88  78  83   5   0  18    T  0.0    0  8.5 16  60   M    M   6        20  30
18  93  75  84   6   0  19 0.00  0.0    0  5.2 12  60   M    M   2 1      17  30
19  92  75  84   6   0  19 0.32  0.0    0  5.5 17 350   M    M   3 13     19 350
20  89  74  82   4   0  17 0.00  0.0    0  5.9 17  50   M    M   3        20  50
21  87  73  80   2   0  15    T  0.0    0  5.1 12  50   M    M   3        17 350
22  88  74  81   3   0  16    T  0.0    0  5.1 13 340   M    M   6        15 310
23  91  69  80   3   0  15 0.00  0.0    0  3.7 12  90   M    M   1 1      15 340
24  91  71  81   4   0  16 0.00  0.0    0  3.9 16  80   M    M   1 1      20  70
25  88  72  80   3   0  15 0.00  0.0    0  4.9 16  50   M    M   2 1      21  40
================================================================================
SM 2221 1791         0 386  5.08     0.0 152.0          M       82
================================================================================
AV 88.8 71.6                               6.1 FASTST   M    M   3    MAX(MPH)
                                 MISC ---->  # 35 200               # 46  200
================================================================================
NOTES:
# LAST OF SEVERAL OCCURRENCES

COLUMN 17 PEAK WIND IN M.P.H.

PRELIMINARY LOCAL CLIMATOLOGICAL DATA (WS FORM: F-6) , PAGE 2

                                          STATION:  CRAIG MUNI ARPT FL
                                          MONTH:    SEPTEMBER
                                          YEAR:     2016
                                          LATITUDE:   30 19 N
                                          LONGITUDE:  81 31 W

[TEMPERATURE DATA]      [PRECIPITATION DATA]       SYMBOLS USED IN COLUMN 16

AVERAGE MONTHLY: 80.2   TOTAL FOR MONTH:   5.08    1 = FOG OR MIST
DPTR FM NORMAL:   1.3   DPTR FM NORMAL:   -0.83    2 = FOG REDUCING VISIBILITY
HIGHEST:    93 ON 18, 2 GRTST 24HR  2.13 ON  1- 2      TO 1/4 MILE OR LESS
LOWEST:     62 ON  9, 8                            3 = THUNDER
                        SNOW, ICE PELLETS, HAIL    4 = ICE PELLETS
                        TOTAL MONTH:   0.0 INCH    5 = HAIL
                        GRTST 24HR     0.0         6 = FREEZING RAIN OR DRIZZLE
                        GRTST DEPTH:   0           7 = DUSTSTORM OR SANDSTORM:
                                                       VSBY 1/2 MILE OR LESS
                                                   8 = SMOKE OR HAZE
[NO. OF DAYS WITH]      [WEATHER - DAYS WITH]      9 = BLOWING SNOW
                                                   X = TORNADO
MAX 32 OR BELOW:   0    0.01 INCH OR MORE:   8
MAX 90 OR ABOVE:  10    0.10 INCH OR MORE:   6
MIN 32 OR BELOW:   0    0.50 INCH OR MORE:   2
MIN  0 OR BELOW:   0    1.00 INCH OR MORE:   2

[HDD (BASE 65) ]
TOTAL THIS MO.     0    CLEAR  (SCALE 0-3)  14
DPTR FM NORMAL     0    PTCLDY (SCALE 4-7)  11
TOTAL FM JUL 1     0    CLOUDY (SCALE 8-10)  0
DPTR FM NORMAL     0

[CDD (BASE 65) ]
TOTAL THIS MO.   386
DPTR FM NORMAL    40    [PRESSURE DATA]
TOTAL FM JAN 1  2806    HIGHEST SLP M ON M
DPTR FM NORMAL   539    LOWEST  SLP 29.63 ON  2

[REMARKS]
