000
CXUS54 KCRP 311300
CF6CRP
PRELIMINARY LOCAL CLIMATOLOGICAL DATA (WS FORM: F-6)

                                          STATION:   CORPUS CHRISTI
                                          MONTH:     JULY
                                          YEAR:      2015
                                          LATITUDE:   27 46 N
                                          LONGITUDE:  97 30 W

  TEMPERATURE IN F:       :PCPN:    SNOW:  WIND      :SUNSHINE: SKY     :PK WND
================================================================================
1   2   3   4   5  6A  6B    7    8   9   10  11  12  13   14  15   16   17  18
                                     12Z  AVG MX 2MIN
DY MAX MIN AVG DEP HDD CDD  WTR  SNW DPTH SPD SPD DIR MIN PSBL S-S WX    SPD DR
================================================================================

 1  86  73  80  -3   0  15 0.57  0.0    0  8.8 29 190   M    M   8 13     36 190
 2  89  72  81  -2   0  16    T  0.0    0 11.2 31 210   M    M   8        41 170
 3  91  76  84   0   0  19 0.00  0.0    0 12.1 22 140   M    M   7 1      28 140
 4  91  78  85   1   0  20 0.00  0.0    0 13.7 25 140   M    M   6        33 150
 5  91  77  84   0   0  19 0.00  0.0    0 16.7 26 150   M    M   6        35 160
 6  92  79  86   2   0  21 0.00  0.0    0 17.7 28 150   M    M   8 1      35 150
 7  93  80  87   3   0  22 0.00  0.0    0 18.6 30 160   M    M   8 1      39 160
 8  93  78  86   2   0  21 0.00  0.0    0 17.9 28 140   M    M   9 18     36 140
 9  93  78  86   2   0  21 0.00  0.0    0 15.3 23 170   M    M   3 1      30 170
10  94  77  86   2   0  21 0.00  0.0    0 11.4 20 160   M    M   4 18     29 180
11  94  74  84   0   0  19 0.00  0.0    0  9.5 20 150   M    M   3 1      26 140
12  95  75  85   1   0  20 0.00  0.0    0  9.8 20 150   M    M   3 1      24 160
13  96  75  86   2   0  21 0.00  0.0    0 10.9 20 140   M    M   3        24 150
14  95  73  84   0   0  19 0.00  0.0    0 12.4 24 150   M    M   3        29 150
15  95  74  85   1   0  20 0.00  0.0    0 12.4 22 130   M    M   3        27 130
16  95  74  85   1   0  20 0.00  0.0    0 10.8 21 130   M    M   4 1      26 140
17  96  76  86   2   0  21 0.00  0.0    0 12.9 24 140   M    M   4        29 140
18  96  80  88   4   0  23 0.00  0.0    0 15.8 24 130   M    M   5        33 170
19  96  79  88   4   0  23 0.00  0.0    0 13.5 22 140   M    M   4 1      28 150
20  96  76  86   2   0  21 0.00  0.0    0 11.2 21 150   M    M   5 1      27 120
21  95  77  86   2   0  21 0.00  0.0    0 12.9 24 140   M    M   4        29 140
22  96  78  87   3   0  22 0.00  0.0    0 14.4 25 150   M    M   4        32 130
23  96  79  88   4   0  23 0.00  0.0    0 14.5 25 160   M    M   3 1      32 150
24  96  79  88   4   0  23 0.00  0.0    0 12.6 24 130   M    M   3 1      30 150
25  97  75  86   2   0  21 0.00  0.0    0 11.0 23 130   M    M   3 18     29 150
26  97  79  88   4   0  23 0.00  0.0    0 14.4 23 140   M    M   5        28 140
27  96  78  87   3   0  22 0.00  0.0    0 15.0 25 140   M    M   5        32 130
28  96  80  88   4   0  23 0.00  0.0    0 16.5 28 140   M    M   3        34 130
29  97  77  87   3   0  22 0.00  0.0    0 12.1 22 140   M    M   4 18     28 140
30  99  69  84  -1   0  19 0.00  0.0    0  6.7 16 130   M    M   7 12     20  80
================================================================================
SM 2832 2295         0 621  0.57     0.0 392.7          M      145
================================================================================
AV 94.4 76.5                              13.1 FASTST   M    M   5    MAX(MPH)
                                 MISC ---->  # 31 210               # 41  170
================================================================================
NOTES:
# LAST OF SEVERAL OCCURRENCES

COLUMN 17 PEAK WIND IN M.P.H.

PRELIMINARY LOCAL CLIMATOLOGICAL DATA (WS FORM: F-6) , PAGE 2

                                          STATION:  CORPUS CHRISTI
                                          MONTH:    JULY
                                          YEAR:     2015
                                          LATITUDE:   27 46 N
                                          LONGITUDE:  97 30 W

[TEMPERATURE DATA]      [PRECIPITATION DATA]       SYMBOLS USED IN COLUMN 16

AVERAGE MONTHLY: 85.4   TOTAL FOR MONTH:   0.57    1 = FOG OR MIST
DPTR FM NORMAL:   1.5   DPTR FM NORMAL:   -2.16    2 = FOG REDUCING VISIBILITY
HIGHEST:    99 ON 30    GRTST 24HR  0.57 ON  1- 1      TO 1/4 MILE OR LESS
LOWEST:     69 ON 30                               3 = THUNDER
                        SNOW, ICE PELLETS, HAIL    4 = ICE PELLETS
                        TOTAL MONTH:   0.0 INCH    5 = HAIL
                        GRTST 24HR     0.0         6 = FREEZING RAIN OR DRIZZLE
                        GRTST DEPTH:   0           7 = DUSTSTORM OR SANDSTORM:
                                                       VSBY 1/2 MILE OR LESS
                                                   8 = SMOKE OR HAZE
[NO. OF DAYS WITH]      [WEATHER - DAYS WITH]      9 = BLOWING SNOW
                                                   X = TORNADO
MAX 32 OR BELOW:   0    0.01 INCH OR MORE:   1
MAX 90 OR ABOVE:  28    0.10 INCH OR MORE:   1
MIN 32 OR BELOW:   0    0.50 INCH OR MORE:   1
MIN  0 OR BELOW:   0    1.00 INCH OR MORE:   0

[HDD (BASE 65) ]
TOTAL THIS MO.     0    CLEAR  (SCALE 0-3)   9
DPTR FM NORMAL     0    PTCLDY (SCALE 4-7)  19
TOTAL FM JUL 1     0    CLOUDY (SCALE 8-10)  2
DPTR FM NORMAL     0

[CDD (BASE 65) ]
TOTAL THIS MO.   621
DPTR FM NORMAL    53    [PRESSURE DATA]
TOTAL FM JAN 1  1990    HIGHEST SLP M ON M
DPTR FM NORMAL    59    LOWEST  SLP 29.82 ON 21

[REMARKS]
