000
CXUS51 KRLX 261400
CF6CRW
PRELIMINARY LOCAL CLIMATOLOGICAL DATA (WS FORM: F-6)

                                          STATION:   CHARLESTON WV
                                          MONTH:     FEBRUARY
                                          YEAR:      2015
                                          LATITUDE:   38 22 N
                                          LONGITUDE:  81 36 W

  TEMPERATURE IN F:       :PCPN:    SNOW:  WIND      :SUNSHINE: SKY     :PK WND
================================================================================
1   2   3   4   5  6A  6B    7    8   9   10  11  12  13   14  15   16   17  18
                                     12Z  AVG MX 2MIN
DY MAX MIN AVG DEP HDD CDD  WTR  SNW DPTH SPD SPD DIR MIN PSBL S-S WX    SPD DR
================================================================================

 1  50  30  40   5  25   0 0.30    T    0  4.1 30 190   M    M  10 1      39 200
 2  52  22  37   1  28   0 0.26  0.1    0 11.8 29 320   M    M   9 1459   39 310
 3  37  20  29  -7  36   0    T  0.2    T  3.2 10 250   M    M   6 1      13 280
 4  53  22  38   2  27   0 0.00  0.0    0  6.1 18 320   M    M   4        26 310
 5  41  16  29  -7  36   0 0.07  0.4    T  8.9 21 330   M    M   6 1      29 330
 6  36  10  23 -13  42   0 0.00  0.0    0  3.1 13 230   M    M   4        16 220
 7  58  25  42   6  23   0 0.00  0.0    0  5.5 22 230   M    M   5        27 210
 8  65  31  48  12  17   0 0.04  0.0    0 10.4 25 240   M    M   5 1      32 250
 9  53  29  41   5  24   0 0.03  0.0    0  5.1 16 330   M    M  10 16     22 330
10  32  25  29  -8  36   0    T  0.0    0  4.5 13 330   M    M   9 1      17 340
11  36  20  28  -9  37   0 0.00  0.0    0  3.5 12 250   M    M   8 1      16 300
12  36  16  26 -11  39   0 0.01  0.9    0 12.1 31 310   M    M   9 1      44 310
13  27   8  18 -19  47   0 0.00  0.0    1  3.6 12 260   M    M   2        16 360
14  39   9  24 -13  41   0 0.06  1.6    T 14.7 37 320   M    M   9 19     55 330
15  18   5  12 -26  53   0    T    T    1  8.4 23 300   M    M   5        35 280
16  13   8  11 -27  54   0 0.70  7.1    1  5.4 12  60   M    M   9 1      14  60
17  24  10  17 -21  48   0    T  0.3    8  4.6 12 270   M    M   7 1      15 260
18  24   6  15 -23  50   0 0.10  2.5    6  7.8 26 260   M    M   8 19     39 240
19   9   1   5 -33  60   0    T    T    8  9.8 20 240   M    M   7        28 250
20  19 -11   4 -35  61   0 0.00  0.0    7  2.4 10 200   M    M   5        14 140
21  39  13  26 -13  39   0 1.32    T    6  3.0 12 180   M    M   9 146    16 130
22  35  32  34  -5  31   0 0.05  0.0    4  2.6  9 350   M    M  10 1      13 310
23  32   9  21 -18  44   0 0.00  0.0    3  8.1 17 330   M    M   6        23 350
24  35   4  20 -20  45   0 0.00  0.0    3  5.4 17 240   M    M   3        21 210
25  38  27  33  -7  32   0 0.00  0.0    2  5.6 17 270   M    M   8        23 270
================================================================================
SM  901  387       975   0  2.94    13.1 159.7          M      173
================================================================================
AV 36.0 15.5                               6.4 FASTST   M    M   7    MAX(MPH)
                                 MISC ---->  # 37 320               # 55  330
================================================================================
NOTES:
# LAST OF SEVERAL OCCURRENCES

COLUMN 17 PEAK WIND IN M.P.H.

PRELIMINARY LOCAL CLIMATOLOGICAL DATA (WS FORM: F-6) , PAGE 2

                                          STATION:  CHARLESTON WV
                                          MONTH:    FEBRUARY
                                          YEAR:     2015
                                          LATITUDE:   38 22 N
                                          LONGITUDE:  81 36 W

[TEMPERATURE DATA]      [PRECIPITATION DATA]       SYMBOLS USED IN COLUMN 16

AVERAGE MONTHLY: 25.8   TOTAL FOR MONTH:   2.94    1 = FOG OR MIST
DPTR FM NORMAL: -11.6   DPTR FM NORMAL:    0.11    2 = FOG REDUCING VISIBILITY
HIGHEST:    65 ON  8    GRTST 24HR  1.37 ON 21-22      TO 1/4 MILE OR LESS
LOWEST:    -11 ON 20                               3 = THUNDER
                        SNOW, ICE PELLETS, HAIL    4 = ICE PELLETS
                        TOTAL MONTH:  13.1 INCHES  5 = HAIL
                        GRTST 24HR   7.1 ON   M    6 = FREEZING RAIN OR DRIZZLE
                        GRTST DEPTH:   8 ON 19,17  7 = DUSTSTORM OR SANDSTORM:
                                                       VSBY 1/2 MILE OR LESS
                                                   8 = SMOKE OR HAZE
[NO. OF DAYS WITH]      [WEATHER - DAYS WITH]      9 = BLOWING SNOW
                                                   X = TORNADO
MAX 32 OR BELOW:   9    0.01 INCH OR MORE:  11
MAX 90 OR ABOVE:   0    0.10 INCH OR MORE:   5
MIN 32 OR BELOW:  25    0.50 INCH OR MORE:   2
MIN  0 OR BELOW:   1    1.00 INCH OR MORE:   1

[HDD (BASE 65) ]
TOTAL THIS MO.   975    CLEAR  (SCALE 0-3)   1
DPTR FM NORMAL   283    PTCLDY (SCALE 4-7)  13
TOTAL FM JUL 1  3785    CLOUDY (SCALE 8-10) 11
DPTR FM NORMAL   405

[CDD (BASE 65) ]
TOTAL THIS MO.     0
DPTR FM NORMAL     0    [PRESSURE DATA]
TOTAL FM JAN 1     0    HIGHEST SLP M ON M
DPTR FM NORMAL     0    LOWEST  SLP 29.46 ON  2

[REMARKS]
