000
CXUS56 KTFX 271205
CF6CTB
PRELIMINARY LOCAL CLIMATOLOGICAL DATA (WS FORM: F-6)

                                          STATION:   CUT BANK MT
                                          MONTH:     MAY
                                          YEAR:      2016
                                          LATITUDE:   48 37 N
                                          LONGITUDE: 112 23 W

  TEMPERATURE IN F:       :PCPN:    SNOW:  WIND      :SUNSHINE: SKY     :PK WND
================================================================================
1   2   3   4   5  6A  6B    7    8   9   10  11  12  13   14  15   16   17  18
                                     12Z  AVG MX 2MIN
DY MAX MIN AVG DEP HDD CDD  WTR  SNW DPTH SPD SPD DIR MIN PSBL S-S WX    SPD DR
================================================================================

 1  62  30  46   0  19   0 0.00    M    0  5.8 14 170   M    M   0        20 190
 2  73  31  52   6  13   0 0.00    M    0  5.0 10 150   M    M   0        13 160
 3  79  36  58  12   7   0 0.00    M    0  5.6 15 250   M    M   0        20 270
 4  80  40  60  14   5   0 0.00    M    0  8.1 22 260   M    M   0        28 260
 5  73  46  60  13   5   0 0.04    M    0 12.9 31  10   M    M   3        36  10
 6  62  42  52   5  13   0 0.02    M    0  6.4 20  20   M    M   6        22  10
 7  73  32  53   6  12   0 0.00    M    0 10.1 22 150   M    M   0        29 160
 8  78  39  59  11   6   0 0.00    M    0 15.5 35 350   M    M   1        42 360
 9  43  33  38 -10  27   0 0.45    M    0 20.1 32 350   M    M  10 1      38  10
10  49  32  41  -7  24   0 0.00    M    0 20.7 35 350   M    M   6        42 330
11  59  28  44  -4  21   0 0.00    M    0  5.8 15 100   M    M   4        19 100
12  49  32  41  -8  24   0 0.23    M    0 11.9 29  20   M    M   8        33  10
13  45  30  38 -11  27   0 0.00    M    2  3.5 13 190   M    M   8        14 170
14  56  32  44  -5  21   0 0.00    M    0  8.6 17 100   M    M   4        23 140
15  59  27  43  -7  22   0 0.00    M    0  8.1 20  90   M    M   0        24  90
16  66  35  51   1  14   0 0.00    M    0  9.2 25 190   M    M   3        31 190
17  72  38  55   5  10   0 0.00    M    0  4.2 16 360   M    M   0        20 330
18  76  49  63  12   2   0 0.00    M    0 10.3 20 250   M    M   1        28 260
19  59  48  54   3  11   0 0.17    M    0  6.9 25 270   M    M   6        30 280
20  49  38  44  -7  21   0 0.51    M    0 15.3 25  10   M    M  10        31  10
21  43  37  40 -12  25   0 0.33    M    0 11.1 22 360   M    M   9        25 350
22  51  35  43  -9  22   0 0.06    M    0 17.3 35 250   M    M   8        42 250
23  48  39  44  -8  21   0 0.14    M    0 13.5 21 340   M    M  10        27 350
24  59  38  49  -3  16   0 0.01    M    0  4.9 20 360   M    M   7 8      23 360
25  68  36  52  -1  13   0 0.00    M    0  8.5 24 360   M    M   3        28 340
26  64  39  52  -1  13   0 0.19    M    0  6.4 29 300   M    M   4 13     33 300
================================================================================
SM 1595  942       414   0  2.15    M    255.7          M      111
================================================================================
AV 61.3 36.2                               9.8 FASTST   M    M   4    MAX(MPH)
                                 MISC ---->  # 35 350               # 42  360
================================================================================
NOTES:
# LAST OF SEVERAL OCCURRENCES

COLUMN 17 PEAK WIND IN M.P.H.

PRELIMINARY LOCAL CLIMATOLOGICAL DATA (WS FORM: F-6) , PAGE 2

                                          STATION:  CUT BANK MT
                                          MONTH:    MAY
                                          YEAR:     2016
                                          LATITUDE:   48 37 N
                                          LONGITUDE: 112 23 W

[TEMPERATURE DATA]      [PRECIPITATION DATA]       SYMBOLS USED IN COLUMN 16

AVERAGE MONTHLY: 48.8   TOTAL FOR MONTH:   2.15    1 = FOG OR MIST
DPTR FM NORMAL:  -0.5   DPTR FM NORMAL:    0.65    2 = FOG REDUCING VISIBILITY
HIGHEST:    80 ON  4    GRTST 24HR  0.62 ON 20-21      TO 1/4 MILE OR LESS
LOWEST:     27 ON 15                               3 = THUNDER
                        SNOW, ICE PELLETS, HAIL    4 = ICE PELLETS
                        TOTAL MONTH:    M          5 = HAIL
                        GRTST 24HR    M  ON   M    6 = FREEZING RAIN OR DRIZZLE
                        GRTST DEPTH:   2 ON 13     7 = DUSTSTORM OR SANDSTORM:
                                                       VSBY 1/2 MILE OR LESS
                                                   8 = SMOKE OR HAZE
[NO. OF DAYS WITH]      [WEATHER - DAYS WITH]      9 = BLOWING SNOW
                                                   X = TORNADO
MAX 32 OR BELOW:   0    0.01 INCH OR MORE:  11
MAX 90 OR ABOVE:   0    0.10 INCH OR MORE:   7
MIN 32 OR BELOW:   9    0.50 INCH OR MORE:   1
MIN  0 OR BELOW:   0    1.00 INCH OR MORE:   0

[HDD (BASE 65) ]
TOTAL THIS MO.   414    CLEAR  (SCALE 0-3)  10
DPTR FM NORMAL     2    PTCLDY (SCALE 4-7)  10
TOTAL FM JUL 1  7294    CLOUDY (SCALE 8-10)  6
DPTR FM NORMAL  -938

[CDD (BASE 65) ]
TOTAL THIS MO.     0
DPTR FM NORMAL     0    [PRESSURE DATA]
TOTAL FM JAN 1     0    HIGHEST SLP M ON M
DPTR FM NORMAL     0    LOWEST  SLP 29.45 ON  8

[REMARKS]
