000
CXUS52 KTAE 270717
CF6CTY
PRELIMINARY LOCAL CLIMATOLOGICAL DATA (WS FORM: F-6)

                                          STATION:   CROSS CITY
                                          MONTH:     NOVEMBER
                                          YEAR:      2014
                                          LATITUDE:   29 37 N
                                          LONGITUDE:  83  6 W

  TEMPERATURE IN F:       :PCPN:    SNOW:  WIND      :SUNSHINE: SKY     :PK WND
================================================================================
1   2   3   4   5  6A  6B    7    8   9   10  11  12  13   14  15   16   17  18
                                     12Z  AVG MX 2MIN
DY MAX MIN AVG DEP HDD CDD  WTR  SNW DPTH SPD SPD DIR MIN PSBL S-S WX    SPD DR
================================================================================

 1  59  42  51 -15  14   0 0.00  0.0    0 10.9 23 310   M    M   0        32 340
 2  66  31  49 -17  16   0 0.00  0.0    0  3.7 12 360   M    M   0        16 320
 3  72  30  51 -15  14   0 0.00  0.0    0  3.1 10  30   M    M   0        15  20
 4  80  41  61  -4   4   0 0.00  0.0    0  2.3 12  90   M    M   0        20  50
 5  84  53  69   4   0   4 0.00  0.0    0  1.7  9 160   M    M   0        12 160
 6  83  55  69   4   0   4 0.00  0.0    0  4.0 13 250   M    M   0        19 250
 7  70  41  56  -9   9   0 0.00  0.0    0  4.9 14  20   M    M   0        19  30
 8  64  38  51 -13  14   0 0.09  0.0    0  2.0  8  20   M    M   0        10  30
 9  74  48  61  -3   4   0 0.00  0.0    0  3.2 13  30   M    M   0        18  20
10  78  43  61  -3   4   0 0.00  0.0    0  3.5 13  20   M    M   0        18  20
11  80  44  62  -2   3   0 0.00  0.0    0  5.3 15 300   M    M   0        20 290
12  79  40  60  -3   5   0 0.00  0.0    0  2.3 12  20   M    M   0        15 250
13  75  56  66   3   0   1 0.00  0.0    0  3.3 12 330   M    M   0        15  30
14  65  36  51 -12  14   0 0.00  0.0    0  5.8 13 310   M    M   0        17 340
15  70  34  52 -11  13   0 0.00  0.0    0  4.4 10  40   M    M   0        14  40
16  79  49  64   2   1   0 0.04  0.0    0  4.1 16 180   M    M   0        21 190
17  77  49  63   1   2   0 0.09  0.0    0  7.0 21 200   M    M   0        30 210
18  54  30  42 -20  23   0    T  0.0    0  9.5 18  10   M    M   0        24 350
19  55  26  41 -21  24   0 0.00  0.0    0  4.0 14  30   M    M   0        19  20
20  66  23  45 -16  20   0 0.00  0.0    0  2.1 12  30   M    M   0        15  30
21  73  32  53  -8  12   0 0.00  0.0    0  4.8 15  30   M    M   0        20  90
22  70  50  60  -1   5   0 0.39  0.0    0  6.1 12  50   M    M   0        17 120
23  79  67  73  12   0   8 0.47  0.0    0 11.2 28 190   M    M   0        39 190
24  79  70  75  15   0  10 0.09  0.0    0 10.2 20 290   M    M   0        25 210
25  73  57  65   5   0   0 0.83  0.0    0  6.9 17 310   M    M   0        23 340
26  65  38  52  -8  13   0 0.07  0.0    0  7.2 20 350   M    M   0        31 340
================================================================================
SM 1869 1123       214  27  2.07     0.0 133.5          M        0
================================================================================
AV 71.9 43.2                               5.1 FASTST   M    M   0    MAX(MPH)
                                 MISC ---->  # 28 190               # 39  190
================================================================================
NOTES:
# LAST OF SEVERAL OCCURRENCES

COLUMN 17 PEAK WIND IN M.P.H.

PRELIMINARY LOCAL CLIMATOLOGICAL DATA (WS FORM: F-6) , PAGE 2

                                          STATION:  CROSS CITY
                                          MONTH:    NOVEMBER
                                          YEAR:     2014
                                          LATITUDE:   29 37 N
                                          LONGITUDE:  83  6 W

[TEMPERATURE DATA]      [PRECIPITATION DATA]       SYMBOLS USED IN COLUMN 16

AVERAGE MONTHLY: 57.5   TOTAL FOR MONTH:   2.07    1 = FOG OR MIST
DPTR FM NORMAL:  -5.5   DPTR FM NORMAL:   -0.15    2 = FOG REDUCING VISIBILITY
HIGHEST:    84 ON  5    GRTST 24HR  0.89 ON 25-26      TO 1/4 MILE OR LESS
LOWEST:     23 ON 20                               3 = THUNDER
                        SNOW, ICE PELLETS, HAIL    4 = ICE PELLETS
                        TOTAL MONTH:   0.0 INCH    5 = HAIL
                        GRTST 24HR     0.0         6 = FREEZING RAIN OR DRIZZLE
                        GRTST DEPTH:   0           7 = DUSTSTORM OR SANDSTORM:
                                                       VSBY 1/2 MILE OR LESS
                                                   8 = SMOKE OR HAZE
[NO. OF DAYS WITH]      [WEATHER - DAYS WITH]      9 = BLOWING SNOW
                                                   X = TORNADO
MAX 32 OR BELOW:   0    0.01 INCH OR MORE:   8
MAX 90 OR ABOVE:   0    0.10 INCH OR MORE:   3
MIN 32 OR BELOW:   6    0.50 INCH OR MORE:   1
MIN  0 OR BELOW:   0    1.00 INCH OR MORE:   0

[HDD (BASE 65) ]
TOTAL THIS MO.   214    CLEAR  (SCALE 0-3)  26
DPTR FM NORMAL   104    PTCLDY (SCALE 4-7)   0
TOTAL FM JUL 1   231    CLOUDY (SCALE 8-10)  0
DPTR FM NORMAL    89

[CDD (BASE 65) ]
TOTAL THIS MO.    27
DPTR FM NORMAL   -27    [PRESSURE DATA]
TOTAL FM JAN 1  2710    HIGHEST SLP M ON M
DPTR FM NORMAL   113    LOWEST  SLP 29.69 ON 23

[REMARKS]
