000
CXUS53 KUNR 300945
CF6CUT
PRELIMINARY LOCAL CLIMATOLOGICAL DATA (WS FORM: F-6)

                                          STATION:   CUSTER COUNTY AIRPORT SD
                                          MONTH:     MAY
                                          YEAR:      2016
                                          LATITUDE:   43 43 N
                                          LONGITUDE: 103 37 W

  TEMPERATURE IN F:       :PCPN:    SNOW:  WIND      :SUNSHINE: SKY     :PK WND
================================================================================
1   2   3   4   5  6A  6B    7    8   9   10  11  12  13   14  15   16   17  18
                                     12Z  AVG MX 2MIN
DY MAX MIN AVG DEP HDD CDD  WTR  SNW DPTH SPD SPD DIR MIN PSBL S-S WX    SPD DR
================================================================================

 1  53  30  42  -2  23   0 0.00    M    M  8.1 20  30   M    M   3        26  30
 2  59  27  43  -1  22   0 0.00    M    M  6.6 17 330   M    M   4        27  10
 3  69  34  52   8  13   0 0.00    M    M  6.2 16  30   M    M   1        26 280
 4  69  38  54   9  11   0 0.00    M    M  5.4 14 150   M    M   0        27 200
 5  79  42  61  16   4   0 0.00    M    M  4.2 14 250   M    M   0        25 210
 6  79  47  63  18   2   0 0.00    M    M 11.5 24  20   M    M   1        41  20
 7  55  40  48   2  17   0 0.31    M    M 13.9 31  50   M    M   6 18     40  40
 8  56  39  48   2  17   0    T    M    M  6.8 15 150   M    M   9 18     25 190
 9  52  36  44  -2  21   0 0.07    M    M  3.7 12 180   M    M   0 18     20 210
10  49  32  41  -6  24   0 0.00    M    M 14.4 28 270   M    M   5 12     40 270
11  48  31  40  -7  25   0    T    M    M 15.7 32 290   M    M   5 8      46 290
12  63  31  47   0  18   0 0.00    M    M  8.2 20 270   M    M   0        30 300
13  47  25  36 -11  29   0 0.07    M    M  8.1 21 340   M    M   5 1      28 340
14  49  20  35 -13  30   0 0.00    M    M  6.5 17  80   M    M   4        26 100
15  43  25  34 -14  31   0 0.03    M    M  7.0 14 150   M    M   8 128    23 190
16  49  30  40  -8  25   0 0.17    M    M  9.4 20  80   M    M   7 12     30  90
17  56  28  42  -6  23   0 0.00    M    M  4.9 14 110   M    M   4        27 180
18  60  35  48  -1  17   0 0.00    M    M  6.5 16 160   M    M   3        27 210
19  69  36  53   4  12   0 0.00    M    M  5.1 14 250   M    M   1        32 200
20  74  46  60  11   5   0 0.01    M    M  5.8 22  50   M    M   3 3      30  70
21  55  48  52   2  13   0 0.06    M    M  8.3 26 100   M    M   9 12     33  90
22  68  40  54   4  11   0 0.15    M    M  9.5 33 280   M    M   3 12     45 280
23  65  37  51   1  14   0 0.00    M    M  8.7 22 270   M    M   1        34 290
24  62  36  49  -2  16   0 0.46    M    M  5.8 21 260   M    M   4 13     28 260
25  61  39  50  -1  15   0    T    M    M  6.9 20 270   M    M   4 12     26 280
26  65  37  51   0  14   0 0.00    M    M  5.4 14 260   M    M   2        21 270
27  58  38  48  -4  17   0 0.03    M    M  5.1 15  40   M    M   6 1      22 190
28  64  39  52   0  13   0 0.26    M    M  5.4 16  30   M    M   5 13     22 180
29  70  37  54   2  11   0 0.00    M    M  5.1 14 240   M    M   2 1      24 170
================================================================================
SM 1746 1023       493   0  1.62    M    218.2          M      105
================================================================================
AV 60.2 35.3                               7.5 FASTST   M    M   4    MAX(MPH)
                                 MISC ---->  # 33 280               # 46  290
================================================================================
NOTES:
# LAST OF SEVERAL OCCURRENCES

COLUMN 17 PEAK WIND IN M.P.H.

PRELIMINARY LOCAL CLIMATOLOGICAL DATA (WS FORM: F-6) , PAGE 2

                                          STATION:  CUSTER COUNTY AIRPORT SD
                                          MONTH:    MAY
                                          YEAR:     2016
                                          LATITUDE:   43 43 N
                                          LONGITUDE: 103 37 W

[TEMPERATURE DATA]      [PRECIPITATION DATA]       SYMBOLS USED IN COLUMN 16

AVERAGE MONTHLY: 47.7   TOTAL FOR MONTH:   1.62    1 = FOG OR MIST
DPTR FM NORMAL:  -0.2   DPTR FM NORMAL:   -1.26    2 = FOG REDUCING VISIBILITY
HIGHEST:    79 ON  6, 5 GRTST 24HR  0.46 ON 24-24      TO 1/4 MILE OR LESS
LOWEST:     20 ON 14                               3 = THUNDER
                        SNOW, ICE PELLETS, HAIL    4 = ICE PELLETS
                        TOTAL MONTH:    M          5 = HAIL
                        GRTST 24HR    M  ON   M    6 = FREEZING RAIN OR DRIZZLE
                        GRTST DEPTH:  M  ON   M    7 = DUSTSTORM OR SANDSTORM:
                                                       VSBY 1/2 MILE OR LESS
                                                   8 = SMOKE OR HAZE
[NO. OF DAYS WITH]      [WEATHER - DAYS WITH]      9 = BLOWING SNOW
                                                   X = TORNADO
MAX 32 OR BELOW:   0    0.01 INCH OR MORE:  11
MAX 90 OR ABOVE:   0    0.10 INCH OR MORE:   5
MIN 32 OR BELOW:  10    0.50 INCH OR MORE:   0
MIN  0 OR BELOW:   0    1.00 INCH OR MORE:   0

[HDD (BASE 65) ]
TOTAL THIS MO.   493    CLEAR  (SCALE 0-3)  14
DPTR FM NORMAL     0    PTCLDY (SCALE 4-7)  13
TOTAL FM JUL 1  7089    CLOUDY (SCALE 8-10)  2
DPTR FM NORMAL -1054

[CDD (BASE 65) ]
TOTAL THIS MO.     0
DPTR FM NORMAL     0    [PRESSURE DATA]
TOTAL FM JAN 1     0    HIGHEST SLP M ON M
DPTR FM NORMAL     0    LOWEST  SLP 29.32 ON  9

[REMARKS]
