000
CXUS51 KILN 220546
CF6CVG
PRELIMINARY LOCAL CLIMATOLOGICAL DATA (WS FORM: F-6)

                                          STATION:   CINCINNATI OH
                                          MONTH:     OCTOBER
                                          YEAR:      2017
                                          LATITUDE:   39  2 N
                                          LONGITUDE:  84 40 W

  TEMPERATURE IN F:       :PCPN:    SNOW:  WIND      :SUNSHINE: SKY     :PK WND
================================================================================
1   2   3   4   5  6A  6B    7    8   9   10  11  12  13   14  15   16   17  18
                                     12Z  AVG MX 2MIN
DY MAX MIN AVG DEP HDD CDD  WTR  SNW DPTH SPD SPD DIR MIN PSBL S-S WX    SPD DR
================================================================================

 1  73  46  60  -1   5   0 0.00  0.0    0  7.8 15 110   M    M   4        19 110
 2  78  51  65   4   0   0 0.00  0.0    0  6.4 14 160   M    M   3        17 180
 3  83  56  70  10   0   5 0.00  0.0    0  5.6 14 170   M    M   3        18 160
 4  84  57  71  11   0   6    T  0.0    0  6.2 13 250   M    M   5        18 250
 5  73  64  69   9   0   4 0.12  0.0    0  3.7 13 170   M    M  10 1      16 260
 6  81  65  73  14   0   8    T  0.0    0  6.8 15 190   M    M   9        20 190
 7  84  66  75  16   0  10 1.01  0.0    0 12.8 26 270   M    M   8 13     33 280
 8  72  61  67   9   0   2 1.12  0.0    0  7.1 15 150   M    M   8 1      19 150
 9  73  64  69  11   0   4 0.15  0.0    0  5.6 14 280   M    M   9 1      18 280
10  75  62  69  11   0   4 0.13  0.0    0  6.5 15  90   M    M   9 12     17  90
11  71  58  65   8   0   0 0.15  0.0    0  9.0 21 270   M    M   9 12     26 260
12  64  58  61   4   4   0 0.00  0.0    0  2.4  7 280   M    M  10 1       9 250
13  72  48  60   3   5   0 0.00  0.0    0  1.2  8 180   M    M   3 1      16 360
14  81  53  67  11   0   2 0.00  0.0    0  7.3 17 170   M    M   2 1      22 170
15  78  52  65   9   0   0 0.08  0.0    0 15.2 32 280   M    M   8 1      41 280
16  62  41  52  -4  13   0 0.00  0.0    0  5.4 14 340   M    M   4 8      21 350
17  66  37  52  -3  13   0 0.00  0.0    0  4.3 14 180   M    M   1 1      18 210
18  69  39  54  -1  11   0 0.00  0.0    0  5.9 14 190   M    M   1        18 180
19  73  43  58   3   7   0 0.00  0.0    0  7.1 14 220   M    M   3        18 210
20  75  46  61   7   4   0 0.00  0.0    0  3.5 10 150   M    M   3 1      12 190
21  72  52  62   8   3   0 0.00  0.0    0  6.1 13 200   M    M   7        16 200
================================================================================
SM 1559 1119        65  45  2.76     0.0 135.9          M      119
================================================================================
AV 74.2 53.3                               6.5 FASTST   M    M   6    MAX(MPH)
                                 MISC ---->  # 32 280               # 41  280
================================================================================
NOTES:
# LAST OF SEVERAL OCCURRENCES

COLUMN 17 PEAK WIND IN M.P.H.

PRELIMINARY LOCAL CLIMATOLOGICAL DATA (WS FORM: F-6) , PAGE 2

                                          STATION:  CINCINNATI OH
                                          MONTH:    OCTOBER
                                          YEAR:     2017
                                          LATITUDE:   39  2 N
                                          LONGITUDE:  84 40 W

[TEMPERATURE DATA]      [PRECIPITATION DATA]       SYMBOLS USED IN COLUMN 16

AVERAGE MONTHLY: 63.8   TOTAL FOR MONTH:   2.76    1 = FOG OR MIST
DPTR FM NORMAL:   6.3   DPTR FM NORMAL:    0.52    2 = FOG REDUCING VISIBILITY
HIGHEST:    84 ON  7, 4 GRTST 24HR  1.12 ON  8- 8      TO 1/4 MILE OR LESS
LOWEST:     37 ON 17                               3 = THUNDER
                        SNOW, ICE PELLETS, HAIL    4 = ICE PELLETS
                        TOTAL MONTH:   0.0 INCH    5 = HAIL
                        GRTST 24HR     0.0         6 = FREEZING RAIN OR DRIZZLE
                        GRTST DEPTH:   0           7 = DUSTSTORM OR SANDSTORM:
                                                       VSBY 1/2 MILE OR LESS
                                                   8 = SMOKE OR HAZE
[NO. OF DAYS WITH]      [WEATHER - DAYS WITH]      9 = BLOWING SNOW
                                                   X = TORNADO
MAX 32 OR BELOW:   0    0.01 INCH OR MORE:   7
MAX 90 OR ABOVE:   0    0.10 INCH OR MORE:   6
MIN 32 OR BELOW:   0    0.50 INCH OR MORE:   2
MIN  0 OR BELOW:   0    1.00 INCH OR MORE:   2

[HDD (BASE 65) ]
TOTAL THIS MO.    65    CLEAR  (SCALE 0-3)   7
DPTR FM NORMAL  -111    PTCLDY (SCALE 4-7)   7
TOTAL FM JUL 1   110    CLOUDY (SCALE 8-10)  7
DPTR FM NORMAL  -124

[CDD (BASE 65) ]
TOTAL THIS MO.    45
DPTR FM NORMAL    29    [PRESSURE DATA]
TOTAL FM JAN 1  1108    HIGHEST SLP 30.45 ON  3
DPTR FM NORMAL   -13    LOWEST  SLP 29.66 ON  9

[REMARKS]
