155
CXUS56 KSGX 221545
CF6CZZ
PRELIMINARY LOCAL CLIMATOLOGICAL DATA (WS FORM: F-6)

                                          STATION:   CAMPO ASOS CA
                                          MONTH:     JANUARY
                                          YEAR:      2017
                                          LATITUDE:   32 37 N
                                          LONGITUDE: 116 28 W

  TEMPERATURE IN F:       :PCPN:    SNOW:  WIND      :SUNSHINE: SKY     :PK WND
================================================================================
1   2   3   4   5  6A  6B    7    8   9   10  11  12  13   14  15   16   17  18
                                     12Z  AVG MX 2MIN
DY MAX MIN AVG DEP HDD CDD  WTR  SNW DPTH SPD SPD DIR MIN PSBL S-S WX    SPD DR
================================================================================

 1  49  39  44  -4  21   0 0.04  0.0    0  7.1 17 230   M    M   0        22 240
 2  50  38  44  -4  21   0 0.00  0.0    0  5.1 14 230   M    M   0        18 230
 3  53  37  45  -3  20   0 0.00  0.0    0  2.6 12 220   M    M   0        13 230
 4  58  32  45  -3  20   0 0.00  0.0    0  6.4 18 210   M    M   0        21 210
 5  54  44  49   1  16   0 0.02    M    0 11.5 23 280   M    M   0        29 270
 6  62  37  50   2  15   0 0.00  0.0    0  6.0 15  80   M    M   0        18  80
 7  69  34  52   4  13   0 0.00  0.0    0  4.5 10 230   M    M   0        12 230
 8  76  41  59  11   6   0 0.00  0.0    0  5.2 16 220   M    M   0        20 210
 9  56  43  50   2  15   0 0.06    M    0  4.8 18 200   M    M   0        21 210
10  56  38  47  -1  18   0 0.00  0.0    0  7.4 16 250   M    M   0        21 240
11  51  47  49   1  16   0 0.03    M    0 12.2 20 230   M    M   0        24 230
12  51  44  48   0  17   0 0.30    M    0  7.1 18 200   M    M   0        22 200
13  52  40  46  -3  19   0 0.84    M    0  3.8 16 150   M    M   0        20 150
14  60  41  51   2  14   0 0.29    M    0  7.0 18 210   M    M   0        27 280
15  53  35  44  -5  21   0 0.00  0.0    0  4.1 13 220   M    M   0        15 220
16  58  39  49   0  16   0 0.00  0.0    0  7.9 22  80   M    M   0        26  70
17  59  30  45  -4  20   0 0.00  0.0    0  7.4 20  80   M    M   0        24  80
18  59  30  45  -4  20   0 0.04    M    0  7.0 20 220   M    M   0        23 220
19  54  41  48  -1  17   0 0.75    M    0 10.4 25 240   M    M   0        35 240
20  48  43  46  -3  19   0 1.41    M    0 19.8 48 230   M    M   0        59 220
21  49  38  44  -5  21   0 0.11    M    0 14.4 33 250   M    M   0        45 240
================================================================================
SM 1177  811       365   0  3.89     0.0 161.7          M        0
================================================================================
AV 56.1 38.6                               7.7 FASTST   M    M   0    MAX(MPH)
                                 MISC ---->  # 48 230               # 59  220
================================================================================
NOTES:
# LAST OF SEVERAL OCCURRENCES

COLUMN 17 PEAK WIND IN M.P.H.

PRELIMINARY LOCAL CLIMATOLOGICAL DATA (WS FORM: F-6) , PAGE 2

                                          STATION:  CAMPO ASOS CA
                                          MONTH:    JANUARY
                                          YEAR:     2017
                                          LATITUDE:   32 37 N
                                          LONGITUDE: 116 28 W

[TEMPERATURE DATA]      [PRECIPITATION DATA]       SYMBOLS USED IN COLUMN 16

AVERAGE MONTHLY: 47.3   TOTAL FOR MONTH:   3.89    1 = FOG OR MIST
DPTR FM NORMAL:  -1.1   DPTR FM NORMAL:    1.84    2 = FOG REDUCING VISIBILITY
HIGHEST:    76 ON  8    GRTST 24HR  1.45 ON 20-21      TO 1/4 MILE OR LESS
LOWEST:     30 ON 18,17                            3 = THUNDER
                        SNOW, ICE PELLETS, HAIL    4 = ICE PELLETS
                        TOTAL MONTH:   0.0 INCH    5 = HAIL
                        GRTST 24HR     0.0         6 = FREEZING RAIN OR DRIZZLE
                        GRTST DEPTH:   0           7 = DUSTSTORM OR SANDSTORM:
                                                       VSBY 1/2 MILE OR LESS
                                                   8 = SMOKE OR HAZE
[NO. OF DAYS WITH]      [WEATHER - DAYS WITH]      9 = BLOWING SNOW
                                                   X = TORNADO
MAX 32 OR BELOW:   0    0.01 INCH OR MORE:  11
MAX 90 OR ABOVE:   0    0.10 INCH OR MORE:   6
MIN 32 OR BELOW:   3    0.50 INCH OR MORE:   3
MIN  0 OR BELOW:   0    1.00 INCH OR MORE:   1

[HDD (BASE 65) ]
TOTAL THIS MO.   365    CLEAR  (SCALE 0-3)  21
DPTR FM NORMAL    18    PTCLDY (SCALE 4-7)   0
TOTAL FM JUL 1  1248    CLOUDY (SCALE 8-10)  0
DPTR FM NORMAL  -205

[CDD (BASE 65) ]
TOTAL THIS MO.     0
DPTR FM NORMAL     0    [PRESSURE DATA]
TOTAL FM JAN 1     0    HIGHEST SLP M ON M
DPTR FM NORMAL     0    LOWEST  SLP 29.35 ON 20

[REMARKS]
