300
CXUS56 KSGX 251445
CF6CZZ
PRELIMINARY LOCAL CLIMATOLOGICAL DATA (WS FORM: F-6)

                                          STATION:   CAMPO ASOS CA
                                          MONTH:     SEPTEMBER
                                          YEAR:      2017
                                          LATITUDE:   32 37 N
                                          LONGITUDE: 116 28 W

  TEMPERATURE IN F:       :PCPN:    SNOW:  WIND      :SUNSHINE: SKY     :PK WND
================================================================================
1   2   3   4   5  6A  6B    7    8   9   10  11  12  13   14  15   16   17  18
                                     12Z  AVG MX 2MIN
DY MAX MIN AVG DEP HDD CDD  WTR  SNW DPTH SPD SPD DIR MIN PSBL S-S WX    SPD DR
================================================================================

 1 100  60  80   8   0  15 0.00  0.0    0  9.7 24  60   M    M   0        30  60
 2  93  65  79   7   0  14 0.00  0.0    0 14.7 31  60   M    M   0        37  90
 3  78  67  73   1   0   8 0.00  0.0    0 14.2 28  70   M    M   0        37  80
 4  88  60  74   2   0   9 0.00  0.0    0  7.4 20 220   M    M   0        23 220
 5  94  54  74   2   0   9 0.00  0.0    0  8.1 22 220   M    M   0        26 220
 6  94  60  77   5   0  12 0.00  0.0    0  6.9 24 210   M    M   0        27 210
 7  96  58  77   6   0  12 0.00  0.0    0  6.9 23 130   M    M   0        29 140
 8  90  56  73   2   0   8 0.00  0.0    0  6.4 18 210   M    M   0        23 220
 9  84  57  71   0   0   6 0.21  0.0    0  7.5 22  80   M    M   0        26  80
10  88  61  75   4   0  10 0.00  0.0    0  9.2 24  60   M    M   0        32  40
11  96  60  78   8   0  13 0.00  0.0    0  6.6 22 210   M    M   0        27 210
12  93  59  76   6   0  11 0.00  0.0    0  6.0 17 250   M    M   0        23 230
13  84  56  70   0   0   5 0.00  0.0    0  7.6 18 220   M    M   0        23 210
14  73  48  61  -9   4   0 0.00  0.0    0  8.7 20 260   M    M   0        24 220
15  74  50  62  -8   3   0 0.00  0.0    0  9.3 22 210   M    M   0        30 220
16  77  46  62  -7   3   0 0.00  0.0    0  5.3 16 210   M    M   0        20 220
17  80  48  64  -5   1   0 0.00  0.0    0  5.9 20 210   M    M   0        24 210
18  81  44  63  -6   2   0 0.00  0.0    0  8.2 21 220   M    M   0        25 230
19  78  43  61  -7   4   0 0.00  0.0    0  8.0 23 220   M    M   0        29 210
20  77  42  60  -8   5   0 0.00  0.0    0  6.8 18 240   M    M   0        22 230
21  68  43  56 -12   9   0 0.00  0.0    0  8.2 21 230   M    M   0        27 240
22  69  39  54 -14  11   0 0.00  0.0    0  6.7 22 230   M    M   0        26 230
23  69  38  54 -13  11   0 0.00  0.0    0  6.4 21 220   M    M   0        27 230
24  77  38  58  -9   7   0 0.00  0.0    0  8.6 22  70   M    M   0        27  80
================================================================================
SM 2001 1252        60 132  0.21     0.0 193.3          M        0
================================================================================
AV 83.4 52.2                               8.1 FASTST   M    M   0    MAX(MPH)
                                 MISC ---->  # 31  60               # 37   90
================================================================================
NOTES:
# LAST OF SEVERAL OCCURRENCES

COLUMN 17 PEAK WIND IN M.P.H.

PRELIMINARY LOCAL CLIMATOLOGICAL DATA (WS FORM: F-6) , PAGE 2

                                          STATION:  CAMPO ASOS CA
                                          MONTH:    SEPTEMBER
                                          YEAR:     2017
                                          LATITUDE:   32 37 N
                                          LONGITUDE: 116 28 W

[TEMPERATURE DATA]      [PRECIPITATION DATA]       SYMBOLS USED IN COLUMN 16

AVERAGE MONTHLY: 67.8   TOTAL FOR MONTH:   0.21    1 = FOG OR MIST
DPTR FM NORMAL:  -2.2   DPTR FM NORMAL:   -0.06    2 = FOG REDUCING VISIBILITY
HIGHEST:   100 ON  1    GRTST 24HR  0.21 ON  9- 9      TO 1/4 MILE OR LESS
LOWEST:     38 ON 24,23                            3 = THUNDER
                        SNOW, ICE PELLETS, HAIL    4 = ICE PELLETS
                        TOTAL MONTH:   0.0 INCH    5 = HAIL
                        GRTST 24HR     0.0         6 = FREEZING RAIN OR DRIZZLE
                        GRTST DEPTH:   0           7 = DUSTSTORM OR SANDSTORM:
                                                       VSBY 1/2 MILE OR LESS
                                                   8 = SMOKE OR HAZE
[NO. OF DAYS WITH]      [WEATHER - DAYS WITH]      9 = BLOWING SNOW
                                                   X = TORNADO
MAX 32 OR BELOW:   0    0.01 INCH OR MORE:   1
MAX 90 OR ABOVE:   8    0.10 INCH OR MORE:   1
MIN 32 OR BELOW:   0    0.50 INCH OR MORE:   0
MIN  0 OR BELOW:   0    1.00 INCH OR MORE:   0

[HDD (BASE 65) ]
TOTAL THIS MO.    60    CLEAR  (SCALE 0-3)  24
DPTR FM NORMAL    35    PTCLDY (SCALE 4-7)   0
TOTAL FM JUL 1    64    CLOUDY (SCALE 8-10)  0
DPTR FM NORMAL    25

[CDD (BASE 65) ]
TOTAL THIS MO.   132
DPTR FM NORMAL   -11    [PRESSURE DATA]
TOTAL FM JAN 1  1009    HIGHEST SLP M ON M
DPTR FM NORMAL   216    LOWEST  SLP 29.72 ON  1

[REMARKS]
