000
CXUS53 KUNR 010945
CF6D07
PRELIMINARY LOCAL CLIMATOLOGICAL DATA (WS FORM: F-6)

                                          STATION:   FAITH SD
                                          MONTH:     AUGUST
                                          YEAR:      2014
                                          LATITUDE:   45  1 N
                                          LONGITUDE: 102  1 W

  TEMPERATURE IN F:       :PCPN:    SNOW:  WIND      :SUNSHINE: SKY     :PK WND
================================================================================
1   2   3   4   5  6A  6B    7    8   9   10  11  12  13   14  15   16   17  18
                                     12Z  AVG MX 2MIN
DY MAX MIN AVG DEP HDD CDD  WTR  SNW DPTH SPD SPD DIR MIN PSBL S-S WX    SPD DR
================================================================================

 1  94  58  76   2   0  11 0.00    M    M  9.2 16 240   M    M   M        21 190
 2  86  56  71  -3   0   6 0.00    M    M  8.3 16 360   M    M   M        21  30
 3  86  60  73  -1   0   8 0.00    M    M 11.5 23  80   M    M   M        29  60
 4  79  62  71  -3   0   6 0.00    M    M 14.0 29  80   M    M   M        35  80
 5  72  61  67  -6   0   2 0.05    M    M 10.9 18 120   M    M   M        24 120
 6  73  62  68  -5   0   3 0.07    M    M  9.4 15 130   M    M   M        19 150
 7  81  63  72  -1   0   7 0.00    M    M  8.3 15 170   M    M   M        19 150
 8  77  62  70  -3   0   5 0.00    M    M 10.1 17 130   M    M   M        21 150
 9  85  63  74   1   0   9 0.17    M    M  6.7 26  30   M    M   M        40  30
10  81  55  68  -5   0   3 0.00    M    M 11.5 22  10   M    M   M        29  10
11  84  51  68  -5   0   3 0.00    M    M  5.5 14 150   M    M   M        17 150
12  89  55  72  -1   0   7 0.00    M    M 14.2 21 150   M    M   M        28 160
13  93  63  78   5   0  13 0.00    M    M 21.1 30 150   M    M   M        40 160
14  93  67  80   7   0  15 0.15    M    M 13.2 36 230   M    M   M        43 230
15  84  66  75   3   0  10 0.99    M    M 10.7 22 300   M    M   M        29 280
16  85  63  74   2   0   9 0.00    M    M 12.3 24 340   M    M   M        31 340
17  87  60  74   2   0   9 0.50    M    M  9.6 44 320   M    M   M        52 320
18  81  60  71  -1   0   6 0.00    M    M 12.0 26 320   M    M   M        33 320
19  88  60  74   2   0   9 0.00    M    M 10.8 20 140   M    M   M        26 140
20  88  61  75   3   0  10 0.00    M    M 13.4 28 310   M    M   M        35 310
21  85  59  72   1   0   7 0.12    M    M  8.9 18  20   M    M   M        24 280
22  74  62  68  -3   0   3 0.44    M    M 11.6 23  60   M    M   M        28  70
23  74  61  68  -3   0   3 2.96    M    M 12.4 25  70   M    M   M        31  70
24  70  52  61  -9   4   0 0.00    M    M 24.1 38 270   M    M   M        48 270
25  66  49  58 -12   7   0 0.00    M    M 14.8 30 280   M    M   M        37 280
26  72  47  60 -10   5   0 0.00    M    M  9.5 18 140   M    M   M        24 130
27  68  49  59 -11   6   0 0.01    M    M  5.9 14 100   M    M   M        17 100
28  79  60  70   1   0   5 0.05    M    M  4.4 13 160   M    M   M        14 170
29  76  55  66  -3   0   1 0.00    M    M 13.0 32 360   M    M   M        39  10
30  79  53  66  -2   0   1 0.03    M    M 16.9 30 150   M    M   M        37 140
31  68  53  61  -7   4   0 0.03    M    M  9.3 20 300   M    M   M        26 310
================================================================================
SM 2497 1808        26 171  5.57    M    353.5          M        M
================================================================================
AV 80.5 58.3                              11.4 FASTST   M    M   3    MAX(MPH)
                                 MISC ---->  # 44 320               # 52  320
================================================================================
NOTES:
# LAST OF SEVERAL OCCURRENCES

COLUMN 17 PEAK WIND IN M.P.H.

PRELIMINARY LOCAL CLIMATOLOGICAL DATA (WS FORM: F-6) , PAGE 2

                                          STATION:  FAITH SD
                                          MONTH:    AUGUST
                                          YEAR:     2014
                                          LATITUDE:   45  1 N
                                          LONGITUDE: 102  1 W

[TEMPERATURE DATA]      [PRECIPITATION DATA]       SYMBOLS USED IN COLUMN 16

AVERAGE MONTHLY: 69.4   TOTAL FOR MONTH:   5.57    1 = FOG OR MIST
DPTR FM NORMAL:  -2.3   DPTR FM NORMAL:    3.94    2 = FOG REDUCING VISIBILITY
HIGHEST:    94 ON  1    GRTST 24HR  3.34 ON 22-23      TO 1/4 MILE OR LESS
LOWEST:     47 ON 26                               3 = THUNDER
                        SNOW, ICE PELLETS, HAIL    4 = ICE PELLETS
                        TOTAL MONTH:    M          5 = HAIL
                        GRTST 24HR    M  ON   M    6 = FREEZING RAIN OR DRIZZLE
                        GRTST DEPTH:  M  ON   M    7 = DUSTSTORM OR SANDSTORM:
                                                       VSBY 1/2 MILE OR LESS
                                                   8 = SMOKE OR HAZE
[NO. OF DAYS WITH]      [WEATHER - DAYS WITH]      9 = BLOWING SNOW
                                                   X = TORNADO
MAX 32 OR BELOW:   0    0.01 INCH OR MORE:  13
MAX 90 OR ABOVE:   3    0.10 INCH OR MORE:   7
MIN 32 OR BELOW:   0    0.50 INCH OR MORE:   3
MIN  0 OR BELOW:   0    1.00 INCH OR MORE:   1

[HDD (BASE 65) ]
TOTAL THIS MO.    26    CLEAR  (SCALE 0-3)   0
DPTR FM NORMAL     5    PTCLDY (SCALE 4-7)   0
TOTAL FM JUL 1    43    CLOUDY (SCALE 8-10)  0
DPTR FM NORMAL    10

[CDD (BASE 65) ]
TOTAL THIS MO.   171
DPTR FM NORMAL   -59    [PRESSURE DATA]
TOTAL FM JAN 1   399    HIGHEST SLP 30.28 ON 11
DPTR FM NORMAL  -176    LOWEST  SLP 29.57 ON 30

[REMARKS]
#FINAL-08-14#
