000
CXUS52 KMLB 271223
CF6DAB
PRELIMINARY LOCAL CLIMATOLOGICAL DATA (WS FORM: F-6)

                                          STATION:   DAYTONA BEACH
                                          MONTH:     DECEMBER
                                          YEAR:      2014
                                          LATITUDE:   29 10 N
                                          LONGITUDE:  81  3 W

  TEMPERATURE IN F:       :PCPN:    SNOW:  WIND      :SUNSHINE: SKY     :PK WND
================================================================================
1   2   3   4   5  6A  6B    7    8   9   10  11  12  13   14  15   16   17  18
                                     12Z  AVG MX 2MIN
DY MAX MIN AVG DEP HDD CDD  WTR  SNW DPTH SPD SPD DIR MIN PSBL S-S WX    SPD DR
================================================================================

 1  77  58  68   5   0   3    T  0.0    0  5.4 14  70   M    M   3 1      19  60
 2  79  63  71   8   0   6    T  0.0    0  5.9 16  80   M    M   4 1      21  80
 3  78  62  70   7   0   5    T  0.0    0  5.4 14  20   M    M   5 12     16  10
 4  80  62  71   8   0   6 0.00  0.0    0  7.7 16  20   M    M   5 1      24  50
 5  78  65  72   9   0   7 0.00  0.0    0  5.3 13  20   M    M   7        16  80
 6  79  64  72  10   0   7    T  0.0    0  2.1 10  60   M    M   6 18     13  70
 7  70  62  66   4   0   1 0.15  0.0    0 10.7 20  10   M    M   8 1      26  10
 8  68  55  62   0   3   0 0.09  0.0    0 13.8 23 350   M    M   9 18     29 360
 9  63  46  55  -7  10   0 0.00  0.0    0  8.8 16 320   M    M   4        21 330
10  62  43  53  -9  12   0 0.00  0.0    0  5.6 12 260   M    M   1        16 260
11  63  39  51 -10  14   0 0.00  0.0    0  5.0 18 270   M    M   5 18     23 260
12  64  44  54  -7  11   0 0.00  0.0    0  4.4 10 320   M    M   4        13 320
13  69  40  55  -6  10   0 0.00  0.0    0  2.2  8  60   M    M   0 1      11 330
14  71  40  56  -5   9   0 0.00  0.0    0  2.9  9 270   M    M   0 8      14 280
15  70  42  56  -5   9   0 0.00  0.0    0  1.2  8  80   M    M   1 1      10 230
16  75  41  58  -2   7   0 0.00  0.0    0  5.0 14 230   M    M   0 1      16 280
17  72  49  61   1   4   0 0.00  0.0    0  4.2 12 230   M    M   2 1      14 240
18  68  46  57  -3   8   0 0.00  0.0    0  2.7 10 340   M    M   5        16 330
19  72  50  61   1   4   0 0.00  0.0    0  2.1  8  80   M    M   5 1      11  70
20  77  52  65   5   0   0    T  0.0    0  3.2 12 210   M    M   5 1      15 210
21  77  62  70  11   0   5 0.41  0.0    0  2.8 10  80   M    M   8 1      13  10
22  77  66  72  13   0   7 1.51  0.0    0  3.6 14 160   M    M   8 1      17 160
23  79  64  72  13   0   7 0.00  0.0    0  6.2 14 160   M    M   8 1      19 140
24  83  64  74  15   0   9 0.62  0.0    0 10.1 22 260   M    M   8 1      27 220
25  64  50  57  -2   8   0 0.00  0.0    0  4.0 13 270   M    M   6 1      17 250
26  71  48  60   1   5   0 0.00  0.0    0  4.7 15  10   M    M   6        18  10
================================================================================
SM 1886 1377       114  63  2.78     0.0 135.0          M      123
================================================================================
AV 72.5 53.0                               5.2 FASTST   M    M   5    MAX(MPH)
                                 MISC ---->  # 23 350               # 29  360
================================================================================
NOTES:
# LAST OF SEVERAL OCCURRENCES

COLUMN 17 PEAK WIND IN M.P.H.

PRELIMINARY LOCAL CLIMATOLOGICAL DATA (WS FORM: F-6) , PAGE 2

                                          STATION:  DAYTONA BEACH
                                          MONTH:    DECEMBER
                                          YEAR:     2014
                                          LATITUDE:   29 10 N
                                          LONGITUDE:  81  3 W

[TEMPERATURE DATA]      [PRECIPITATION DATA]       SYMBOLS USED IN COLUMN 16

AVERAGE MONTHLY: 62.8   TOTAL FOR MONTH:   2.78    1 = FOG OR MIST
DPTR FM NORMAL:   1.8   DPTR FM NORMAL:    0.58    2 = FOG REDUCING VISIBILITY
HIGHEST:    83 ON 24    GRTST 24HR  1.92 ON 21-22      TO 1/4 MILE OR LESS
LOWEST:     39 ON 11                               3 = THUNDER
                        SNOW, ICE PELLETS, HAIL    4 = ICE PELLETS
                        TOTAL MONTH:   0.0 INCH    5 = HAIL
                        GRTST 24HR     0.0         6 = FREEZING RAIN OR DRIZZLE
                        GRTST DEPTH:   0           7 = DUSTSTORM OR SANDSTORM:
                                                       VSBY 1/2 MILE OR LESS
                                                   8 = SMOKE OR HAZE
[NO. OF DAYS WITH]      [WEATHER - DAYS WITH]      9 = BLOWING SNOW
                                                   X = TORNADO
MAX 32 OR BELOW:   0    0.01 INCH OR MORE:   5
MAX 90 OR ABOVE:   0    0.10 INCH OR MORE:   4
MIN 32 OR BELOW:   0    0.50 INCH OR MORE:   2
MIN  0 OR BELOW:   0    1.00 INCH OR MORE:   1

[HDD (BASE 65) ]
TOTAL THIS MO.   114    CLEAR  (SCALE 0-3)   6
DPTR FM NORMAL   -38    PTCLDY (SCALE 4-7)  18
TOTAL FM JUL 1   243    CLOUDY (SCALE 8-10)  2
DPTR FM NORMAL    17

[CDD (BASE 65) ]
TOTAL THIS MO.    63
DPTR FM NORMAL    21    [PRESSURE DATA]
TOTAL FM JAN 1  3045    HIGHEST SLP M ON M
DPTR FM NORMAL    91    LOWEST  SLP 29.80 ON 24

[REMARKS]
