000
CXUS51 KRNK 300802
CF6DAN

PRELIMINARY LOCAL CLIMATOLOGICAL DATA (WS FORM: F-6)

                                          STATION:   DANVILLE VA
                                          MONTH:     JUNE
                                          YEAR:      2015
                                          LATITUDE:   36 34 N
                                          LONGITUDE:  79 20 W

  TEMPERATURE IN F:       :PCPN:    SNOW:  WIND      :SUNSHINE: SKY     :PK WND
================================================================================
1   2   3   4   5  6A  6B    7    8   9   10  11  12  13   14  15   16   17  18
                                     12Z  AVG MX 2MIN
DY MAX MIN AVG DEP HDD CDD  WTR  SNW DPTH SPD SPD DIR MIN PSBL S-S WX    SPD DR
================================================================================

 1  91  64  78   7   0  13 0.93  0.0    0  4.6 21 260   M    M   4 138    29 190
 2  81  63  72   1   0   7 1.37  0.0    0  5.3 20  50   M    M   7 13     25  60
 3  65  60  63  -9   2   0 0.06  0.0    0  9.5 16  50   M    M  10 18     20  50
 4  64  59  62 -10   3   0 0.05  0.0    0  7.6 14  40   M    M  10 1      16  40
 5  79  61  70  -2   0   5 0.00  0.0    0  3.7  9  50   M    M   6        12 280
 6  88  61  75   3   0  10 0.00  0.0    0  6.7 15  20   M    M   2 12     30  70
 7  85  63  74   1   0   9 0.00  0.0    0  3.8 10  60   M    M   4        13 150
 8  88  67  78   5   0  13 1.20  0.0    0  8.2 25 300   M    M   6 13     38 320
 9  86  68  77   4   0  12 0.09  0.0    0  5.5 14 240   M    M   5 13     23 100
10  89  65  77   3   0  12 0.00  0.0    0  2.5 10  50   M    M   1 1      15 190
11  91  68  80   6   0  15 0.00  0.0    0  3.5 12 240   M    M   1 1      17 220
12  90  69  80   6   0  15 0.01  0.0    0  6.7 21 260   M    M   2 3      27 260
13  93  70  82   8   0  17    T  0.0    0  5.7 37 360   M    M   1 3      44 350
14  93  68  81   6   0  16 0.56  0.0    0  3.0 30 320   M    M   2 13     41 320
15  93  69  81   6   0  16 0.00  0.0    0  5.0 13 250   M    M   1 1      17 280
16  95  71  83   8   0  18 0.00  0.0    0  6.8 21 340   M    M   1 3      28 360
17  92  70  81   5   0  16 0.84  0.0    0  2.5 24 350   M    M   3 13     37 330
18  92  69  81   5   0  16 0.76  0.0    0  4.9 21  20   M    M   0 13     27 360
19  90  70  80   4   0  15 0.22  0.0    0  3.7 23  40   M    M   2 13     30 340
20  92  68  80   4   0  15 0.05  0.0    0  5.4 18 200   M    M   2 3      31 190
21  92  71  82   6   0  17    T  0.0    0  9.5 22 340   M    M   1        27 330
22  92  70  81   5   0  16    T  0.0    0  3.5 10 240   M    M   0 3      14 250
23  95  71  83   6   0  18 0.00  0.0    0  5.6 16 230   M    M   0        21 240
24  91  71  81   4   0  16 0.00  0.0    0  4.9 10 340   M    M   2        16  30
25  93  70  82   5   0  17    T  0.0    0  3.3 12  50   M    M   2 38     24  70
26  88  73  81   4   0  16 0.66  0.0    0  4.9 10  90   M    M   3 13     16 360
27  83  71  77   0   0  12 1.28  0.0    0  3.3 24 230   M    M   6 13     29 210
28  83  62  73  -5   0   8 0.00  0.0    0  7.8 17 260   M    M   1        23 290
29  85  57  71  -7   0   6 0.00  0.0    0  2.1  8  70   M    M   1        11 210
================================================================================
SM 2539 1939         5 366  8.08     0.0 149.5          M       86
================================================================================
AV 87.6 66.9                               5.2 FASTST   M    M   3    MAX(MPH)
                                 MISC ---->  # 37 360               # 44  350
================================================================================
NOTES:
# LAST OF SEVERAL OCCURRENCES

COLUMN 17 PEAK WIND IN M.P.H.

PRELIMINARY LOCAL CLIMATOLOGICAL DATA (WS FORM: F-6) , PAGE 2

                                          STATION:  DANVILLE VA
                                          MONTH:    JUNE
                                          YEAR:     2015
                                          LATITUDE:   36 34 N
                                          LONGITUDE:  79 20 W

[TEMPERATURE DATA]      [PRECIPITATION DATA]       SYMBOLS USED IN COLUMN 16

AVERAGE MONTHLY: 77.2   TOTAL FOR MONTH:   8.08    1 = FOG OR MIST
DPTR FM NORMAL:   2.5   DPTR FM NORMAL:    4.34    2 = FOG REDUCING VISIBILITY
HIGHEST:    95 ON 23,16 GRTST 24HR  1.94 ON 26-27      TO 1/4 MILE OR LESS
LOWEST:     57 ON 29                               3 = THUNDER
                        SNOW, ICE PELLETS, HAIL    4 = ICE PELLETS
                        TOTAL MONTH:   0.0 INCH    5 = HAIL
                        GRTST 24HR     0.0         6 = FREEZING RAIN OR DRIZZLE
                        GRTST DEPTH:   0           7 = DUSTSTORM OR SANDSTORM:
                                                       VSBY 1/2 MILE OR LESS
                                                   8 = SMOKE OR HAZE
[NO. OF DAYS WITH]      [WEATHER - DAYS WITH]      9 = BLOWING SNOW
                                                   X = TORNADO
MAX 32 OR BELOW:   0    0.01 INCH OR MORE:  14
MAX 90 OR ABOVE:  16    0.10 INCH OR MORE:   9
MIN 32 OR BELOW:   0    0.50 INCH OR MORE:   8
MIN  0 OR BELOW:   0    1.00 INCH OR MORE:   3

[HDD (BASE 65) ]
TOTAL THIS MO.     5    CLEAR  (SCALE 0-3)  20
DPTR FM NORMAL     5    PTCLDY (SCALE 4-7)   7
TOTAL FM JUL 1  3779    CLOUDY (SCALE 8-10)  2
DPTR FM NORMAL   -32

[CDD (BASE 65) ]
TOTAL THIS MO.   366
DPTR FM NORMAL    82    [PRESSURE DATA]
TOTAL FM JAN 1   593    HIGHEST SLP M ON M
DPTR FM NORMAL   165    LOWEST  SLP 29.70 ON 27

[REMARKS]
DUE TO EQUIPMENT FAILURE CAUSING MISSING TEMPERATURES ON
FEBRUARY 15...THE SEASONAL HEATING DEGREE DAY TOTAL AND DEPARTURE
FROM NORMAL WILL BE CALCULATED WITHOUT DATA FROM THIS DATE.

ALSO...DUE TO A TIPPING BUCKET FAILURE CAUSING MISSING PRECIPITATION
ON MARCH 14 AND 19-20...THE ANNUAL PRECIPITATION TOTAL AND DEPARTURE
FROM NORMAL WILL BE CALCULATED WITHOUT DATA FROM THESE DATES.
