000
CXUS51 KRNK 220808
CF6DAN
PRELIMINARY LOCAL CLIMATOLOGICAL DATA (WS FORM: F-6)

                                          STATION:   DANVILLE VA
                                          MONTH:     JUNE
                                          YEAR:      2017
                                          LATITUDE:   36 34 N
                                          LONGITUDE:  79 20 W

  TEMPERATURE IN F:       :PCPN:    SNOW:  WIND      :SUNSHINE: SKY     :PK WND
================================================================================
1   2   3   4   5  6A  6B    7    8   9   10  11  12  13   14  15   16   17  18
                                     12Z  AVG MX 2MIN
DY MAX MIN AVG DEP HDD CDD  WTR  SNW DPTH SPD SPD DIR MIN PSBL S-S WX    SPD DR
================================================================================

 1  84  58  71   0   0   6 0.00  0.0    0  4.2 13 230   M    M   1 1      15 260
 2  84  58  71   0   0   6 0.00  0.0    0  2.3 16 360   M    M   1 1      19 360
 3  86  53  70  -2   0   5 0.00  0.0    0  2.1 13 280   M    M   0        20  20
 4  87  56  72   0   0   7    T  0.0    0  3.8 25 250   M    M   2 3      30 240
 5  80  63  72   0   0   7 0.56  0.0    0  5.4 20 360   M    M   7 13     26 360
 6  82  62  72   0   0   7 0.00  0.0    0  6.7 14  10   M    M   4 1      20 330
 7  76  58  67  -6   0   2 0.00  0.0    0  7.9 18  50   M    M   5        26  40
 8  71  53  62 -11   3   0    T  0.0    0  7.7 17  50   M    M   5        23  40
 9  83  50  67  -6   0   2 0.00  0.0    0  4.5 13 300   M    M   1        23 310
10  87  55  71  -3   0   6 0.00  0.0    0  3.5 13 260   M    M   0 1       M  M
11  89  62  76   2   0  11 0.00  0.0    0  4.3 13 250   M    M   0 1       M  M
12  88  61  75   1   0  10 0.00  0.0    0  3.3  9 240   M    M   1        19 220
13  89  68  79   5   0  14 0.09  0.0    0  4.9 22 310   M    M   3 13     29 300
14  89  65  77   2   0  12 0.61  0.0    0  4.9 25 350   M    M   0 138    35 360
15  88  65  77   2   0  12 0.00  0.0    0  2.1 13 300   M    M   3 13     16 300
16  85  66  76   1   0  11 2.17  0.0    0  2.9 14 190   M    M   7 13     22 180
17  86  68  77   1   0  12    T  0.0    0  2.7 14 280   M    M   7 13     18 270
18  88  69  79   3   0  14 0.03  0.0    0  5.1 21 230   M    M   4 3      27 230
19  87  67  77   1   0  12 0.80  0.0    0  6.9 18 220   M    M   7 13     24 220
20  79  65  72  -4   0   7 0.00  0.0    0  4.1  8 230   M    M   3        23 320
21  83  67  75  -1   0  10    T  0.0    0  6.2 15 230   M    M   5 1      19 230
================================================================================
SM 1771 1289         3 173  4.26     0.0  95.5          M       66
================================================================================
AV 84.3 61.4                               4.5 FASTST   M    M   3    MAX(MPH)
                                 MISC ---->  # 25 250               # 35  360
================================================================================
NOTES:
# LAST OF SEVERAL OCCURRENCES

COLUMN 17 PEAK WIND IN M.P.H.

PRELIMINARY LOCAL CLIMATOLOGICAL DATA (WS FORM: F-6) , PAGE 2

                                          STATION:  DANVILLE VA
                                          MONTH:    JUNE
                                          YEAR:     2017
                                          LATITUDE:   36 34 N
                                          LONGITUDE:  79 20 W

[TEMPERATURE DATA]      [PRECIPITATION DATA]       SYMBOLS USED IN COLUMN 16

AVERAGE MONTHLY: 72.9   TOTAL FOR MONTH:   4.26    1 = FOG OR MIST
DPTR FM NORMAL:  -1.0   DPTR FM NORMAL:    1.48    2 = FOG REDUCING VISIBILITY
HIGHEST:    89 ON 14,13 GRTST 24HR  2.17 ON 16-16      TO 1/4 MILE OR LESS
LOWEST:     50 ON  9                               3 = THUNDER
                        SNOW, ICE PELLETS, HAIL    4 = ICE PELLETS
                        TOTAL MONTH:   0.0 INCH    5 = HAIL
                        GRTST 24HR     0.0         6 = FREEZING RAIN OR DRIZZLE
                        GRTST DEPTH:   0           7 = DUSTSTORM OR SANDSTORM:
                                                       VSBY 1/2 MILE OR LESS
                                                   8 = SMOKE OR HAZE
[NO. OF DAYS WITH]      [WEATHER - DAYS WITH]      9 = BLOWING SNOW
                                                   X = TORNADO
MAX 32 OR BELOW:   0    0.01 INCH OR MORE:   6
MAX 90 OR ABOVE:   0    0.10 INCH OR MORE:   4
MIN 32 OR BELOW:   0    0.50 INCH OR MORE:   4
MIN  0 OR BELOW:   0    1.00 INCH OR MORE:   1

[HDD (BASE 65) ]
TOTAL THIS MO.     3    CLEAR  (SCALE 0-3)  12
DPTR FM NORMAL     3    PTCLDY (SCALE 4-7)   9
TOTAL FM JUL 1  3145    CLOUDY (SCALE 8-10)  0
DPTR FM NORMAL  -666

[CDD (BASE 65) ]
TOTAL THIS MO.   173
DPTR FM NORMAL   -13    [PRESSURE DATA]
TOTAL FM JAN 1   369    HIGHEST SLP M ON M
DPTR FM NORMAL    39    LOWEST  SLP 29.73 ON  5

[REMARKS]
