000
CXUS51 KILN 190528
CF6DAY
PRELIMINARY LOCAL CLIMATOLOGICAL DATA (WS FORM: F-6)
STATION: DAYTON OH
MONTH: APRIL
YEAR: 2024
LATITUDE: 39 54 N
LONGITUDE: 84 12 W
TEMPERATURE IN F: :PCPN: SNOW: WIND :SUNSHINE: SKY :PK WND
================================================================================
1 2 3 4 5 6A 6B 7 8 9 10 11 12 13 14 15 16 17 18
12Z AVG MX 2MIN
DY MAX MIN AVG DEP HDD CDD WTR SNW DPTH SPD SPD DIR MIN PSBL S-S WX SPD DR
================================================================================
1 65 48 57 9 8 0 0.16 0.0 0 10.2 33 300 M M 10 13 51 290
2 69 48 59 11 6 0 1.34 0.0 0 12.7 31 310 M M 9 13 39 200
3 49 36 43 -6 22 0 0.07 T 0 16.3 29 250 M M 9 1 44 230
4 47 35 41 -8 24 0 0.08 T 0 14.5 24 290 M M 9 1 33 280
5 49 36 43 -7 22 0 T 0.0 0 10.6 20 340 M M 8 27 340
6 56 32 44 -6 21 0 0.00 0.0 0 6.3 16 360 M M 3 22 20
7 62 35 49 -1 16 0 0.04 0.0 0 10.7 21 120 M M 4 28 140
8 75 48 62 11 3 0 0.02 0.0 0 9.5 18 120 M M 7 3 23 120
9 70 57 64 13 1 0 0.09 0.0 0 11.6 20 200 M M 9 1 28 200
10 62 57 60 8 5 0 0.62 0.0 0 6.7 13 140 M M 10 1 18 150
11 67 49 58 6 7 0 0.83 0.0 0 12.8 26 300 M M 10 1 37 300
12 59 48 54 2 11 0 0.15 0.0 0 17.7 35 280 M M 9 13 52 290
13 66 43 55 2 10 0 0.00 0.0 0 11.7 22 280 M M 0 29 260
14 81 55 68 15 0 3 0.00 0.0 0 16.1 29 240 M M 2 38 240
15 78 58 68 14 0 3 0.00 0.0 0 6.3 12 10 M M 3 26 20
16 84 52 68 14 0 3 T 0.0 0 10.3 20 180 M M 6 30 190
17 79 59 69 15 0 4 0.08 0.0 0 17.5 37 220 M M 8 13 48 230
18 75 47 61 6 4 0 0.00 0.0 0 7.1 18 300 M M 5 23 290
================================================================================
SM 1193 843 160 13 3.48 T 208.6 M 121
================================================================================
AV 66.3 46.8 11.6 FASTST M M 7 MAX(MPH)
MISC ----> 37 220 52 290
================================================================================
NOTES:
# LAST OF SEVERAL OCCURRENCES
COLUMN 17 PEAK WIND IN M.P.H.
PRELIMINARY LOCAL CLIMATOLOGICAL DATA (WS FORM: F-6) , PAGE 2
STATION: DAYTON OH
MONTH: APRIL
YEAR: 2024
LATITUDE: 39 54 N
LONGITUDE: 84 12 W
[TEMPERATURE DATA] [PRECIPITATION DATA] SYMBOLS USED IN COLUMN 16
AVERAGE MONTHLY: 56.6 TOTAL FOR MONTH: 3.48 1 = FOG OR MIST
DPTR FM NORMAL: 5.2 DPTR FM NORMAL: 0.89 2 = FOG REDUCING VISIBILITY
HIGHEST: 84 ON 16 GRTST 24HR 1.46 ON 1- 2 TO 1/4 MILE OR LESS
LOWEST: 32 ON 6 3 = THUNDER
SNOW, ICE PELLETS, HAIL 4 = ICE PELLETS
TOTAL MONTH: T 5 = HAIL
GRTST 24HR T ON 3- 3 6 = FREEZING RAIN OR DRIZZLE
GRTST DEPTH: 0 7 = DUSTSTORM OR SANDSTORM:
VSBY 1/2 MILE OR LESS
8 = SMOKE OR HAZE
[NO. OF DAYS WITH] [WEATHER - DAYS WITH] 9 = BLOWING SNOW
X = TORNADO
MAX 32 OR BELOW: 0 0.01 INCH OR MORE: 11
MAX 90 OR ABOVE: 0 0.10 INCH OR MORE: 5
MIN 32 OR BELOW: 1 0.50 INCH OR MORE: 3
MIN 0 OR BELOW: 0 1.00 INCH OR MORE: 1
[HDD (BASE 65) ]
TOTAL THIS MO. 160 CLEAR (SCALE 0-3) 3
DPTR FM NORMAL -91 PTCLDY (SCALE 4-7) 5
TOTAL FM JUL 1 4063 CLOUDY (SCALE 8-10) 10
DPTR FM NORMAL -844
[CDD (BASE 65) ]
TOTAL THIS MO. 13
DPTR FM NORMAL 13 [PRESSURE DATA]
TOTAL FM JAN 1 13 HIGHEST SLP M ON M
DPTR FM NORMAL 11 LOWEST SLP 29.27 ON 11
[REMARKS]