000
CXUS55 KDVN 161100
CF6DBQ
PRELIMINARY LOCAL CLIMATOLOGICAL DATA (WS FORM: F-6)

                                          STATION:   DUBUQUE IA
                                          MONTH:     JANUARY
                                          YEAR:      2017
                                          LATITUDE:   42 24 N
                                          LONGITUDE:  90 42 W

  TEMPERATURE IN F:       :PCPN:    SNOW:  WIND      :SUNSHINE: SKY     :PK WND
================================================================================
1   2   3   4   5  6A  6B    7    8   9   10  11  12  13   14  15   16   17  18
                                     12Z  AVG MX 2MIN
DY MAX MIN AVG DEP HDD CDD  WTR  SNW DPTH SPD SPD DIR MIN PSBL S-S WX    SPD DR
================================================================================

 1  36  12  24   5  41   0 0.00  0.0    1  8.0 16 210   M    M   1        20 210
 2  35  27  31  12  34   0 0.04  0.0    1  7.8 16 110   M    M   9 128    22 100
 3  34   7  21   2  44   0 0.01  0.0    1 15.1 26 320   M    M   7 12     35 290
 4   8   2   5 -14  60   0 0.00  0.0    T 17.2 26 300   M    M   1        32 300
 5   8  -2   3 -16  62   0    T    T    T 11.0 20 330   M    M   4        24 300
 6   4  -6  -1 -20  66   0 0.00  0.0    T  8.1 15 300   M    M   1        19 300
 7  15   0   8 -11  57   0 0.00  0.0    T 10.9 21 300   M    M   1        25 290
 8  18  -4   7 -12  58   0 0.00  0.0    T 11.7 24 180   M    M   3        30 170
 9  29  18  24   5  41   0 0.01  0.1    T 11.1 23 160   M    M   5 18     26 160
10  42  19  31  12  34   0 0.38  0.0    T 20.7 41 280   M    M   8 1      53 270
11  34  17  26   7  39   0 0.00  0.0    T 13.6 22  20   M    M   7 18     30  30
12  22  11  17  -2  48   0 0.01  0.1    T 11.3 21  30   M    M   6 18     26  30
13  17   8  13  -6  52   0 0.00  0.0    T  9.1 18 350   M    M   4        22 350
14  31  14  23   4  42   0 0.00  0.0    T  5.4 13  20   M    M   5        16  50
15  31  14  23   4  42   0 0.00  0.0    T  2.8  7 130   M    M   0         8 140
================================================================================
SM  364  137       720   0  0.45     0.2 163.8          M       62
================================================================================
AV 24.3  9.1                              10.9 FASTST   M    M   4    MAX(MPH)
                                 MISC ---->  # 41 280               # 53  270
================================================================================
NOTES:
# LAST OF SEVERAL OCCURRENCES

COLUMN 17 PEAK WIND IN M.P.H.

PRELIMINARY LOCAL CLIMATOLOGICAL DATA (WS FORM: F-6) , PAGE 2

                                          STATION:  DUBUQUE IA
                                          MONTH:    JANUARY
                                          YEAR:     2017
                                          LATITUDE:   42 24 N
                                          LONGITUDE:  90 42 W

[TEMPERATURE DATA]      [PRECIPITATION DATA]       SYMBOLS USED IN COLUMN 16

AVERAGE MONTHLY: 16.7   TOTAL FOR MONTH:   0.45    1 = FOG OR MIST
DPTR FM NORMAL:  -2.3   DPTR FM NORMAL:   -0.12    2 = FOG REDUCING VISIBILITY
HIGHEST:    42 ON 10    GRTST 24HR  0.39 ON  9-10      TO 1/4 MILE OR LESS
LOWEST:     -6 ON  6                               3 = THUNDER
                        SNOW, ICE PELLETS, HAIL    4 = ICE PELLETS
                        TOTAL MONTH:   0.2 INCH    5 = HAIL
                        GRTST 24HR   0.1 ON   M    6 = FREEZING RAIN OR DRIZZLE
                        GRTST DEPTH:   1 ON  3, 2  7 = DUSTSTORM OR SANDSTORM:
                                                       VSBY 1/2 MILE OR LESS
                                                   8 = SMOKE OR HAZE
[NO. OF DAYS WITH]      [WEATHER - DAYS WITH]      9 = BLOWING SNOW
                                                   X = TORNADO
MAX 32 OR BELOW:  10    0.01 INCH OR MORE:   5
MAX 90 OR ABOVE:   0    0.10 INCH OR MORE:   1
MIN 32 OR BELOW:  15    0.50 INCH OR MORE:   0
MIN  0 OR BELOW:   4    1.00 INCH OR MORE:   0

[HDD (BASE 65) ]
TOTAL THIS MO.   720    CLEAR  (SCALE 0-3)   6
DPTR FM NORMAL    30    PTCLDY (SCALE 4-7)   8
TOTAL FM JUL 1  3067    CLOUDY (SCALE 8-10)  1
DPTR FM NORMAL  -433

[CDD (BASE 65) ]
TOTAL THIS MO.     0
DPTR FM NORMAL     0    [PRESSURE DATA]
TOTAL FM JAN 1     0    HIGHEST SLP M ON M
DPTR FM NORMAL     0    LOWEST  SLP 29.23 ON 10

[REMARKS]
