000
CXUS53 KILX 220900
CF6DEC
PRELIMINARY LOCAL CLIMATOLOGICAL DATA (WS FORM: F-6)

                                          STATION:   DECATUR IL AIRPORT
                                          MONTH:     OCTOBER
                                          YEAR:      2014
                                          LATITUDE:   39 49 N
                                          LONGITUDE:  88 51 W

  TEMPERATURE IN F:       :PCPN:    SNOW:  WIND      :SUNSHINE: SKY     :PK WND
================================================================================
1   2   3   4   5  6A  6B    7    8   9   10  11  12  13   14  15   16   17  18
                                     12Z  AVG MX 2MIN
DY MAX MIN AVG DEP HDD CDD  WTR  SNW DPTH SPD SPD DIR MIN PSBL S-S WX    SPD DR
================================================================================

 1  83  50  67   7   0   2 0.35    M    M  8.7 17 260   M    M   2 1      23 250
 2  74  65  70  11   0   5 1.80    M    M  9.1 22 210   M    M   5 13     29 200
 3  65  44  55  -4  10   0 0.40    M    M 14.5 26 290   M    M   9 1      35 290
 4  52  39  46 -13  19   0 0.00    M    M 13.3 24 260   M    M   7        35 280
 5  66  38  52  -6  13   0 0.01    M    M  6.9 15 230   M    M   6        19 240
 6  68  46  57  -1   8   0 0.04    M    M  9.7 22 250   M    M   3 1      30 240
 7  73  51  62   5   3   0 0.11    M    M 10.1 23 280   M    M   6 1      29 260
 8  70  47  59   2   6   0 0.00    M    M  5.0 15 260   M    M   0 8      19 260
 9  58  50  54  -3  11   0 0.06    M    M  5.0 12  60   M    M  10 1      14  50
10  56  46  51  -5  14   0 0.00    M    M  9.9 16  40   M    M   7        20  30
11  60  37  49  -7  16   0 0.00    M    M  7.0 14  70   M    M   0        17  70
12  61  36  49  -7  16   0 0.04    M    M  8.0 14 130   M    M   8 18     18 130
13  71  61  66  11   0   1 1.31    M    M 12.1 38 160   M    M   9 12     63 200
14  64  56  60   5   5   0 0.06    M    M  9.2 20 200   M    M   9 1      26 200
15  56  52  54  -1  11   0 0.18    M    M 10.3 20 350   M    M   8 1      25 350
16  64  52  58   4   7   0 0.00    M    M  7.7 13 210   M    M   6 1      18 170
17  64  52  58   4   7   0 0.00    M    M 11.9 22 280   M    M   5        29 320
18  54  48  51  -3  14   0 0.00    M    M 10.1 17 360   M    M   9        24 360
19  60  38  49  -4  16   0 0.00    M    M  6.8 15 220   M    M   4        18 220
20  69  47  58   5   7   0 0.00    M    M 10.0 20 310   M    M   1        26 320
21  61  38  50  -3  15   0 0.00    M    M  7.7 15  40   M    M   0 12     20  10
================================================================================
SM 1349  993       198   8  4.36    M    193.0          M      114
================================================================================
AV 64.2 47.3                               9.2 FASTST   M    M   5    MAX(MPH)
                                 MISC ---->  # 38 160               # 63  200
================================================================================
NOTES:
# LAST OF SEVERAL OCCURRENCES

COLUMN 17 PEAK WIND IN M.P.H.

PRELIMINARY LOCAL CLIMATOLOGICAL DATA (WS FORM: F-6) , PAGE 2

                                          STATION:  DECATUR IL AIRPORT
                                          MONTH:    OCTOBER
                                          YEAR:     2014
                                          LATITUDE:   39 49 N
                                          LONGITUDE:  88 51 W

[TEMPERATURE DATA]      [PRECIPITATION DATA]       SYMBOLS USED IN COLUMN 16

AVERAGE MONTHLY: 55.8   TOTAL FOR MONTH:   4.36    1 = FOG OR MIST
DPTR FM NORMAL:  -0.3   DPTR FM NORMAL:    2.24    2 = FOG REDUCING VISIBILITY
HIGHEST:    83 ON  1    GRTST 24HR  2.11 ON  1- 2      TO 1/4 MILE OR LESS
LOWEST:     36 ON 12                               3 = THUNDER
                        SNOW, ICE PELLETS, HAIL    4 = ICE PELLETS
                        TOTAL MONTH:    M          5 = HAIL
                        GRTST 24HR    M  ON   M    6 = FREEZING RAIN OR DRIZZLE
                        GRTST DEPTH:  M  ON   M    7 = DUSTSTORM OR SANDSTORM:
                                                       VSBY 1/2 MILE OR LESS
                                                   8 = SMOKE OR HAZE
[NO. OF DAYS WITH]      [WEATHER - DAYS WITH]      9 = BLOWING SNOW
                                                   X = TORNADO
MAX 32 OR BELOW:   0    0.01 INCH OR MORE:  11
MAX 90 OR ABOVE:   0    0.10 INCH OR MORE:   6
MIN 32 OR BELOW:   0    0.50 INCH OR MORE:   2
MIN  0 OR BELOW:   0    1.00 INCH OR MORE:   2

[HDD (BASE 65) ]
TOTAL THIS MO.   198    CLEAR  (SCALE 0-3)   5
DPTR FM NORMAL    -6    PTCLDY (SCALE 4-7)   9
TOTAL FM JUL 1   287    CLOUDY (SCALE 8-10)  7
DPTR FM NORMAL    10

[CDD (BASE 65) ]
TOTAL THIS MO.     8
DPTR FM NORMAL    -6    [PRESSURE DATA]
TOTAL FM JAN 1  1005    HIGHEST SLP M ON M
DPTR FM NORMAL   -38    LOWEST  SLP 29.42 ON 14

[REMARKS]
