000
CXUS56 KOTX 220900
CF6DEW
PRELIMINARY LOCAL CLIMATOLOGICAL DATA (WS FORM: F-6)

                                          STATION:   DEER_PARK WA AIRPORT
                                          MONTH:     JANUARY
                                          YEAR:      2017
                                          LATITUDE:   47 58 N
                                          LONGITUDE: 117 25 W

  TEMPERATURE IN F:       :PCPN:    SNOW:  WIND      :SUNSHINE: SKY     :PK WND
================================================================================
1   2   3   4   5  6A  6B    7    8   9   10  11  12  13   14  15   16   17  18
                                     12Z  AVG MX 2MIN
DY MAX MIN AVG DEP HDD CDD  WTR  SNW DPTH SPD SPD DIR MIN PSBL S-S WX    SPD DR
================================================================================

 1  25  18  22  -3  43   0 0.25    M    M 12.0 26  40   M    M  10 18     34  30
 2  20   5  13 -12  52   0 0.00    M    M 13.1 20  30   M    M   3        24  10
 3  16   6  11 -14  54   0 0.00    M    M 10.9 15  20   M    M   8        20  20
 4  17  -9   4 -22  61   0 0.00    M    M  9.3 21  30   M    M   0 8      25  30
 5  10 -19  -4 -30  69   0 0.00    M    M  1.2  6 290   M    M   2         7  10
 6  21  -5   8 -18  57   0 0.00    M    M  3.3  8  40   M    M   2        10  40
 7  20  -7   7 -19  58   0 0.08    M    M  5.8 15  30   M    M   4 1      20  10
 8  27  17  22  -4  43   0 0.17    M    M 10.6 28  40   M    M   7 1      33  30
 9  27  19  23  -3  42   0 0.06    M    M  2.2 15 210   M    M  10 1      19 210
10  30  10  20  -6  45   0 0.00    M    M  6.3 13 360   M    M   6 1      16 320
11  21 -13   4 -23  61   0 0.00    M    M  6.4 14  10   M    M   0 18     18  20
12  17 -13   2 -25  63   0 0.00  0.0    0  1.5  7 330   M    M   7         8 310
13  19  -1   9 -18  56   0 0.00    M    M  0.8  6 240   M    M  10         6 310
14  22  -2  10 -17  55   0 0.00    M    M  0.5  6 330   M    M   2 128     6 330
15  14  -5   5 -22  60   0 0.00  0.0    M  0.9  5 150   M    M   5 128     5 170
16  17  -5   6 -22  59   0 0.00    M    M  0.8  7 290   M    M   6 128     8 300
17  30   8  19  -9  46   0 0.16    M    M  1.2  7  40   M    M   9 18      9  50
18  36  29  33   5  32   0 0.79    M    M  2.7  8 360   M    M  10 16     10 350
19  39  23  31   3  34   0 0.13    M    0  2.6 10 190   M    M   7 12     17 160
20  42  23  33   5  32   0 0.01    M    M  9.4 16  40   M    M   5 16     19  40
21  39  31  35   7  30   0 0.03    M    M  6.9 13  20   M    M   9 1      14  30
================================================================================
SM  509  110      1052   0  1.68     0.0 108.4          M      122
================================================================================
AV 24.2  5.2                               5.2 FASTST   M    M   6    MAX(MPH)
                                 MISC ---->  # 28  40               # 34   30
================================================================================
NOTES:
# LAST OF SEVERAL OCCURRENCES

COLUMN 17 PEAK WIND IN M.P.H.

PRELIMINARY LOCAL CLIMATOLOGICAL DATA (WS FORM: F-6) , PAGE 2

                                          STATION:  DEER_PARK WA AIRPORT
                                          MONTH:    JANUARY
                                          YEAR:     2017
                                          LATITUDE:   47 58 N
                                          LONGITUDE: 117 25 W

[TEMPERATURE DATA]      [PRECIPITATION DATA]       SYMBOLS USED IN COLUMN 16

AVERAGE MONTHLY: 14.7   TOTAL FOR MONTH:   1.68    1 = FOG OR MIST
DPTR FM NORMAL: -11.9   DPTR FM NORMAL:   -0.29    2 = FOG REDUCING VISIBILITY
HIGHEST:    42 ON 20    GRTST 24HR  0.86 ON 17-18      TO 1/4 MILE OR LESS
LOWEST:    -19 ON  5                               3 = THUNDER
                        SNOW, ICE PELLETS, HAIL    4 = ICE PELLETS
                        TOTAL MONTH:   0.0 INCH    5 = HAIL
                        GRTST 24HR     0.0         6 = FREEZING RAIN OR DRIZZLE
                        GRTST DEPTH:   0           7 = DUSTSTORM OR SANDSTORM:
                                                       VSBY 1/2 MILE OR LESS
                                                   8 = SMOKE OR HAZE
[NO. OF DAYS WITH]      [WEATHER - DAYS WITH]      9 = BLOWING SNOW
                                                   X = TORNADO
MAX 32 OR BELOW:  17    0.01 INCH OR MORE:   9
MAX 90 OR ABOVE:   0    0.10 INCH OR MORE:   5
MIN 32 OR BELOW:  21    0.50 INCH OR MORE:   1
MIN  0 OR BELOW:  10    1.00 INCH OR MORE:   0

[HDD (BASE 65) ]
TOTAL THIS MO.  1052    CLEAR  (SCALE 0-3)   5
DPTR FM NORMAL   247    PTCLDY (SCALE 4-7)   9
TOTAL FM JUL 1  4054    CLOUDY (SCALE 8-10)  7
DPTR FM NORMAL    22

[CDD (BASE 65) ]
TOTAL THIS MO.     0
DPTR FM NORMAL     0    [PRESSURE DATA]
TOTAL FM JAN 1     0    HIGHEST SLP M ON M
DPTR FM NORMAL     0    LOWEST  SLP 29.24 ON 20

[REMARKS]
