000
CXUS56 KOTX 280900
CF6DEW
PRELIMINARY LOCAL CLIMATOLOGICAL DATA (WS FORM: F-6)

                                          STATION:   DEER_PARK WA AIRPORT
                                          MONTH:     MAY
                                          YEAR:      2017
                                          LATITUDE:   47 58 N
                                          LONGITUDE: 117 25 W

  TEMPERATURE IN F:       :PCPN:    SNOW:  WIND      :SUNSHINE: SKY     :PK WND
================================================================================
1   2   3   4   5  6A  6B    7    8   9   10  11  12  13   14  15   16   17  18
                                     12Z  AVG MX 2MIN
DY MAX MIN AVG DEP HDD CDD  WTR  SNW DPTH SPD SPD DIR MIN PSBL S-S WX    SPD DR
================================================================================

 1  52  34  43  -5  22   0    T    M    M  7.7 20 240   M    M   7 12     25 210
 2  60  34  47  -1  18   0 0.00    M    M  3.1 14 190   M    M   6 128    17 190
 3  67  35  51   2  14   0 0.00    M    M  3.2 10  20   M    M   7        13 170
 4  82  50  66  17   0   1 0.00    M    M  7.4 21 240   M    M   0        30 250
 5  68  52  60  11   5   0 0.29    M    M  9.0 20 260   M    M   6 13     22 240
 6  53  39  46  -3  19   0 0.07    M    M  6.0 14 190   M    M   9 1      19 170
 7  62  36  49  -1  16   0 0.00    M    M  4.5 15 220   M    M   5        20 200
 8  64  29  47  -3  18   0 0.00    M    M  2.3  9 240   M    M   2        12 200
 9  71  35  53   3  12   0 0.00    M    M  2.8  9 230   M    M   1        12 170
10  75  37  56   6   9   0 0.00    M    M  2.7 12 190   M    M   0        16 220
11  70  47  59   8   6   0 0.24    M    M  9.5 20 260   M    M   3 13     28 270
12  52  32  42  -9  23   0 0.02    M    M  9.0 16 210   M    M   6 3      24 200
13  56  28  42  -9  23   0 0.05    M    M  6.9 24 220   M    M   3        31 230
14  55  30  43  -9  22   0 0.00  0.0    M  4.9 21 200   M    M   6        25 200
15  55  27  41 -11  24   0 0.05    M    M  3.9 23 250   M    M   5        30 250
16  49  41  45  -7  20   0 0.73    M    M  6.9 15  50   M    M   9 1      18  50
17  60  39  50  -2  15   0 0.31    M    M  3.2 26  20   M    M  10 18     34  20
18  65  42  54   1  11   0 0.00    M    M  2.9 13 220   M    M   8        16 210
19  69  37  53   0  12   0 0.00    M    M  3.4 14 240   M    M   4        18 230
20  68  45  57   4   8   0 0.08    M    M  3.9 16  30   M    M   5 1      19  30
21  79  39  59   5   6   0 0.00    M    M  4.2 13 220   M    M   0 1      15 240
22  82  45  64  10   1   0 0.00    M    M  2.2  8 190   M    M   0        11 260
23  83  44  64  10   1   0 0.00    M    M  7.7 25 240   M    M   1        34 250
24  64  41  53  -1  12   0 0.00    M    M 11.5 23 320   M    M   3        31 300
25  65  39  52  -2  13   0 0.00    M    M  4.7 14 260   M    M   2        17 260
26  76  38  57   2   8   0 0.00    M    M  4.6 15 230   M    M   0        20 250
27  80  42  61   6   4   0 0.00    M    M  3.6 10 270   M    M   0        15 160
================================================================================
SM 1782 1037       342   1  1.84     0.0 141.7          M      108
================================================================================
AV 66.0 38.4                               5.2 FASTST   M    M   4    MAX(MPH)
                                 MISC ---->  # 26  20               # 34   20
================================================================================
NOTES:
# LAST OF SEVERAL OCCURRENCES

COLUMN 17 PEAK WIND IN M.P.H.

PRELIMINARY LOCAL CLIMATOLOGICAL DATA (WS FORM: F-6) , PAGE 2

                                          STATION:  DEER_PARK WA AIRPORT
                                          MONTH:    MAY
                                          YEAR:     2017
                                          LATITUDE:   47 58 N
                                          LONGITUDE: 117 25 W

[TEMPERATURE DATA]      [PRECIPITATION DATA]       SYMBOLS USED IN COLUMN 16

AVERAGE MONTHLY: 52.2   TOTAL FOR MONTH:   1.84    1 = FOG OR MIST
DPTR FM NORMAL:   0.6   DPTR FM NORMAL:    0.27    2 = FOG REDUCING VISIBILITY
HIGHEST:    83 ON 23    GRTST 24HR  0.73 ON 16-16      TO 1/4 MILE OR LESS
LOWEST:     27 ON 15                               3 = THUNDER
                        SNOW, ICE PELLETS, HAIL    4 = ICE PELLETS
                        TOTAL MONTH:   0.0 INCH    5 = HAIL
                        GRTST 24HR     0.0         6 = FREEZING RAIN OR DRIZZLE
                        GRTST DEPTH:  M  ON   M    7 = DUSTSTORM OR SANDSTORM:
                                                       VSBY 1/2 MILE OR LESS
                                                   8 = SMOKE OR HAZE
[NO. OF DAYS WITH]      [WEATHER - DAYS WITH]      9 = BLOWING SNOW
                                                   X = TORNADO
MAX 32 OR BELOW:   0    0.01 INCH OR MORE:   9
MAX 90 OR ABOVE:   0    0.10 INCH OR MORE:   4
MIN 32 OR BELOW:   5    0.50 INCH OR MORE:   1
MIN  0 OR BELOW:   0    1.00 INCH OR MORE:   0

[HDD (BASE 65) ]
TOTAL THIS MO.   342    CLEAR  (SCALE 0-3)  10
DPTR FM NORMAL   -22    PTCLDY (SCALE 4-7)  14
TOTAL FM JUL 1  7315    CLOUDY (SCALE 8-10)  3
DPTR FM NORMAL   140

[CDD (BASE 65) ]
TOTAL THIS MO.     1
DPTR FM NORMAL     1    [PRESSURE DATA]
TOTAL FM JAN 1     1    HIGHEST SLP M ON M
DPTR FM NORMAL     1    LOWEST  SLP 29.52 ON 16

[REMARKS]
