000
CXUS53 KIWX 300800
CF6DFI
PRELIMINARY LOCAL CLIMATOLOGICAL DATA (WS FORM: F-6)

                                          STATION:   DEFIANCE MEMORIAL
                                          MONTH:     JULY
                                          YEAR:      2015
                                          LATITUDE:   41 20 N
                                          LONGITUDE:  84 26 W

  TEMPERATURE IN F:       :PCPN:    SNOW:  WIND      :SUNSHINE: SKY     :PK WND
================================================================================
1   2   3   4   5  6A  6B    7    8   9   10  11  12  13   14  15   16   17  18
                                     12Z  AVG MX 2MIN
DY MAX MIN AVG DEP HDD CDD  WTR  SNW DPTH SPD SPD DIR MIN PSBL S-S WX    SPD DR
================================================================================

 1  76  59  68  -4   0   3 0.00  0.0    0  6.3 15 310   M    M   4 1      20 320
 2  75  60  68  -4   0   3 0.00  0.0    0  6.8 14  80   M    M   5 1      18  60
 3  77  57  67  -5   0   2 0.00  0.0    0  4.4 10 120   M    M   0 1      15 100
 4  81  55  68  -4   0   3 0.00  0.0    0  2.0  8 300   M    M   1 1      12 300
 5  83  58  71  -2   0   6 0.00  0.0    0  2.2  9 110   M    M   0 18     13 100
 6  86  58  72  -1   0   7 0.00  0.0    0  5.0 14 200   M    M   1 18     17 200
 7  79  62  71  -2   0   6 0.46  0.0    0  8.2 16 290   M    M   7 138    23 290
 8  72  58  65  -8   0   0 0.05  0.0    0  4.4 12  60   M    M   7 18     16 100
 9  72  62  67  -6   0   2 1.39  0.0    0  5.4 17 360   M    M  10 18     22 360
10  77  63  70  -3   0   5 0.00  0.0    0  1.4  6 110   M    M   7 18      8 110
11  80  58  69  -4   0   4 0.00  0.0    0  1.7  9 180   M    M   2 128    12 190
12  73  66  70  -3   0   5 0.30  0.0    0  5.6 13  90   M    M   9 1      17 110
13  80  61  71  -2   0   6 0.23  0.0    0  5.8 20 220   M    M   7 1238   28 210
14  82  66  74   1   0   9 0.01  0.0    0 10.6 26 300   M    M   4 3      35 290
15  78  59  69  -4   0   4 0.00  0.0    0  7.0 15  30   M    M   0        21  10
16  78  53  66  -7   0   1 0.00  0.0    0  3.8 13 120   M    M   0 1      16 120
17  89  68  79   6   0  14 0.22  0.0    0  6.3 15 210   M    M   5 13     20 220
18  89  69  79   6   0  14 0.39  0.0    0  5.9 20 290   M    M   2 13     29 280
19  88  70  79   6   0  14 0.00  0.0    0  6.5 17 320   M    M   2 13     22 310
20  85  60  73   0   0   8    T  0.0    0  4.5 12 220   M    M   0        19 230
21  81  62  72  -1   0   7 0.00  0.0    0  7.9 17 330   M    M   2        24 340
22  82  55  69  -4   0   4 0.00  0.0    0  2.9 13 300   M    M   0        18 340
23  84  59  72  -1   0   7 0.00  0.0    M  1.2 10  20   M    M   2        13  10
24  88  61  75   2   0  10 0.00  0.0    0  1.2  9 320   M    M   0 1      12 320
25  87  65  76   3   0  11    T  0.0    0  5.0 16 210   M    M   3 18     21 230
26  85  66  76   3   0  11    T  0.0    0  4.0 10  60   M    M   2 128    13  60
27  88  65  77   5   0  12    T  0.0    0  5.1 14  70   M    M   0        18 120
28  92  63  78   6   0  13 0.00  0.0    0  3.6  8 100   M    M   0 1       M  M
29  90  66  78   6   0  13    T  0.0    0  5.4 16 320   M    M   2 138    20 310
================================================================================
SM 2377 1784         0 204  3.05     0.0 140.1          M       84
================================================================================
AV 82.0 61.5                               4.8 FASTST   M    M   3    MAX(MPH)
                                 MISC ---->  # 26 300               # 35  290
================================================================================
NOTES:
# LAST OF SEVERAL OCCURRENCES

COLUMN 17 PEAK WIND IN M.P.H.

PRELIMINARY LOCAL CLIMATOLOGICAL DATA (WS FORM: F-6) , PAGE 2

                                          STATION:  DEFIANCE MEMORIAL
                                          MONTH:    JULY
                                          YEAR:     2015
                                          LATITUDE:   41 20 N
                                          LONGITUDE:  84 26 W

[TEMPERATURE DATA]      [PRECIPITATION DATA]       SYMBOLS USED IN COLUMN 16

AVERAGE MONTHLY: 71.7   TOTAL FOR MONTH:   3.05    1 = FOG OR MIST
DPTR FM NORMAL:  -1.0   DPTR FM NORMAL:   -0.44    2 = FOG REDUCING VISIBILITY
HIGHEST:    92 ON 28    GRTST 24HR  1.44 ON  8- 9      TO 1/4 MILE OR LESS
LOWEST:     53 ON 16                               3 = THUNDER
                        SNOW, ICE PELLETS, HAIL    4 = ICE PELLETS
                        TOTAL MONTH:   0.0 INCH    5 = HAIL
                        GRTST 24HR     0.0         6 = FREEZING RAIN OR DRIZZLE
                        GRTST DEPTH:   0           7 = DUSTSTORM OR SANDSTORM:
                                                       VSBY 1/2 MILE OR LESS
                                                   8 = SMOKE OR HAZE
[NO. OF DAYS WITH]      [WEATHER - DAYS WITH]      9 = BLOWING SNOW
                                                   X = TORNADO
MAX 32 OR BELOW:   0    0.01 INCH OR MORE:   8
MAX 90 OR ABOVE:   2    0.10 INCH OR MORE:   6
MIN 32 OR BELOW:   0    0.50 INCH OR MORE:   1
MIN  0 OR BELOW:   0    1.00 INCH OR MORE:   1

[HDD (BASE 65) ]
TOTAL THIS MO.     0    CLEAR  (SCALE 0-3)  19
DPTR FM NORMAL     0    PTCLDY (SCALE 4-7)   8
TOTAL FM JUL 1     0    CLOUDY (SCALE 8-10)  2
DPTR FM NORMAL     0

[CDD (BASE 65) ]
TOTAL THIS MO.   204
DPTR FM NORMAL   -25    [PRESSURE DATA]
TOTAL FM JAN 1   482    HIGHEST SLP M ON M
DPTR FM NORMAL    61    LOWEST  SLP 29.49 ON 13

[REMARKS]
